185.126.160.110 - - [04/Mar/2026:13:52:22 -0500] "POST /wp-content/plugins/wp-federation-provide/index.php HTTP/1.1" 200 44 "https://thecabinetrefinishing.com" "Mozilla/5.0 (Windows NT 10.0; Win64; x64) AppleWebKit/537.36 (KHTML, like Gecko) Chrome/68.0.2731.18 Safari/537.36"
81.167.26.57 - - [04/Mar/2026:13:52:23 -0500] "GET /5cdadf/?p=/home/thecwrif/lscache/3/1/d HTTP/1.1" 200 3206 "-" "Mozilla/5.0 (compatible; MJ12bot/v1.4.8; http://mj12bot.com/)"
81.167.26.57 - - [04/Mar/2026:13:52:25 -0500] "GET /5cdadf/?p=/home/thecwrif/lscache/3/1/e HTTP/1.1" 200 3217 "-" "Mozilla/5.0 (compatible; MJ12bot/v1.4.8; http://mj12bot.com/)"
81.167.26.57 - - [04/Mar/2026:13:52:26 -0500] "GET /5cdadf/?p=/home/thecwrif/lscache/3/1/f HTTP/1.1" 200 2804 "-" "Mozilla/5.0 (compatible; MJ12bot/v1.4.8; http://mj12bot.com/)"
51.222.95.215 - - [04/Mar/2026:13:52:26 -0500] "GET /products/96376116882 HTTP/1.1" 404 1251 "-" "Mozilla/5.0 (compatible; AhrefsBot/7.0; +http://ahrefs.com/robot/)"
81.167.26.57 - - [04/Mar/2026:13:52:28 -0500] "GET /5cdadf/?p=/home/thecwrif/lscache/3/2/.. HTTP/1.1" 200 484 "-" "Mozilla/5.0 (compatible; MJ12bot/v1.4.8; http://mj12bot.com/)"
81.167.26.57 - - [04/Mar/2026:13:52:30 -0500] "GET /5cdadf/?p=/home/thecwrif/lscache/3/2/0 HTTP/1.1" 200 3140 "-" "Mozilla/5.0 (compatible; MJ12bot/v1.4.8; http://mj12bot.com/)"
81.167.26.57 - - [04/Mar/2026:13:52:31 -0500] "GET /5cdadf/?p=/home/thecwrif/lscache/3/2/1 HTTP/1.1" 200 3528 "-" "Mozilla/5.0 (compatible; MJ12bot/v1.4.8; http://mj12bot.com/)"
81.167.26.57 - - [04/Mar/2026:13:52:33 -0500] "GET /5cdadf/?p=/home/thecwrif/lscache/3/2/2 HTTP/1.1" 200 3498 "-" "Mozilla/5.0 (compatible; MJ12bot/v1.4.8; http://mj12bot.com/)"
81.167.26.57 - - [04/Mar/2026:13:52:35 -0500] "GET /5cdadf/?p=/home/thecwrif/lscache/3/2/3 HTTP/1.1" 200 2638 "-" "Mozilla/5.0 (compatible; MJ12bot/v1.4.8; http://mj12bot.com/)"
81.167.26.57 - - [04/Mar/2026:13:52:36 -0500] "GET /5cdadf/?p=/home/thecwrif/lscache/3/2/4 HTTP/1.1" 200 3084 "-" "Mozilla/5.0 (compatible; MJ12bot/v1.4.8; http://mj12bot.com/)"
81.167.26.57 - - [04/Mar/2026:13:52:38 -0500] "GET /5cdadf/?p=/home/thecwrif/lscache/3/2/5 HTTP/1.1" 200 3193 "-" "Mozilla/5.0 (compatible; MJ12bot/v1.4.8; http://mj12bot.com/)"
81.167.26.57 - - [04/Mar/2026:13:52:39 -0500] "GET /5cdadf/?p=/home/thecwrif/lscache/3/2/6 HTTP/1.1" 200 3178 "-" "Mozilla/5.0 (compatible; MJ12bot/v1.4.8; http://mj12bot.com/)"
91.116.98.37 - - [04/Mar/2026:13:52:37 -0500] "POST /wp-content/plugins/wp-federation-provide/index.php HTTP/1.1" 200 44 "https://thecabinetrefinishing.com" "Mozilla/5.0 (Windows NT 10.0; Win64; x64) AppleWebKit/537.36 (KHTML, like Gecko) Chrome/62.0.3434.129 Safari/537.36"
81.167.26.57 - - [04/Mar/2026:13:52:41 -0500] "GET /5cdadf/?p=/home/thecwrif/lscache/3/2/7 HTTP/1.1" 200 3022 "-" "Mozilla/5.0 (compatible; MJ12bot/v1.4.8; http://mj12bot.com/)"
81.167.26.57 - - [04/Mar/2026:13:52:43 -0500] "GET /5cdadf/?p=/home/thecwrif/lscache/3/2/8 HTTP/1.1" 200 2837 "-" "Mozilla/5.0 (compatible; MJ12bot/v1.4.8; http://mj12bot.com/)"
81.167.26.57 - - [04/Mar/2026:13:52:44 -0500] "GET /5cdadf/?p=/home/thecwrif/lscache/3/2/9 HTTP/1.1" 200 3174 "-" "Mozilla/5.0 (compatible; MJ12bot/v1.4.8; http://mj12bot.com/)"
81.167.26.57 - - [04/Mar/2026:13:52:46 -0500] "GET /5cdadf/?p=/home/thecwrif/lscache/3/2/a HTTP/1.1" 200 3527 "-" "Mozilla/5.0 (compatible; MJ12bot/v1.4.8; http://mj12bot.com/)"
81.167.26.57 - - [04/Mar/2026:13:52:48 -0500] "GET /5cdadf/?p=/home/thecwrif/lscache/3/2/b HTTP/1.1" 200 3016 "-" "Mozilla/5.0 (compatible; MJ12bot/v1.4.8; http://mj12bot.com/)"
81.247.85.241 - - [04/Mar/2026:13:52:49 -0500] "POST /wp-content/plugins/wp-federation-provide/index.php HTTP/1.1" 200 44 "https://thecabinetrefinishing.com" "Mozilla/5.0 (compatible; MSIE 10.6; Windows NT 6.1; Win64; x64; Trident/6.0; .NET CLR 2.0.50727; .NET CLR 3.5.30729; .NET CLR 3.0.30729; Media Center PC 6.0; .NET4.0C; .NET4.0E)"
81.167.26.57 - - [04/Mar/2026:13:52:49 -0500] "GET /5cdadf/?p=/home/thecwrif/lscache/3/2/c HTTP/1.1" 200 3226 "-" "Mozilla/5.0 (compatible; MJ12bot/v1.4.8; http://mj12bot.com/)"
66.249.73.130 - - [04/Mar/2026:13:52:50 -0500] "GET /products/3579790782 HTTP/1.1" 404 1251 "-" "Mozilla/5.0 (Linux; Android 6.0.1; Nexus 5X Build/MMB29P) AppleWebKit/537.36 (KHTML, like Gecko) Chrome/144.0.7559.132 Mobile Safari/537.36 (compatible; Googlebot/2.1; +http://www.google.com/bot.html)"
81.167.26.57 - - [04/Mar/2026:13:52:51 -0500] "GET /5cdadf/?p=/home/thecwrif/lscache/3/2/d HTTP/1.1" 200 3138 "-" "Mozilla/5.0 (compatible; MJ12bot/v1.4.8; http://mj12bot.com/)"
81.167.26.57 - - [04/Mar/2026:13:52:52 -0500] "GET /5cdadf/?p=/home/thecwrif/lscache/3/2/e HTTP/1.1" 200 3402 "-" "Mozilla/5.0 (compatible; MJ12bot/v1.4.8; http://mj12bot.com/)"
81.167.26.57 - - [04/Mar/2026:13:52:54 -0500] "GET /5cdadf/?p=/home/thecwrif/lscache/3/2/f HTTP/1.1" 200 2973 "-" "Mozilla/5.0 (compatible; MJ12bot/v1.4.8; http://mj12bot.com/)"
81.167.26.57 - - [04/Mar/2026:13:52:56 -0500] "GET /5cdadf/?p=/home/thecwrif/lscache/3/3/.. HTTP/1.1" 200 484 "-" "Mozilla/5.0 (compatible; MJ12bot/v1.4.8; http://mj12bot.com/)"
81.167.26.57 - - [04/Mar/2026:13:52:58 -0500] "GET /5cdadf/?p=/home/thecwrif/lscache/3/3/0 HTTP/1.1" 200 3113 "-" "Mozilla/5.0 (compatible; MJ12bot/v1.4.8; http://mj12bot.com/)"
81.167.26.57 - - [04/Mar/2026:13:52:59 -0500] "GET /5cdadf/?p=/home/thecwrif/lscache/3/3/1 HTTP/1.1" 200 3108 "-" "Mozilla/5.0 (compatible; MJ12bot/v1.4.8; http://mj12bot.com/)"
81.167.26.57 - - [04/Mar/2026:13:53:01 -0500] "GET /5cdadf/?p=/home/thecwrif/lscache/3/3/2 HTTP/1.1" 200 2777 "-" "Mozilla/5.0 (compatible; MJ12bot/v1.4.8; http://mj12bot.com/)"
81.167.26.57 - - [04/Mar/2026:13:53:03 -0500] "GET /5cdadf/?p=/home/thecwrif/lscache/3/3/3 HTTP/1.1" 200 3287 "-" "Mozilla/5.0 (compatible; MJ12bot/v1.4.8; http://mj12bot.com/)"
81.167.26.57 - - [04/Mar/2026:13:53:04 -0500] "GET /5cdadf/?p=/home/thecwrif/lscache/3/3/4 HTTP/1.1" 200 3356 "-" "Mozilla/5.0 (compatible; MJ12bot/v1.4.8; http://mj12bot.com/)"
84.192.232.162 - - [04/Mar/2026:13:53:03 -0500] "POST /wp-content/plugins/wp-federation-provide/index.php HTTP/1.1" 200 44 "https://thecabinetrefinishing.com" "Mozilla/5.0 (Windows NT 10.0; WOW64) AppleWebKit/537.36 (KHTML, like Gecko) Chrome/69.0.2499.124 Safari/537.36"
81.167.26.57 - - [04/Mar/2026:13:53:06 -0500] "GET /5cdadf/?p=/home/thecwrif/lscache/3/3/5 HTTP/1.1" 200 3592 "-" "Mozilla/5.0 (compatible; MJ12bot/v1.4.8; http://mj12bot.com/)"
81.167.26.57 - - [04/Mar/2026:13:53:08 -0500] "GET /5cdadf/?p=/home/thecwrif/lscache/3/3/6 HTTP/1.1" 200 3374 "-" "Mozilla/5.0 (compatible; MJ12bot/v1.4.8; http://mj12bot.com/)"
81.167.26.57 - - [04/Mar/2026:13:53:09 -0500] "GET /5cdadf/?p=/home/thecwrif/lscache/3/3/7 HTTP/1.1" 200 3141 "-" "Mozilla/5.0 (compatible; MJ12bot/v1.4.8; http://mj12bot.com/)"
81.167.26.57 - - [04/Mar/2026:13:53:11 -0500] "GET /5cdadf/?p=/home/thecwrif/lscache/3/3/8 HTTP/1.1" 200 3053 "-" "Mozilla/5.0 (compatible; MJ12bot/v1.4.8; http://mj12bot.com/)"
164.127.251.223 - - [04/Mar/2026:13:53:11 -0500] "POST /wp-content/plugins/wp-federation-provide/index.php HTTP/1.1" 200 44 "https://thecabinetrefinishing.com" "Mozilla/5.0 (Windows NT 10.0; Win64; x64) AppleWebKit/537.36 (KHTML, like Gecko) Chrome/65.0.2216.63 Safari/537.36"
81.167.26.57 - - [04/Mar/2026:13:53:13 -0500] "GET /5cdadf/?p=/home/thecwrif/lscache/3/3/9 HTTP/1.1" 200 3273 "-" "Mozilla/5.0 (compatible; MJ12bot/v1.4.8; http://mj12bot.com/)"
91.94.17.146 - - [04/Mar/2026:13:53:14 -0500] "POST /wp-content/plugins/wp-federation-provide/index.php HTTP/1.1" 200 44 "https://thecabinetrefinishing.com" "Mozilla/5.0 (Windows NT 10.0; WOW64) AppleWebKit/537.36 (KHTML, like Gecko) Chrome/64.0.2348.7 Safari/537.36"
81.167.26.57 - - [04/Mar/2026:13:53:15 -0500] "GET /5cdadf/?p=/home/thecwrif/lscache/3/3/a HTTP/1.1" 200 3172 "-" "Mozilla/5.0 (compatible; MJ12bot/v1.4.8; http://mj12bot.com/)"
81.167.26.57 - - [04/Mar/2026:13:53:16 -0500] "GET /5cdadf/?p=/home/thecwrif/lscache/3/3/b HTTP/1.1" 200 3345 "-" "Mozilla/5.0 (compatible; MJ12bot/v1.4.8; http://mj12bot.com/)"
81.167.26.57 - - [04/Mar/2026:13:53:18 -0500] "GET /5cdadf/?p=/home/thecwrif/lscache/3/3/c HTTP/1.1" 200 3652 "-" "Mozilla/5.0 (compatible; MJ12bot/v1.4.8; http://mj12bot.com/)"
81.167.26.57 - - [04/Mar/2026:13:53:20 -0500] "GET /5cdadf/?p=/home/thecwrif/lscache/3/3/d HTTP/1.1" 200 2807 "-" "Mozilla/5.0 (compatible; MJ12bot/v1.4.8; http://mj12bot.com/)"
81.167.26.57 - - [04/Mar/2026:13:53:21 -0500] "GET /5cdadf/?p=/home/thecwrif/lscache/3/3/e HTTP/1.1" 200 3412 "-" "Mozilla/5.0 (compatible; MJ12bot/v1.4.8; http://mj12bot.com/)"
81.167.26.57 - - [04/Mar/2026:13:53:23 -0500] "GET /5cdadf/?p=/home/thecwrif/lscache/3/3/f HTTP/1.1" 200 3517 "-" "Mozilla/5.0 (compatible; MJ12bot/v1.4.8; http://mj12bot.com/)"
81.167.26.57 - - [04/Mar/2026:13:53:25 -0500] "GET /5cdadf/?p=/home/thecwrif/lscache/3/4/.. HTTP/1.1" 200 484 "-" "Mozilla/5.0 (compatible; MJ12bot/v1.4.8; http://mj12bot.com/)"
81.167.26.57 - - [04/Mar/2026:13:53:26 -0500] "GET /5cdadf/?p=/home/thecwrif/lscache/3/4/0 HTTP/1.1" 200 3235 "-" "Mozilla/5.0 (compatible; MJ12bot/v1.4.8; http://mj12bot.com/)"
81.167.26.57 - - [04/Mar/2026:13:53:28 -0500] "GET /5cdadf/?p=/home/thecwrif/lscache/3/4/1 HTTP/1.1" 200 2816 "-" "Mozilla/5.0 (compatible; MJ12bot/v1.4.8; http://mj12bot.com/)"
81.167.26.57 - - [04/Mar/2026:13:53:29 -0500] "GET /5cdadf/?p=/home/thecwrif/lscache/3/4/2 HTTP/1.1" 200 2976 "-" "Mozilla/5.0 (compatible; MJ12bot/v1.4.8; http://mj12bot.com/)"
81.167.26.57 - - [04/Mar/2026:13:53:31 -0500] "GET /5cdadf/?p=/home/thecwrif/lscache/3/4/3 HTTP/1.1" 200 3084 "-" "Mozilla/5.0 (compatible; MJ12bot/v1.4.8; http://mj12bot.com/)"
81.167.26.57 - - [04/Mar/2026:13:53:33 -0500] "GET /5cdadf/?p=/home/thecwrif/lscache/3/4/4 HTTP/1.1" 200 3100 "-" "Mozilla/5.0 (compatible; MJ12bot/v1.4.8; http://mj12bot.com/)"
81.167.26.57 - - [04/Mar/2026:13:53:34 -0500] "GET /5cdadf/?p=/home/thecwrif/lscache/3/4/5 HTTP/1.1" 200 3358 "-" "Mozilla/5.0 (compatible; MJ12bot/v1.4.8; http://mj12bot.com/)"
81.167.26.57 - - [04/Mar/2026:13:53:36 -0500] "GET /5cdadf/?p=/home/thecwrif/lscache/3/4/6 HTTP/1.1" 200 3195 "-" "Mozilla/5.0 (compatible; MJ12bot/v1.4.8; http://mj12bot.com/)"
37.66.144.221 - - [04/Mar/2026:13:53:37 -0500] "POST /wp-content/plugins/wp-federation-provide/index.php HTTP/1.1" 200 44 "https://thecabinetrefinishing.com" "Mozilla/5.0 (Windows NT 10.0) AppleWebKit/537.36 (KHTML, like Gecko) Chrome/68.0.3233.129 Safari/537.36"
81.167.26.57 - - [04/Mar/2026:13:53:37 -0500] "GET /5cdadf/?p=/home/thecwrif/lscache/3/4/7 HTTP/1.1" 200 3318 "-" "Mozilla/5.0 (compatible; MJ12bot/v1.4.8; http://mj12bot.com/)"
81.167.26.57 - - [04/Mar/2026:13:53:39 -0500] "GET /5cdadf/?p=/home/thecwrif/lscache/3/4/8 HTTP/1.1" 200 3314 "-" "Mozilla/5.0 (compatible; MJ12bot/v1.4.8; http://mj12bot.com/)"
94.189.159.54 - - [04/Mar/2026:13:53:38 -0500] "POST /wp-content/plugins/wp-federation-provide/index.php HTTP/1.1" 200 44 "https://thecabinetrefinishing.com" "Mozilla/5.0 (Windows NT 10.0; WOW64) AppleWebKit/537.36 (KHTML, like Gecko) Chrome/62.0.3505.125 Safari/537.36"
81.167.26.57 - - [04/Mar/2026:13:53:41 -0500] "GET /5cdadf/?p=/home/thecwrif/lscache/3/4/9 HTTP/1.1" 200 2808 "-" "Mozilla/5.0 (compatible; MJ12bot/v1.4.8; http://mj12bot.com/)"
109.95.170.211 - - [04/Mar/2026:13:53:41 -0500] "POST /wp-content/plugins/wp-federation-provide/index.php HTTP/1.1" 200 44 "https://thecabinetrefinishing.com" "Mozilla/5.0 (Windows NT 6.3; WOW64) AppleWebKit/537.36 (KHTML, like Gecko) Chrome/65.0.3049.112 Safari/537.36"
81.167.26.57 - - [04/Mar/2026:13:53:42 -0500] "GET /5cdadf/?p=/home/thecwrif/lscache/3/4/a HTTP/1.1" 200 2926 "-" "Mozilla/5.0 (compatible; MJ12bot/v1.4.8; http://mj12bot.com/)"
81.167.26.57 - - [04/Mar/2026:13:53:44 -0500] "GET /5cdadf/?p=/home/thecwrif/lscache/3/4/b HTTP/1.1" 200 2753 "-" "Mozilla/5.0 (compatible; MJ12bot/v1.4.8; http://mj12bot.com/)"
81.167.26.57 - - [04/Mar/2026:13:53:46 -0500] "GET /5cdadf/?p=/home/thecwrif/lscache/3/4/c HTTP/1.1" 200 3010 "-" "Mozilla/5.0 (compatible; MJ12bot/v1.4.8; http://mj12bot.com/)"
79.117.227.125 - - [04/Mar/2026:13:53:45 -0500] "POST /wp-content/plugins/wp-federation-provide/index.php HTTP/1.1" 503 854 "https://thecabinetrefinishing.com" "Opera/9.80 (Windows NT 6.1; Win64; x64); U) Presto/2.10.181 Version/12.00"
81.167.26.57 - - [04/Mar/2026:13:53:47 -0500] "GET /5cdadf/?p=/home/thecwrif/lscache/3/4/d HTTP/1.1" 200 3068 "-" "Mozilla/5.0 (compatible; MJ12bot/v1.4.8; http://mj12bot.com/)"
81.167.26.57 - - [04/Mar/2026:13:53:49 -0500] "GET /5cdadf/?p=/home/thecwrif/lscache/3/4/e HTTP/1.1" 200 3285 "-" "Mozilla/5.0 (compatible; MJ12bot/v1.4.8; http://mj12bot.com/)"
81.167.26.57 - - [04/Mar/2026:13:53:51 -0500] "GET /5cdadf/?p=/home/thecwrif/lscache/3/4/f HTTP/1.1" 200 2874 "-" "Mozilla/5.0 (compatible; MJ12bot/v1.4.8; http://mj12bot.com/)"
81.167.26.57 - - [04/Mar/2026:13:53:52 -0500] "GET /5cdadf/?p=/home/thecwrif/lscache/3/5/.. HTTP/1.1" 200 484 "-" "Mozilla/5.0 (compatible; MJ12bot/v1.4.8; http://mj12bot.com/)"
81.167.26.57 - - [04/Mar/2026:13:53:54 -0500] "GET /5cdadf/?p=/home/thecwrif/lscache/3/5/0 HTTP/1.1" 200 2883 "-" "Mozilla/5.0 (compatible; MJ12bot/v1.4.8; http://mj12bot.com/)"
81.167.26.57 - - [04/Mar/2026:13:53:56 -0500] "GET /5cdadf/?p=/home/thecwrif/lscache/3/5/1 HTTP/1.1" 200 3566 "-" "Mozilla/5.0 (compatible; MJ12bot/v1.4.8; http://mj12bot.com/)"
79.103.255.252 - - [04/Mar/2026:13:53:57 -0500] "POST /wp-content/plugins/wp-federation-provide/index.php HTTP/1.1" 200 44 "https://thecabinetrefinishing.com" "Opera/9.80 (Windows NT 10.0); U) Presto/2.12.388 Version/12.14"
81.167.26.57 - - [04/Mar/2026:13:53:57 -0500] "GET /5cdadf/?p=/home/thecwrif/lscache/3/5/2 HTTP/1.1" 200 3536 "-" "Mozilla/5.0 (compatible; MJ12bot/v1.4.8; http://mj12bot.com/)"
81.167.26.57 - - [04/Mar/2026:13:53:59 -0500] "GET /5cdadf/?p=/home/thecwrif/lscache/3/5/3 HTTP/1.1" 200 3670 "-" "Mozilla/5.0 (compatible; MJ12bot/v1.4.8; http://mj12bot.com/)"
81.167.26.57 - - [04/Mar/2026:13:54:01 -0500] "GET /5cdadf/?p=/home/thecwrif/lscache/3/5/4 HTTP/1.1" 200 3195 "-" "Mozilla/5.0 (compatible; MJ12bot/v1.4.8; http://mj12bot.com/)"
81.167.26.57 - - [04/Mar/2026:13:54:03 -0500] "GET /5cdadf/?p=/home/thecwrif/lscache/3/5/5 HTTP/1.1" 200 3539 "-" "Mozilla/5.0 (compatible; MJ12bot/v1.4.8; http://mj12bot.com/)"
81.167.26.57 - - [04/Mar/2026:13:54:04 -0500] "GET /5cdadf/?p=/home/thecwrif/lscache/3/5/6 HTTP/1.1" 200 3261 "-" "Mozilla/5.0 (compatible; MJ12bot/v1.4.8; http://mj12bot.com/)"
81.167.26.57 - - [04/Mar/2026:13:54:06 -0500] "GET /5cdadf/?p=/home/thecwrif/lscache/3/5/7 HTTP/1.1" 200 3204 "-" "Mozilla/5.0 (compatible; MJ12bot/v1.4.8; http://mj12bot.com/)"
81.167.26.57 - - [04/Mar/2026:13:54:07 -0500] "GET /5cdadf/?p=/home/thecwrif/lscache/3/5/8 HTTP/1.1" 200 3212 "-" "Mozilla/5.0 (compatible; MJ12bot/v1.4.8; http://mj12bot.com/)"
81.167.26.57 - - [04/Mar/2026:13:54:09 -0500] "GET /5cdadf/?p=/home/thecwrif/lscache/3/5/9 HTTP/1.1" 200 3186 "-" "Mozilla/5.0 (compatible; MJ12bot/v1.4.8; http://mj12bot.com/)"
87.220.133.9 - - [04/Mar/2026:13:54:10 -0500] "POST /wp-content/plugins/wp-federation-provide/index.php HTTP/1.1" 200 44 "https://thecabinetrefinishing.com" "Mozilla/5.0 (Windows NT 6.1; Win64; x64) AppleWebKit/537.36 (KHTML, like Gecko) Chrome/64.0.3438.87 Safari/537.36"
77.207.210.182 - - [04/Mar/2026:13:54:18 -0500] "POST /wp-content/plugins/wp-federation-provide/index.php HTTP/1.1" 200 44 "https://thecabinetrefinishing.com" "Mozilla/5.0 (Windows NT 10.0) AppleWebKit/537.36 (KHTML, like Gecko) Chrome/63.0.2304.63 Safari/537.36"
93.26.121.59 - - [04/Mar/2026:13:54:37 -0500] "POST /wp-content/plugins/wp-federation-provide/index.php HTTP/1.1" 200 44 "https://thecabinetrefinishing.com" "Mozilla/5.0 (Windows NT 10.0) AppleWebKit/537.36 (KHTML, like Gecko) Chrome/66.0.3369.109 Safari/537.36"
148.113.128.34 - - [04/Mar/2026:13:55:05 -0500] "GET /products/35797216621 HTTP/1.1" 404 1251 "-" "Mozilla/5.0 (compatible; AhrefsBot/7.0; +http://ahrefs.com/robot/)"
178.223.134.172 - - [04/Mar/2026:13:55:06 -0500] "POST /wp-content/plugins/wp-federation-provide/index.php HTTP/1.1" 200 44 "https://thecabinetrefinishing.com" "Opera/9.80 (Windows NT 6.1; Win64; x64); U) Presto/2.12.388 Version/12.16"
85.208.96.207 - - [04/Mar/2026:13:57:11 -0500] "GET /wp-includes/customize/class-wp-customize-media-control.php HTTP/1.1" 403 1242 "-" "Mozilla/5.0 (compatible; SemrushBot/7~bl; +http://www.semrush.com/bot.html)"
142.44.225.156 - - [04/Mar/2026:13:57:41 -0500] "GET /products/49832276979 HTTP/1.1" 404 1251 "-" "Mozilla/5.0 (compatible; AhrefsBot/7.0; +http://ahrefs.com/robot/)"
184.188.72.241 - - [04/Mar/2026:13:57:42 -0500] "GET /nc_assets/img/pictograms HTTP/1.1" 301 795 "-" "Mozilla/5.0 (iPhone; CPU iPhone OS 17_2 like Mac OS X) AppleWebKit/605.1.15 (KHTML, like Gecko) CriOS/144.0.7559.95 Mobile/15E148 Safari/604.1"
184.188.72.241 - - [04/Mar/2026:13:57:42 -0500] "GET /nc_assets/img/pictograms/ HTTP/1.1" 200 625 "-" "Mozilla/5.0 (iPhone; CPU iPhone OS 17_2 like Mac OS X) AppleWebKit/605.1.15 (KHTML, like Gecko) CriOS/144.0.7559.95 Mobile/15E148 Safari/604.1"
73.150.83.196 - - [04/Mar/2026:13:57:42 -0500] "GET /nc_assets/img/featured HTTP/1.1" 301 795 "-" "Mozilla/5.0 (iPhone; CPU iPhone OS 17_2 like Mac OS X) AppleWebKit/605.1.15 (KHTML, like Gecko) CriOS/144.0.7559.95 Mobile/15E148 Safari/604.1"
64.150.149.216 - - [04/Mar/2026:13:57:42 -0500] "GET /nc_assets/img/nc-icon HTTP/1.1" 301 795 "-" "Mozilla/5.0 (iPhone; CPU iPhone OS 17_2 like Mac OS X) AppleWebKit/605.1.15 (KHTML, like Gecko) CriOS/144.0.7559.95 Mobile/15E148 Safari/604.1"
184.188.72.241 - - [04/Mar/2026:13:57:42 -0500] "GET /_autoindex/assets/css/autoindex.css HTTP/1.1" 200 1170 "https://thecabinetrefinishing.com/nc_assets/img/pictograms/" "Mozilla/5.0 (iPhone; CPU iPhone OS 17_2 like Mac OS X) AppleWebKit/605.1.15 (KHTML, like Gecko) CriOS/144.0.7559.95 Mobile/15E148 Safari/604.1"
184.188.72.241 - - [04/Mar/2026:13:57:42 -0500] "GET /_autoindex/assets/js/tablesort.js HTTP/1.1" 200 2137 "https://thecabinetrefinishing.com/nc_assets/img/pictograms/" "Mozilla/5.0 (iPhone; CPU iPhone OS 17_2 like Mac OS X) AppleWebKit/605.1.15 (KHTML, like Gecko) CriOS/144.0.7559.95 Mobile/15E148 Safari/604.1"
184.188.72.241 - - [04/Mar/2026:13:57:42 -0500] "GET /_autoindex/assets/icons/folder-fill.svg HTTP/1.1" 200 333 "https://thecabinetrefinishing.com/nc_assets/img/pictograms/" "Mozilla/5.0 (iPhone; CPU iPhone OS 17_2 like Mac OS X) AppleWebKit/605.1.15 (KHTML, like Gecko) CriOS/144.0.7559.95 Mobile/15E148 Safari/604.1"
184.188.72.241 - - [04/Mar/2026:13:57:42 -0500] "GET /_autoindex/assets/icons/corner-left-up.svg HTTP/1.1" 200 328 "https://thecabinetrefinishing.com/nc_assets/img/pictograms/" "Mozilla/5.0 (iPhone; CPU iPhone OS 17_2 like Mac OS X) AppleWebKit/605.1.15 (KHTML, like Gecko) CriOS/144.0.7559.95 Mobile/15E148 Safari/604.1"
184.188.72.241 - - [04/Mar/2026:13:57:42 -0500] "GET /_autoindex/assets/js/tablesort.number.js HTTP/1.1" 200 322 "https://thecabinetrefinishing.com/nc_assets/img/pictograms/" "Mozilla/5.0 (iPhone; CPU iPhone OS 17_2 like Mac OS X) AppleWebKit/605.1.15 (KHTML, like Gecko) CriOS/144.0.7559.95 Mobile/15E148 Safari/604.1"
64.150.149.216 - - [04/Mar/2026:13:57:42 -0500] "GET /nc_assets/img/nc-icon/ HTTP/1.1" 200 1075 "-" "Mozilla/5.0 (iPhone; CPU iPhone OS 17_2 like Mac OS X) AppleWebKit/605.1.15 (KHTML, like Gecko) CriOS/144.0.7559.95 Mobile/15E148 Safari/604.1"
184.188.72.241 - - [04/Mar/2026:13:57:42 -0500] "GET /favicon.ico HTTP/1.1" 404 1251 "https://thecabinetrefinishing.com/nc_assets/img/pictograms/" "Mozilla/5.0 (iPhone; CPU iPhone OS 17_2 like Mac OS X) AppleWebKit/605.1.15 (KHTML, like Gecko) CriOS/144.0.7559.95 Mobile/15E148 Safari/604.1"
73.150.83.196 - - [04/Mar/2026:13:57:42 -0500] "GET /nc_assets/img/featured/ HTTP/1.1" 200 688 "-" "Mozilla/5.0 (iPhone; CPU iPhone OS 17_2 like Mac OS X) AppleWebKit/605.1.15 (KHTML, like Gecko) CriOS/144.0.7559.95 Mobile/15E148 Safari/604.1"
64.150.149.216 - - [04/Mar/2026:13:57:42 -0500] "GET /_autoindex/assets/css/autoindex.css HTTP/1.1" 200 1170 "https://thecabinetrefinishing.com/nc_assets/img/nc-icon/" "Mozilla/5.0 (iPhone; CPU iPhone OS 17_2 like Mac OS X) AppleWebKit/605.1.15 (KHTML, like Gecko) CriOS/144.0.7559.95 Mobile/15E148 Safari/604.1"
64.150.149.216 - - [04/Mar/2026:13:57:42 -0500] "GET /_autoindex/assets/js/tablesort.js HTTP/1.1" 200 2137 "https://thecabinetrefinishing.com/nc_assets/img/nc-icon/" "Mozilla/5.0 (iPhone; CPU iPhone OS 17_2 like Mac OS X) AppleWebKit/605.1.15 (KHTML, like Gecko) CriOS/144.0.7559.95 Mobile/15E148 Safari/604.1"
64.150.149.216 - - [04/Mar/2026:13:57:42 -0500] "GET /_autoindex/assets/js/tablesort.number.js HTTP/1.1" 200 322 "https://thecabinetrefinishing.com/nc_assets/img/nc-icon/" "Mozilla/5.0 (iPhone; CPU iPhone OS 17_2 like Mac OS X) AppleWebKit/605.1.15 (KHTML, like Gecko) CriOS/144.0.7559.95 Mobile/15E148 Safari/604.1"
64.150.149.216 - - [04/Mar/2026:13:57:42 -0500] "GET /_autoindex/assets/icons/corner-left-up.svg HTTP/1.1" 200 328 "https://thecabinetrefinishing.com/nc_assets/img/nc-icon/" "Mozilla/5.0 (iPhone; CPU iPhone OS 17_2 like Mac OS X) AppleWebKit/605.1.15 (KHTML, like Gecko) CriOS/144.0.7559.95 Mobile/15E148 Safari/604.1"
64.150.149.216 - - [04/Mar/2026:13:57:42 -0500] "GET /_autoindex/assets/icons/file.svg HTTP/1.1" 200 354 "https://thecabinetrefinishing.com/nc_assets/img/nc-icon/" "Mozilla/5.0 (iPhone; CPU iPhone OS 17_2 like Mac OS X) AppleWebKit/605.1.15 (KHTML, like Gecko) CriOS/144.0.7559.95 Mobile/15E148 Safari/604.1"
208.118.182.50 - - [04/Mar/2026:13:57:42 -0500] "GET /nc_assets/img/icons HTTP/1.1" 301 795 "-" "Mozilla/5.0 (iPhone; CPU iPhone OS 17_2 like Mac OS X) AppleWebKit/605.1.15 (KHTML, like Gecko) CriOS/144.0.7559.95 Mobile/15E148 Safari/604.1"
64.150.149.216 - - [04/Mar/2026:13:57:42 -0500] "GET /_autoindex/assets/icons/image.svg HTTP/1.1" 200 388 "https://thecabinetrefinishing.com/nc_assets/img/nc-icon/" "Mozilla/5.0 (iPhone; CPU iPhone OS 17_2 like Mac OS X) AppleWebKit/605.1.15 (KHTML, like Gecko) CriOS/144.0.7559.95 Mobile/15E148 Safari/604.1"
73.150.83.196 - - [04/Mar/2026:13:57:42 -0500] "GET /_autoindex/assets/css/autoindex.css HTTP/1.1" 200 1170 "https://thecabinetrefinishing.com/nc_assets/img/featured/" "Mozilla/5.0 (iPhone; CPU iPhone OS 17_2 like Mac OS X) AppleWebKit/605.1.15 (KHTML, like Gecko) CriOS/144.0.7559.95 Mobile/15E148 Safari/604.1"
73.150.83.196 - - [04/Mar/2026:13:57:42 -0500] "GET /_autoindex/assets/js/tablesort.js HTTP/1.1" 200 2137 "https://thecabinetrefinishing.com/nc_assets/img/featured/" "Mozilla/5.0 (iPhone; CPU iPhone OS 17_2 like Mac OS X) AppleWebKit/605.1.15 (KHTML, like Gecko) CriOS/144.0.7559.95 Mobile/15E148 Safari/604.1"
73.150.83.196 - - [04/Mar/2026:13:57:42 -0500] "GET /_autoindex/assets/js/tablesort.number.js HTTP/1.1" 200 322 "https://thecabinetrefinishing.com/nc_assets/img/featured/" "Mozilla/5.0 (iPhone; CPU iPhone OS 17_2 like Mac OS X) AppleWebKit/605.1.15 (KHTML, like Gecko) CriOS/144.0.7559.95 Mobile/15E148 Safari/604.1"
73.150.83.196 - - [04/Mar/2026:13:57:42 -0500] "GET /_autoindex/assets/icons/corner-left-up.svg HTTP/1.1" 200 328 "https://thecabinetrefinishing.com/nc_assets/img/featured/" "Mozilla/5.0 (iPhone; CPU iPhone OS 17_2 like Mac OS X) AppleWebKit/605.1.15 (KHTML, like Gecko) CriOS/144.0.7559.95 Mobile/15E148 Safari/604.1"
73.150.83.196 - - [04/Mar/2026:13:57:42 -0500] "GET /_autoindex/assets/icons/folder-fill.svg HTTP/1.1" 200 333 "https://thecabinetrefinishing.com/nc_assets/img/featured/" "Mozilla/5.0 (iPhone; CPU iPhone OS 17_2 like Mac OS X) AppleWebKit/605.1.15 (KHTML, like Gecko) CriOS/144.0.7559.95 Mobile/15E148 Safari/604.1"
64.150.149.216 - - [04/Mar/2026:13:57:42 -0500] "GET /favicon.ico HTTP/1.1" 404 1251 "https://thecabinetrefinishing.com/nc_assets/img/nc-icon/" "Mozilla/5.0 (iPhone; CPU iPhone OS 17_2 like Mac OS X) AppleWebKit/605.1.15 (KHTML, like Gecko) CriOS/144.0.7559.95 Mobile/15E148 Safari/604.1"
208.118.182.50 - - [04/Mar/2026:13:57:42 -0500] "GET /nc_assets/img/icons/ HTTP/1.1" 200 707 "-" "Mozilla/5.0 (iPhone; CPU iPhone OS 17_2 like Mac OS X) AppleWebKit/605.1.15 (KHTML, like Gecko) CriOS/144.0.7559.95 Mobile/15E148 Safari/604.1"
73.150.83.196 - - [04/Mar/2026:13:57:42 -0500] "GET /_autoindex/assets/icons/file-text.svg HTTP/1.1" 200 394 "https://thecabinetrefinishing.com/nc_assets/img/featured/" "Mozilla/5.0 (iPhone; CPU iPhone OS 17_2 like Mac OS X) AppleWebKit/605.1.15 (KHTML, like Gecko) CriOS/144.0.7559.95 Mobile/15E148 Safari/604.1"
208.118.182.50 - - [04/Mar/2026:13:57:42 -0500] "GET /_autoindex/assets/css/autoindex.css HTTP/1.1" 200 1170 "https://thecabinetrefinishing.com/nc_assets/img/icons/" "Mozilla/5.0 (iPhone; CPU iPhone OS 17_2 like Mac OS X) AppleWebKit/605.1.15 (KHTML, like Gecko) CriOS/144.0.7559.95 Mobile/15E148 Safari/604.1"
208.118.182.50 - - [04/Mar/2026:13:57:42 -0500] "GET /_autoindex/assets/js/tablesort.js HTTP/1.1" 200 2137 "https://thecabinetrefinishing.com/nc_assets/img/icons/" "Mozilla/5.0 (iPhone; CPU iPhone OS 17_2 like Mac OS X) AppleWebKit/605.1.15 (KHTML, like Gecko) CriOS/144.0.7559.95 Mobile/15E148 Safari/604.1"
208.118.182.50 - - [04/Mar/2026:13:57:42 -0500] "GET /_autoindex/assets/js/tablesort.number.js HTTP/1.1" 200 322 "https://thecabinetrefinishing.com/nc_assets/img/icons/" "Mozilla/5.0 (iPhone; CPU iPhone OS 17_2 like Mac OS X) AppleWebKit/605.1.15 (KHTML, like Gecko) CriOS/144.0.7559.95 Mobile/15E148 Safari/604.1"
208.118.182.50 - - [04/Mar/2026:13:57:42 -0500] "GET /_autoindex/assets/icons/corner-left-up.svg HTTP/1.1" 200 328 "https://thecabinetrefinishing.com/nc_assets/img/icons/" "Mozilla/5.0 (iPhone; CPU iPhone OS 17_2 like Mac OS X) AppleWebKit/605.1.15 (KHTML, like Gecko) CriOS/144.0.7559.95 Mobile/15E148 Safari/604.1"
208.118.182.50 - - [04/Mar/2026:13:57:42 -0500] "GET /_autoindex/assets/icons/image.svg HTTP/1.1" 200 388 "https://thecabinetrefinishing.com/nc_assets/img/icons/" "Mozilla/5.0 (iPhone; CPU iPhone OS 17_2 like Mac OS X) AppleWebKit/605.1.15 (KHTML, like Gecko) CriOS/144.0.7559.95 Mobile/15E148 Safari/604.1"
73.150.83.196 - - [04/Mar/2026:13:57:43 -0500] "GET /favicon.ico HTTP/1.1" 404 1251 "https://thecabinetrefinishing.com/nc_assets/img/featured/" "Mozilla/5.0 (iPhone; CPU iPhone OS 17_2 like Mac OS X) AppleWebKit/605.1.15 (KHTML, like Gecko) CriOS/144.0.7559.95 Mobile/15E148 Safari/604.1"
208.118.182.50 - - [04/Mar/2026:13:57:43 -0500] "GET /_autoindex/assets/icons/file-text.svg HTTP/1.1" 200 394 "https://thecabinetrefinishing.com/nc_assets/img/icons/" "Mozilla/5.0 (iPhone; CPU iPhone OS 17_2 like Mac OS X) AppleWebKit/605.1.15 (KHTML, like Gecko) CriOS/144.0.7559.95 Mobile/15E148 Safari/604.1"
208.118.182.50 - - [04/Mar/2026:13:57:43 -0500] "GET /favicon.ico HTTP/1.1" 404 1251 "https://thecabinetrefinishing.com/nc_assets/img/icons/" "Mozilla/5.0 (iPhone; CPU iPhone OS 17_2 like Mac OS X) AppleWebKit/605.1.15 (KHTML, like Gecko) CriOS/144.0.7559.95 Mobile/15E148 Safari/604.1"
216.223.222.128 - - [04/Mar/2026:13:57:43 -0500] "GET /nc_assets/img/logos HTTP/1.1" 301 795 "-" "Mozilla/5.0 (iPhone; CPU iPhone OS 17_2 like Mac OS X) AppleWebKit/605.1.15 (KHTML, like Gecko) CriOS/144.0.7559.95 Mobile/15E148 Safari/604.1"
216.223.222.128 - - [04/Mar/2026:13:57:43 -0500] "GET /nc_assets/img/logos/ HTTP/1.1" 200 632 "-" "Mozilla/5.0 (iPhone; CPU iPhone OS 17_2 like Mac OS X) AppleWebKit/605.1.15 (KHTML, like Gecko) CriOS/144.0.7559.95 Mobile/15E148 Safari/604.1"
216.223.222.128 - - [04/Mar/2026:13:57:43 -0500] "GET /_autoindex/assets/css/autoindex.css HTTP/1.1" 200 1170 "https://thecabinetrefinishing.com/nc_assets/img/logos/" "Mozilla/5.0 (iPhone; CPU iPhone OS 17_2 like Mac OS X) AppleWebKit/605.1.15 (KHTML, like Gecko) CriOS/144.0.7559.95 Mobile/15E148 Safari/604.1"
216.223.222.128 - - [04/Mar/2026:13:57:43 -0500] "GET /_autoindex/assets/js/tablesort.js HTTP/1.1" 200 2137 "https://thecabinetrefinishing.com/nc_assets/img/logos/" "Mozilla/5.0 (iPhone; CPU iPhone OS 17_2 like Mac OS X) AppleWebKit/605.1.15 (KHTML, like Gecko) CriOS/144.0.7559.95 Mobile/15E148 Safari/604.1"
216.223.222.128 - - [04/Mar/2026:13:57:43 -0500] "GET /_autoindex/assets/js/tablesort.number.js HTTP/1.1" 200 322 "https://thecabinetrefinishing.com/nc_assets/img/logos/" "Mozilla/5.0 (iPhone; CPU iPhone OS 17_2 like Mac OS X) AppleWebKit/605.1.15 (KHTML, like Gecko) CriOS/144.0.7559.95 Mobile/15E148 Safari/604.1"
216.223.222.128 - - [04/Mar/2026:13:57:43 -0500] "GET /_autoindex/assets/icons/corner-left-up.svg HTTP/1.1" 200 328 "https://thecabinetrefinishing.com/nc_assets/img/logos/" "Mozilla/5.0 (iPhone; CPU iPhone OS 17_2 like Mac OS X) AppleWebKit/605.1.15 (KHTML, like Gecko) CriOS/144.0.7559.95 Mobile/15E148 Safari/604.1"
216.223.222.128 - - [04/Mar/2026:13:57:43 -0500] "GET /_autoindex/assets/icons/image.svg HTTP/1.1" 200 388 "https://thecabinetrefinishing.com/nc_assets/img/logos/" "Mozilla/5.0 (iPhone; CPU iPhone OS 17_2 like Mac OS X) AppleWebKit/605.1.15 (KHTML, like Gecko) CriOS/144.0.7559.95 Mobile/15E148 Safari/604.1"
216.223.222.128 - - [04/Mar/2026:13:57:43 -0500] "GET /favicon.ico HTTP/1.1" 404 1251 "https://thecabinetrefinishing.com/nc_assets/img/logos/" "Mozilla/5.0 (iPhone; CPU iPhone OS 17_2 like Mac OS X) AppleWebKit/605.1.15 (KHTML, like Gecko) CriOS/144.0.7559.95 Mobile/15E148 Safari/604.1"
185.191.171.11 - - [04/Mar/2026:13:57:58 -0500] "GET /wp-includes/Requests/src/ HTTP/1.1" 200 1843 "-" "Mozilla/5.0 (compatible; SemrushBot/7~bl; +http://www.semrush.com/bot.html)"
216.244.66.234 - - [04/Mar/2026:13:58:05 -0500] "GET /robots.txt HTTP/1.1" 200 444 "-" "Mozilla/5.0 (compatible; DotBot/1.2; +https://opensiteexplorer.org/dotbot; help@moz.com)"
47.82.11.90 - - [04/Mar/2026:13:58:43 -0500] "GET /wp-includes/rest-api/endpoints/class-wp-rest-revisions-controller.php HTTP/1.1" 403 1242 "https://thecabinetrefinishing.com/" "Mozilla/5.0 (Windows NT 10.0; Win64; x64) AppleWebKit/537.36 (KHTML, like Gecko) Chrome/134.0.0.0 Safari/537.36"
47.82.11.13 - - [04/Mar/2026:13:58:49 -0500] "GET /wp-includes/js/imgareaselect/imgareaselect.css HTTP/1.1" 200 215 "https://thecabinetrefinishing.com/" "Mozilla/5.0 (Windows NT 10.0; Win64; x64) AppleWebKit/537.36 (KHTML, like Gecko) Chrome/132.0.0.0 Safari/537.36"
85.208.96.202 - - [04/Mar/2026:14:00:18 -0500] "GET /wp-includes/l10n/class-wp-translation-file-php.php HTTP/1.1" 403 1242 "-" "Mozilla/5.0 (compatible; SemrushBot/7~bl; +http://www.semrush.com/bot.html)"
51.222.95.182 - - [04/Mar/2026:14:00:20 -0500] "GET /products/93178148780 HTTP/1.1" 404 1251 "-" "Mozilla/5.0 (compatible; AhrefsBot/7.0; +http://ahrefs.com/robot/)"
216.244.66.234 - - [04/Mar/2026:14:02:00 -0500] "GET /1291f/?SD HTTP/1.1" 200 1336 "-" "Mozilla/5.0 (compatible; DotBot/1.2; +https://opensiteexplorer.org/dotbot; help@moz.com)"
216.244.66.234 - - [04/Mar/2026:14:02:04 -0500] "GET /wp-includes/js/clipboard.js HTTP/1.1" 200 32310 "-" "Mozilla/5.0 (compatible; DotBot/1.2; +https://opensiteexplorer.org/dotbot; help@moz.com)"
216.244.66.234 - - [04/Mar/2026:14:02:10 -0500] "GET /wp-includes/sodium_compat/?SA HTTP/1.1" 200 3823 "-" "Mozilla/5.0 (compatible; DotBot/1.2; +https://opensiteexplorer.org/dotbot; help@moz.com)"
15.235.27.60 - - [04/Mar/2026:14:02:43 -0500] "GET /products/2581126766 HTTP/1.1" 404 1251 "-" "Mozilla/5.0 (compatible; AhrefsBot/7.0; +http://ahrefs.com/robot/)"
216.244.66.234 - - [04/Mar/2026:14:03:16 -0500] "GET /5cdadf/?e=google2d57ddf68d214846.html&p=%2Fhome%2Fthecwrif%2Fpublic_html HTTP/1.1" 200 12331 "-" "Mozilla/5.0 (compatible; DotBot/1.2; +https://opensiteexplorer.org/dotbot; help@moz.com)"
85.208.96.208 - - [04/Mar/2026:14:03:36 -0500] "GET /wp-includes/pomo/plural-forms.php HTTP/1.1" 403 1242 "-" "Mozilla/5.0 (compatible; SemrushBot/7~bl; +http://www.semrush.com/bot.html)"
114.119.146.70 - - [04/Mar/2026:14:03:54 -0500] "GET /sitemap55.xml HTTP/1.1" 404 1251 "-" "Mozilla/5.0 (Linux; Android 7.0;) AppleWebKit/537.36 (KHTML, like Gecko) Mobile Safari/537.36 (compatible; PetalBot;+https://webmaster.petalsearch.com/site/petalbot)"
54.39.89.162 - - [04/Mar/2026:14:05:22 -0500] "GET /products/25811137256 HTTP/1.1" 404 1251 "-" "Mozilla/5.0 (compatible; AhrefsBot/7.0; +http://ahrefs.com/robot/)"
185.191.171.5 - - [04/Mar/2026:14:06:18 -0500] "GET /wp-includes/widgets/error_log HTTP/1.1" 403 1242 "-" "Mozilla/5.0 (compatible; SemrushBot/7~bl; +http://www.semrush.com/bot.html)"
66.249.73.129 - - [04/Mar/2026:14:06:23 -0500] "GET /products/10430293449 HTTP/1.1" 404 1251 "-" "Mozilla/5.0 (Linux; Android 6.0.1; Nexus 5X Build/MMB29P) AppleWebKit/537.36 (KHTML, like Gecko) Chrome/144.0.7559.132 Mobile Safari/537.36 (compatible; Googlebot/2.1; +http://www.google.com/bot.html)"
101.47.133.0 - - [04/Mar/2026:14:07:31 -0500] "GET /business/pattison-sons-carpentry-ak-3301390 HTTP/1.1" 404 1251 "-" "Mozilla/5.0 (iPhone; CPU iPhone OS 17_0 like Mac OS X) AppleWebKit/605.1.15 (KHTML, like Gecko) Version/17.0 Mobile/15E148 Safari/260.1"
77.75.76.161 - - [04/Mar/2026:14:07:58 -0500] "GET /special/017014189.html HTTP/1.1" 404 1251 "-" "Mozilla/5.0 (compatible; SeznamBot/4.0; +https://o-seznam.cz/napoveda/vyhledavani/en/seznambot-crawler/)"
148.113.128.6 - - [04/Mar/2026:14:08:07 -0500] "GET /products/25811186841 HTTP/1.1" 404 1251 "-" "Mozilla/5.0 (compatible; AhrefsBot/7.0; +http://ahrefs.com/robot/)"
202.76.138.205 - - [04/Mar/2026:14:08:56 -0500] "GET /remodeling-services/ HTTP/1.1" 404 1251 "-" "Mozilla/5.0 (Macintosh; U; Intel Mac OS X 10_6_5; en-US) AppleWebKit/534.16 (KHTML, like Gecko) Chrome/10.0.639.0 Safari/534.16"
148.113.130.244 - - [04/Mar/2026:14:11:14 -0500] "GET /products/25811280370 HTTP/1.1" 404 1251 "-" "Mozilla/5.0 (compatible; AhrefsBot/7.0; +http://ahrefs.com/robot/)"
213.180.203.2 - - [04/Mar/2026:14:13:46 -0500] "GET /6oK815a8/0834210012698506.shtml HTTP/1.1" 404 1251 "-" "Mozilla/5.0 (compatible; YandexBot/3.0; +http://yandex.com/bots)"
85.208.96.203 - - [04/Mar/2026:14:13:59 -0500] "GET /wp-includes/widgets/class-wp-widget-media-audio.php HTTP/1.1" 403 1242 "-" "Mozilla/5.0 (compatible; SemrushBot/7~bl; +http://www.semrush.com/bot.html)"
85.208.96.200 - - [04/Mar/2026:14:14:11 -0500] "GET /wp-includes/ID3/module.audio-video.matroska.php HTTP/1.1" 403 1242 "-" "Mozilla/5.0 (compatible; SemrushBot/7~bl; +http://www.semrush.com/bot.html)"
54.39.210.205 - - [04/Mar/2026:14:14:57 -0500] "GET /products/35797283364 HTTP/1.1" 404 1251 "-" "Mozilla/5.0 (compatible; AhrefsBot/7.0; +http://ahrefs.com/robot/)"
20.104.19.195 - - [04/Mar/2026:14:16:20 -0500] "GET /wp-content/plugins/hellopress/wp_filemanager.php HTTP/1.1" 404 1251 "-" "-"
20.104.19.195 - - [04/Mar/2026:14:16:20 -0500] "GET /main.php HTTP/1.1" 404 1251 "-" "-"
20.104.19.195 - - [04/Mar/2026:14:16:20 -0500] "GET /input.php HTTP/1.1" 404 1251 "-" "-"
20.104.19.195 - - [04/Mar/2026:14:16:20 -0500] "GET /jquery.php HTTP/1.1" 404 1251 "-" "-"
20.104.19.195 - - [04/Mar/2026:14:16:20 -0500] "GET /hehe.php HTTP/1.1" 404 1251 "-" "-"
20.104.19.195 - - [04/Mar/2026:14:16:20 -0500] "GET /02.php HTTP/1.1" 404 1251 "-" "-"
20.104.19.195 - - [04/Mar/2026:14:16:21 -0500] "GET /.well-known/admin.php HTTP/1.1" 404 1251 "-" "-"
20.104.19.195 - - [04/Mar/2026:14:16:21 -0500] "GET /fi2.php HTTP/1.1" 404 1251 "-" "-"
20.104.19.195 - - [04/Mar/2026:14:16:21 -0500] "GET /gecko-new.php HTTP/1.1" 404 1251 "-" "-"
20.104.19.195 - - [04/Mar/2026:14:16:21 -0500] "GET /alfanew.php HTTP/1.1" 404 1251 "-" "-"
20.104.19.195 - - [04/Mar/2026:14:16:21 -0500] "GET /text.php HTTP/1.1" 404 1251 "-" "-"
20.104.19.195 - - [04/Mar/2026:14:16:21 -0500] "GET /f.php HTTP/1.1" 404 1251 "-" "-"
20.104.19.195 - - [04/Mar/2026:14:16:21 -0500] "GET /cljntmcz.php HTTP/1.1" 404 1251 "-" "-"
20.104.19.195 - - [04/Mar/2026:14:16:22 -0500] "GET /wp-links.php HTTP/1.1" 404 1251 "-" "-"
20.104.19.195 - - [04/Mar/2026:14:16:22 -0500] "GET /xpw.php HTTP/1.1" 404 1251 "-" "-"
20.104.19.195 - - [04/Mar/2026:14:16:22 -0500] "GET /cah.php HTTP/1.1" 404 1251 "-" "-"
20.104.19.195 - - [04/Mar/2026:14:16:22 -0500] "GET /cong.php HTTP/1.1" 404 1251 "-" "-"
20.104.19.195 - - [04/Mar/2026:14:16:22 -0500] "GET /ms-edit.php HTTP/1.1" 404 1251 "-" "-"
20.104.19.195 - - [04/Mar/2026:14:16:22 -0500] "GET /function.php HTTP/1.1" 404 1251 "-" "-"
20.104.19.195 - - [04/Mar/2026:14:16:22 -0500] "GET /send.php HTTP/1.1" 404 1251 "-" "-"
20.104.19.195 - - [04/Mar/2026:14:16:23 -0500] "GET /ee.php HTTP/1.1" 404 1251 "-" "-"
20.104.19.195 - - [04/Mar/2026:14:16:23 -0500] "GET /plugins.php HTTP/1.1" 404 1251 "-" "-"
20.104.19.195 - - [04/Mar/2026:14:16:23 -0500] "GET /xxx.php HTTP/1.1" 404 1251 "-" "-"
20.104.19.195 - - [04/Mar/2026:14:16:23 -0500] "GET /css.php HTTP/1.1" 404 1251 "-" "-"
20.104.19.195 - - [04/Mar/2026:14:16:23 -0500] "GET /randkeyword.PhP7 HTTP/1.1" 404 1251 "-" "-"
20.104.19.195 - - [04/Mar/2026:14:16:23 -0500] "GET /wp-content.php HTTP/1.1" 404 1251 "-" "-"
20.104.19.195 - - [04/Mar/2026:14:16:23 -0500] "GET /6.php HTTP/1.1" 404 1251 "-" "-"
20.104.19.195 - - [04/Mar/2026:14:16:24 -0500] "GET /berlin.php HTTP/1.1" 404 1251 "-" "-"
20.104.19.195 - - [04/Mar/2026:14:16:24 -0500] "GET /f35.php HTTP/1.1" 404 1251 "-" "-"
20.104.19.195 - - [04/Mar/2026:14:16:24 -0500] "GET /nakrip.php HTTP/1.1" 404 1251 "-" "-"
20.104.19.195 - - [04/Mar/2026:14:16:24 -0500] "GET /radio.php HTTP/1.1" 404 1251 "-" "-"
20.104.19.195 - - [04/Mar/2026:14:16:25 -0500] "GET /wp-file.php HTTP/1.1" 404 1251 "-" "-"
20.104.19.195 - - [04/Mar/2026:14:16:25 -0500] "GET /wp-singin.php HTTP/1.1" 404 1251 "-" "-"
20.104.19.195 - - [04/Mar/2026:14:16:25 -0500] "GET /shell.php HTTP/1.1" 404 1251 "-" "-"
20.104.19.195 - - [04/Mar/2026:14:16:25 -0500] "GET /wp-fmfile.php HTTP/1.1" 404 1251 "-" "-"
20.104.19.195 - - [04/Mar/2026:14:16:25 -0500] "GET /inputs.php HTTP/1.1" 404 1251 "-" "-"
20.104.19.195 - - [04/Mar/2026:14:16:25 -0500] "GET /wp-theme.php HTTP/1.1" 404 1251 "-" "-"
20.104.19.195 - - [04/Mar/2026:14:16:25 -0500] "GET /wi.php HTTP/1.1" 404 1251 "-" "-"
20.104.19.195 - - [04/Mar/2026:14:16:26 -0500] "GET /php8.php HTTP/1.1" 404 1251 "-" "-"
20.104.19.195 - - [04/Mar/2026:14:16:26 -0500] "GET /tes.php HTTP/1.1" 404 1251 "-" "-"
20.104.19.195 - - [04/Mar/2026:14:16:26 -0500] "GET /headers.php HTTP/1.1" 404 1251 "-" "-"
20.104.19.195 - - [04/Mar/2026:14:16:26 -0500] "GET /flower.php HTTP/1.1" 404 1251 "-" "-"
20.104.19.195 - - [04/Mar/2026:14:16:26 -0500] "GET /system_log.php HTTP/1.1" 404 1251 "-" "-"
20.104.19.195 - - [04/Mar/2026:14:16:26 -0500] "GET /wp-gr.php HTTP/1.1" 404 1251 "-" "-"
20.104.19.195 - - [04/Mar/2026:14:16:27 -0500] "GET /dev.php HTTP/1.1" 404 1251 "-" "-"
20.104.19.195 - - [04/Mar/2026:14:16:27 -0500] "GET /moon.php HTTP/1.1" 404 1251 "-" "-"
20.104.19.195 - - [04/Mar/2026:14:16:27 -0500] "GET /abcd.php HTTP/1.1" 404 1251 "-" "-"
20.104.19.195 - - [04/Mar/2026:14:16:27 -0500] "GET /we.php HTTP/1.1" 404 1251 "-" "-"
20.104.19.195 - - [04/Mar/2026:14:16:27 -0500] "GET /a1.php HTTP/1.1" 404 1251 "-" "-"
20.104.19.195 - - [04/Mar/2026:14:16:27 -0500] "GET /class20.php HTTP/1.1" 404 1251 "-" "-"
20.104.19.195 - - [04/Mar/2026:14:16:28 -0500] "GET /epinyins.php HTTP/1.1" 404 1251 "-" "-"
20.104.19.195 - - [04/Mar/2026:14:16:28 -0500] "GET /asus.php HTTP/1.1" 404 1251 "-" "-"
20.104.19.195 - - [04/Mar/2026:14:16:28 -0500] "GET /a2.php HTTP/1.1" 404 1251 "-" "-"
20.104.19.195 - - [04/Mar/2026:14:16:28 -0500] "GET /av.php HTTP/1.1" 404 1251 "-" "-"
85.208.96.196 - - [04/Mar/2026:14:16:38 -0500] "GET /wp-includes/block-patterns/query-standard-posts.php HTTP/1.1" 403 1242 "-" "Mozilla/5.0 (compatible; SemrushBot/7~bl; +http://www.semrush.com/bot.html)"
54.39.89.18 - - [04/Mar/2026:14:17:42 -0500] "GET /products/25811159819 HTTP/1.1" 404 1251 "-" "Mozilla/5.0 (compatible; AhrefsBot/7.0; +http://ahrefs.com/robot/)"
87.250.224.86 - - [04/Mar/2026:14:18:49 -0500] "GET /6oK85a0c/0834214794898506.shtml HTTP/1.1" 404 1251 "-" "Mozilla/5.0 (compatible; YandexBot/3.0; +http://yandex.com/bots)"
85.208.96.197 - - [04/Mar/2026:14:19:31 -0500] "GET /wp-includes/Requests/library/ HTTP/1.1" 200 848 "-" "Mozilla/5.0 (compatible; SemrushBot/7~bl; +http://www.semrush.com/bot.html)"
78.56.139.65 - - [04/Mar/2026:14:20:12 -0500] "POST /wp-content/plugins/wp-federation-provide/index.php HTTP/1.1" 200 44 "https://thecabinetrefinishing.com" "Mozilla/5.0 (Windows NT 6.1; Win64; x64) AppleWebKit/537.36 (KHTML, like Gecko) Chrome/66.0.2254.13 Safari/537.36"
79.117.80.169 - - [04/Mar/2026:14:20:37 -0500] "POST /wp-content/plugins/wp-federation-provide/index.php HTTP/1.1" 200 44 "https://thecabinetrefinishing.com" "Opera/9.80 (Windows NT 6.1; WOW64); U) Presto/2.12.388 Version/12.16"
145.224.74.21 - - [04/Mar/2026:14:20:47 -0500] "POST /wp-content/plugins/wp-federation-provide/index.php HTTP/1.1" 200 44 "https://thecabinetrefinishing.com" "Mozilla/5.0 (Windows NT 10.0; WOW64) AppleWebKit/537.36 (KHTML, like Gecko) Chrome/64.0.2929.165 Safari/537.36"
87.3.106.197 - - [04/Mar/2026:14:20:59 -0500] "POST /wp-content/plugins/wp-federation-provide/index.php HTTP/1.1" 200 44 "https://thecabinetrefinishing.com" "Opera/9.80 (J2ME/MIDP; Opera Mini/7.1.23511/28.2555; U; ru) Presto/2.10.181 Version/12.00"
15.235.98.68 - - [04/Mar/2026:14:21:04 -0500] "GET /products/10430130141 HTTP/1.1" 404 1251 "-" "Mozilla/5.0 (compatible; AhrefsBot/7.0; +http://ahrefs.com/robot/)"
81.56.132.108 - - [04/Mar/2026:14:21:12 -0500] "POST /wp-content/plugins/wp-federation-provide/index.php HTTP/1.1" 200 44 "https://thecabinetrefinishing.com" "Opera/9.80 (Windows NT 10.0; Win64; x64); U) Presto/2.10.289 Version/12.02"
94.33.36.33 - - [04/Mar/2026:14:21:30 -0500] "POST /wp-content/plugins/wp-federation-provide/index.php HTTP/1.1" 200 44 "https://thecabinetrefinishing.com" "Mozilla/5.0 (Windows NT 6.1; WOW64; rv:62.0) Gecko/20100101 Firefox/62.0"
85.208.96.198 - - [04/Mar/2026:14:21:35 -0500] "GET /wp-includes/customize/class-wp-customize-nav-menu-name-control.php HTTP/1.1" 403 1242 "-" "Mozilla/5.0 (compatible; SemrushBot/7~bl; +http://www.semrush.com/bot.html)"
201.176.222.253 - - [04/Mar/2026:14:21:36 -0500] "POST /wp-content/plugins/wp-federation-provide/index.php HTTP/1.1" 200 44 "https://thecabinetrefinishing.com" "Mozilla/5.0 (Windows NT 6.1) AppleWebKit/537.36 (KHTML, like Gecko) Chrome/68.0.2960.44 Safari/537.36"
217.63.11.23 - - [04/Mar/2026:14:22:00 -0500] "POST /wp-content/plugins/wp-federation-provide/index.php HTTP/1.1" 200 44 "https://thecabinetrefinishing.com" "Mozilla/5.0 (Windows NT 6.1; rv:64.0) Gecko/20100101 Firefox/64.0"
88.168.106.239 - - [04/Mar/2026:14:22:09 -0500] "POST /wp-content/plugins/wp-federation-provide/index.php HTTP/1.1" 200 44 "https://thecabinetrefinishing.com" "Mozilla/5.0 (Windows NT 10.0; WOW64; rv:63.0) Gecko/20100101 Firefox/63.0"
85.208.96.198 - - [04/Mar/2026:14:22:15 -0500] "GET /wp-includes/html-api/class-wp-html-tag-processor.php HTTP/1.1" 403 1242 "-" "Mozilla/5.0 (compatible; SemrushBot/7~bl; +http://www.semrush.com/bot.html)"
216.75.132.154 - - [04/Mar/2026:14:22:20 -0500] "GET /wp-json/oembed/1.0/embed?url=https%3A%2F%2Fthecabinetrefinishing.com%2F2025%2F01%2F06%2Fcasino-slots-demo%2F HTTP/1.1" 404 1251 "-" "Mozilla/5.0 (Macintosh; Intel Mac OS X 10_15_7) AppleWebKit/537.36 (KHTML, like Gecko) Chrome/135.0.0.0 Safari/537.36"
207.180.11.20 - - [04/Mar/2026:14:22:21 -0500] "GET /wp-json/oembed/1.0/embed?url=https%3A%2F%2Fthecabinetrefinishing.com%2F2025%2F01%2F06%2Fcasino-slots-demo%2F HTTP/1.1" 404 1251 "-" "Mozilla/5.0 (Macintosh; Intel Mac OS X 10_15_7) AppleWebKit/537.36 (KHTML, like Gecko) Chrome/135.0.0.0 Safari/537.36"
144.31.35.77 - - [04/Mar/2026:14:22:22 -0500] "GET /wp-json/oembed/1.0/embed?url=https%3A%2F%2Fthecabinetrefinishing.com%2F2025%2F01%2F06%2Fcasino-slots-demo%2F HTTP/1.1" 404 1251 "-" "Mozilla/5.0 (Macintosh; Intel Mac OS X 10_15_7) AppleWebKit/537.36 (KHTML, like Gecko) Chrome/135.0.0.0 Safari/537.36"
46.112.113.97 - - [04/Mar/2026:14:22:33 -0500] "POST /wp-content/plugins/wp-federation-provide/index.php HTTP/1.1" 200 44 "https://thecabinetrefinishing.com" "Mozilla/5.0 (Windows NT 10.0; Win64; x64; rv:46.0) Gecko/20100101 Firefox/46.0"
139.47.20.96 - - [04/Mar/2026:14:22:32 -0500] "POST /wp-content/plugins/wp-federation-provide/index.php HTTP/1.1" 200 44 "https://thecabinetrefinishing.com" "Mozilla/5.0 (compatible; MSIE 10.6; Windows NT 6.1; Trident/6.0; .NET CLR 2.0.50727; .NET CLR 3.5.30729; .NET CLR 3.0.30729; Media Center PC 6.0; .NET4.0C; .NET4.0E)"
179.40.42.70 - - [04/Mar/2026:14:22:39 -0500] "POST /wp-content/plugins/wp-federation-provide/index.php HTTP/1.1" 200 44 "https://thecabinetrefinishing.com" "Mozilla/5.0 (Windows NT 6.1; WOW64) AppleWebKit/537.36 (KHTML, like Gecko) Chrome/68.0.2590.140 Safari/537.36"
95.20.105.60 - - [04/Mar/2026:14:22:42 -0500] "POST /wp-content/plugins/wp-federation-provide/index.php HTTP/1.1" 200 44 "https://thecabinetrefinishing.com" "Mozilla/5.0 (Windows NT 6.1; Win64; x64) AppleWebKit/537.36 (KHTML, like Gecko) Chrome/67.0.3275.158 Safari/537.36"
66.249.73.130 - - [04/Mar/2026:14:22:44 -0500] "GET /products/2581196088 HTTP/1.1" 404 1251 "-" "Mozilla/5.0 (Linux; Android 6.0.1; Nexus 5X Build/MMB29P) AppleWebKit/537.36 (KHTML, like Gecko) Chrome/144.0.7559.132 Mobile Safari/537.36 (compatible; Googlebot/2.1; +http://www.google.com/bot.html)"
79.117.165.118 - - [04/Mar/2026:14:22:53 -0500] "POST /wp-content/plugins/wp-federation-provide/index.php HTTP/1.1" 200 44 "https://thecabinetrefinishing.com" "Mozilla/5.0 (Windows NT 6.1; WOW64) AppleWebKit/537.36 (KHTML, like Gecko) Chrome/64.0.2561.168 Safari/537.36"
84.115.220.240 - - [04/Mar/2026:14:23:09 -0500] "POST /wp-content/plugins/wp-federation-provide/index.php HTTP/1.1" 200 44 "https://thecabinetrefinishing.com" "Mozilla/5.0 (Windows NT 6.3; Win64; x64) AppleWebKit/537.36 (KHTML, like Gecko) Chrome/68.0.2903.40 Safari/537.36"
85.60.142.175 - - [04/Mar/2026:14:23:49 -0500] "POST /wp-content/plugins/wp-federation-provide/index.php HTTP/1.1" 200 44 "https://thecabinetrefinishing.com" "Mozilla/5.0 (Windows NT 6.1; Win64; x64) AppleWebKit/537.36 (KHTML, like Gecko) Chrome/67.0.3022.16 Safari/537.36"
79.117.80.169 - - [04/Mar/2026:14:23:52 -0500] "POST /wp-content/plugins/wp-federation-provide/index.php HTTP/1.1" 200 44 "https://thecabinetrefinishing.com" "Mozilla/5.0 (Windows NT 6.1; WOW64) AppleWebKit/537.36 (KHTML, like Gecko) Chrome/65.0.3257.72 Safari/537.36"
84.123.19.45 - - [04/Mar/2026:14:24:13 -0500] "POST /wp-content/plugins/wp-federation-provide/index.php HTTP/1.1" 200 44 "https://thecabinetrefinishing.com" "Mozilla/5.0 (Windows NT 6.1) AppleWebKit/537.36 (KHTML, like Gecko) Chrome/68.0.2862.113 Safari/537.36"
188.79.132.21 - - [04/Mar/2026:14:24:20 -0500] "POST /wp-content/plugins/wp-federation-provide/index.php HTTP/1.1" 200 44 "https://thecabinetrefinishing.com" "Mozilla/5.0 (Windows NT 10.0; Win64; x64) AppleWebKit/537.36 (KHTML, like Gecko) Chrome/62.0.3508.71 Safari/537.36"
54.39.0.90 - - [04/Mar/2026:14:24:24 -0500] "GET /products/3579759871 HTTP/1.1" 404 1251 "-" "Mozilla/5.0 (compatible; AhrefsBot/7.0; +http://ahrefs.com/robot/)"
93.50.250.24 - - [04/Mar/2026:14:24:32 -0500] "POST /wp-content/plugins/wp-federation-provide/index.php HTTP/1.1" 200 44 "https://thecabinetrefinishing.com" "Mozilla/5.0 (Windows NT 10.0; Win64; x64) AppleWebKit/537.36 (KHTML, like Gecko) Chrome/62.0.2126.151 Safari/537.36"
94.60.190.200 - - [04/Mar/2026:14:24:31 -0500] "POST /wp-content/plugins/wp-federation-provide/index.php HTTP/1.1" 200 44 "https://thecabinetrefinishing.com" "Mozilla/5.0 (Windows NT 10.0) AppleWebKit/537.36 (KHTML, like Gecko) Chrome/63.0.2818.33 Safari/537.36"
79.134.167.171 - - [04/Mar/2026:14:24:55 -0500] "POST /wp-content/plugins/wp-federation-provide/index.php HTTP/1.1" 200 44 "https://thecabinetrefinishing.com" "Mozilla/5.0 (Windows NT 6.1; Win64; x64) AppleWebKit/537.36 (KHTML, like Gecko) Chrome/66.0.3201.51 Safari/537.36"
45.79.42.132 - - [04/Mar/2026:14:25:02 -0500] "HEAD / HTTP/1.1" 200 0 "-" "Spider_Bot/3.0"
95.182.190.8 - - [04/Mar/2026:14:25:03 -0500] "POST /wp-content/plugins/wp-federation-provide/index.php HTTP/1.1" 200 44 "https://thecabinetrefinishing.com" "Mozilla/5.0 (Windows NT 10.0; Win64; x64) AppleWebKit/537.36 (KHTML, like Gecko) Chrome/69.0.3324.58 Safari/537.36"
168.210.77.71 - - [04/Mar/2026:14:25:22 -0500] "POST /wp-content/plugins/wp-federation-provide/index.php HTTP/1.1" 200 44 "https://thecabinetrefinishing.com" "Mozilla/5.0 (Windows NT 6.1; WOW64) AppleWebKit/537.36 (KHTML, like Gecko) Chrome/63.0.2516.33 Safari/537.36"
51.75.129.164 - - [04/Mar/2026:14:25:23 -0500] "GET /robots.txt HTTP/1.1" 200 444 "-" "Mozilla/5.0 (compatible; MJ12bot/v1.4.8; http://mj12bot.com/)"
77.75.76.161 - - [04/Mar/2026:14:25:23 -0500] "GET /special/009042813.html HTTP/1.1" 404 1251 "-" "Mozilla/5.0 (compatible; SeznamBot/4.0; +https://o-seznam.cz/napoveda/vyhledavani/en/seznambot-crawler/)"
51.75.129.164 - - [04/Mar/2026:14:25:24 -0500] "GET /5cdadf/?e=1770808699.M904728P4087100.server217.web-hosting.com,S=93125,W=94599&p=/home/thecwrif/mail/new HTTP/1.1" 200 182855 "-" "Mozilla/5.0 (compatible; MJ12bot/v1.4.8; http://mj12bot.com/)"
51.75.129.164 - - [04/Mar/2026:14:25:27 -0500] "GET /5cdadf/?p=/home/thecwrif/lscache/2/2/6 HTTP/1.1" 200 2905 "-" "Mozilla/5.0 (compatible; MJ12bot/v1.4.8; http://mj12bot.com/)"
51.75.129.164 - - [04/Mar/2026:14:25:30 -0500] "GET /5cdadf/?p=/home/thecwrif/lscache/2/4/1 HTTP/1.1" 200 3283 "-" "Mozilla/5.0 (compatible; MJ12bot/v1.4.8; http://mj12bot.com/)"
51.75.129.164 - - [04/Mar/2026:14:25:32 -0500] "GET /5cdadf/?p=/home/thecwrif/lscache/2/5/9 HTTP/1.1" 200 3245 "-" "Mozilla/5.0 (compatible; MJ12bot/v1.4.8; http://mj12bot.com/)"
51.75.129.164 - - [04/Mar/2026:14:25:34 -0500] "GET /5cdadf/?p=/home/thecwrif/lscache/2/5/b HTTP/1.1" 200 3156 "-" "Mozilla/5.0 (compatible; MJ12bot/v1.4.8; http://mj12bot.com/)"
51.75.129.164 - - [04/Mar/2026:14:25:37 -0500] "GET /5cdadf/?p=/home/thecwrif/lscache/2/e/1 HTTP/1.1" 200 3497 "-" "Mozilla/5.0 (compatible; MJ12bot/v1.4.8; http://mj12bot.com/)"
