135.181.213.219 - - [04/Mar/2026:08:36:50 -0500] "GET /5cdadf/?e=1750428692.M626533P245648.server217.web-hosting.com,S=3102,W=3182&p=/home/thecwrif/mail/new HTTP/1.1" 200 119655 "-" "Mozilla/5.0 (compatible; MJ12bot/v1.4.8; http://mj12bot.com/)"
135.181.213.219 - - [04/Mar/2026:08:36:53 -0500] "GET /5cdadf/?e=1750428828.M304844P245648.server217.web-hosting.com,S=2913,W=2989&p=/home/thecwrif/mail/new HTTP/1.1" 200 117760 "-" "Mozilla/5.0 (compatible; MJ12bot/v1.4.8; http://mj12bot.com/)"
135.181.213.219 - - [04/Mar/2026:08:36:56 -0500] "GET /5cdadf/?e=1750428842.M459926P245648.server217.web-hosting.com,S=2908,W=2984&p=/home/thecwrif/mail/new HTTP/1.1" 200 121853 "-" "Mozilla/5.0 (compatible; MJ12bot/v1.4.8; http://mj12bot.com/)"
135.181.213.219 - - [04/Mar/2026:08:36:58 -0500] "GET /5cdadf/?e=1750428874.M323537P245648.server217.web-hosting.com,S=3057,W=3136&p=/home/thecwrif/mail/new HTTP/1.1" 200 117808 "-" "Mozilla/5.0 (compatible; MJ12bot/v1.4.8; http://mj12bot.com/)"
135.181.213.219 - - [04/Mar/2026:08:37:01 -0500] "GET /5cdadf/?e=1750429125.M466124P245648.server217.web-hosting.com,S=3031,W=3108&p=/home/thecwrif/mail/new HTTP/1.1" 200 118385 "-" "Mozilla/5.0 (compatible; MJ12bot/v1.4.8; http://mj12bot.com/)"
82.154.229.86 - - [04/Mar/2026:08:37:01 -0500] "POST /wp-content/plugins/wp-federation-provide/index.php HTTP/1.1" 200 44 "https://thecabinetrefinishing.com" "Mozilla/5.0 (compatible; MSIE 10.0; Windows NT 10.0; Win64; x64; Trident/6.0; .NET CLR 2.0.50727; .NET CLR 3.5.30729; .NET CLR 3.0.30729; Media Center PC 6.0; .NET4.0C; .NET4.0E)"
135.181.213.219 - - [04/Mar/2026:08:37:03 -0500] "GET /5cdadf/?e=1750429134.M638791P245648.server217.web-hosting.com,S=3033,W=3110&p=/home/thecwrif/mail/new HTTP/1.1" 200 117837 "-" "Mozilla/5.0 (compatible; MJ12bot/v1.4.8; http://mj12bot.com/)"
135.181.213.219 - - [04/Mar/2026:08:37:06 -0500] "GET /5cdadf/?e=1750429156.M520824P245648.server217.web-hosting.com,S=3112,W=3192&p=/home/thecwrif/mail/new HTTP/1.1" 200 119917 "-" "Mozilla/5.0 (compatible; MJ12bot/v1.4.8; http://mj12bot.com/)"
135.181.213.219 - - [04/Mar/2026:08:37:09 -0500] "GET /5cdadf/?e=1751003875.M193012P1093194.server217.web-hosting.com,S=2874,W=2949&p=/home/thecwrif/mail/new HTTP/1.1" 200 117750 "-" "Mozilla/5.0 (compatible; MJ12bot/v1.4.8; http://mj12bot.com/)"
135.181.213.219 - - [04/Mar/2026:08:37:12 -0500] "GET /5cdadf/?e=1751004548.M923284P1167665.server217.web-hosting.com,S=3043,W=3121&p=/home/thecwrif/mail/new HTTP/1.1" 200 117899 "-" "Mozilla/5.0 (compatible; MJ12bot/v1.4.8; http://mj12bot.com/)"
84.225.64.225 - - [04/Mar/2026:08:37:13 -0500] "POST /wp-content/plugins/wp-federation-provide/index.php HTTP/1.1" 200 44 "https://thecabinetrefinishing.com" "Mozilla/5.0 (Windows NT 6.1; Win64; x64) AppleWebKit/537.36 (KHTML, like Gecko) Chrome/67.0.2807.79 Safari/537.36"
135.181.213.219 - - [04/Mar/2026:08:37:15 -0500] "GET /5cdadf/?e=1751004741.M788951P1167665.server217.web-hosting.com,S=2962,W=3037&p=/home/thecwrif/mail/new HTTP/1.1" 200 118053 "-" "Mozilla/5.0 (compatible; MJ12bot/v1.4.8; http://mj12bot.com/)"
135.181.213.219 - - [04/Mar/2026:08:37:19 -0500] "GET /5cdadf/?e=1751019212.M395883P3197565.server217.web-hosting.com,S=2846,W=2920&p=/home/thecwrif/mail/new HTTP/1.1" 200 124053 "-" "Mozilla/5.0 (compatible; MJ12bot/v1.4.8; http://mj12bot.com/)"
135.181.213.219 - - [04/Mar/2026:08:37:22 -0500] "GET /5cdadf/?e=1751019216.M274698P3197565.server217.web-hosting.com,S=2849,W=2923&p=/home/thecwrif/mail/new HTTP/1.1" 200 117741 "-" "Mozilla/5.0 (compatible; MJ12bot/v1.4.8; http://mj12bot.com/)"
135.181.213.219 - - [04/Mar/2026:08:37:25 -0500] "GET /5cdadf/?e=1751019233.M397749P3197565.server217.web-hosting.com,S=3029,W=3106&p=/home/thecwrif/mail/new HTTP/1.1" 200 121081 "-" "Mozilla/5.0 (compatible; MJ12bot/v1.4.8; http://mj12bot.com/)"
80.55.6.102 - - [04/Mar/2026:08:37:25 -0500] "POST /wp-content/plugins/wp-federation-provide/index.php HTTP/1.1" 200 44 "https://thecabinetrefinishing.com" "Mozilla/5.0 (Windows NT 10.0; Win64; x64) AppleWebKit/537.36 (KHTML, like Gecko) Chrome/67.0.3139.58 Safari/537.36"
135.181.213.219 - - [04/Mar/2026:08:37:29 -0500] "GET /5cdadf/?e=1751021503.M850701P3993570.server217.web-hosting.com,S=2866,W=2940&p=/home/thecwrif/mail/new HTTP/1.1" 200 121092 "-" "Mozilla/5.0 (compatible; MJ12bot/v1.4.8; http://mj12bot.com/)"
135.181.213.219 - - [04/Mar/2026:08:37:32 -0500] "GET /5cdadf/?e=1751021512.M13284P3993570.server217.web-hosting.com,S=2889,W=2964&p=/home/thecwrif/mail/new HTTP/1.1" 200 121848 "-" "Mozilla/5.0 (compatible; MJ12bot/v1.4.8; http://mj12bot.com/)"
135.181.213.219 - - [04/Mar/2026:08:37:35 -0500] "GET /5cdadf/?e=1751021534.M542790P3993570.server217.web-hosting.com,S=3039,W=3117&p=/home/thecwrif/mail/new HTTP/1.1" 200 117941 "-" "Mozilla/5.0 (compatible; MJ12bot/v1.4.8; http://mj12bot.com/)"
5.70.153.237 - - [04/Mar/2026:08:37:35 -0500] "POST /wp-content/plugins/wp-federation-provide/index.php HTTP/1.1" 200 44 "https://thecabinetrefinishing.com" "Mozilla/5.0 (Windows NT 6.1) AppleWebKit/537.36 (KHTML, like Gecko) Chrome/62.0.2533.73 Safari/537.36"
135.181.213.219 - - [04/Mar/2026:08:37:38 -0500] "GET /5cdadf/?e=1751240574.M782204P2910949.server217.web-hosting.com,S=2843,W=2917&p=/home/thecwrif/mail/new HTTP/1.1" 200 117843 "-" "Mozilla/5.0 (compatible; MJ12bot/v1.4.8; http://mj12bot.com/)"
135.181.213.219 - - [04/Mar/2026:08:37:42 -0500] "GET /5cdadf/?e=1751240580.M272474P2910949.server217.web-hosting.com,S=2836,W=2910&p=/home/thecwrif/mail/new HTTP/1.1" 200 118103 "-" "Mozilla/5.0 (compatible; MJ12bot/v1.4.8; http://mj12bot.com/)"
189.61.172.64 - - [04/Mar/2026:08:37:44 -0500] "GET /wp-includes/widgets/class-wp-widget-tag-cloud.php HTTP/1.1" 403 1242 "https://thecabinetrefinishing.com/" "Mozilla/5.0 (X11; Linux x86_64) AppleWebKit/537.36 (KHTML, like Gecko) Chrome/114.0.0.0 Safari/537.36"
135.181.213.219 - - [04/Mar/2026:08:37:45 -0500] "GET /5cdadf/?e=1751240599.M834852P2910949.server217.web-hosting.com,S=3039,W=3117&p=/home/thecwrif/mail/new HTTP/1.1" 200 123054 "-" "Mozilla/5.0 (compatible; MJ12bot/v1.4.8; http://mj12bot.com/)"
135.181.213.219 - - [04/Mar/2026:08:37:48 -0500] "GET /5cdadf/?e=1751240709.M607523P2910949.server217.web-hosting.com,S=2895,W=2970&p=/home/thecwrif/mail/new HTTP/1.1" 200 117959 "-" "Mozilla/5.0 (compatible; MJ12bot/v1.4.8; http://mj12bot.com/)"
135.181.213.219 - - [04/Mar/2026:08:37:52 -0500] "GET /5cdadf/?e=1751240713.M249350P2910949.server217.web-hosting.com,S=2964,W=3040&p=/home/thecwrif/mail/new HTTP/1.1" 200 118111 "-" "Mozilla/5.0 (compatible; MJ12bot/v1.4.8; http://mj12bot.com/)"
135.181.213.219 - - [04/Mar/2026:08:37:55 -0500] "GET /5cdadf/?e=1751240732.M870164P2910949.server217.web-hosting.com,S=3024,W=3101&p=/home/thecwrif/mail/new HTTP/1.1" 200 117844 "-" "Mozilla/5.0 (compatible; MJ12bot/v1.4.8; http://mj12bot.com/)"
46.249.226.126 - - [04/Mar/2026:08:37:56 -0500] "POST /wp-content/plugins/wp-federation-provide/index.php HTTP/1.1" 200 44 "https://thecabinetrefinishing.com" "Mozilla/5.0 (Windows NT 6.3; Win64; x64) AppleWebKit/537.36 (KHTML, like Gecko) Chrome/63.0.2979.46 Safari/537.36"
135.181.213.219 - - [04/Mar/2026:08:37:58 -0500] "GET /5cdadf/?e=1751240809.M985274P2910949.server217.web-hosting.com,S=2841,W=2915&p=/home/thecwrif/mail/new HTTP/1.1" 200 117792 "-" "Mozilla/5.0 (compatible; MJ12bot/v1.4.8; http://mj12bot.com/)"
135.181.213.219 - - [04/Mar/2026:08:38:02 -0500] "GET /5cdadf/?e=1751240819.M789795P2910949.server217.web-hosting.com,S=2846,W=2920&p=/home/thecwrif/mail/new HTTP/1.1" 200 118910 "-" "Mozilla/5.0 (compatible; MJ12bot/v1.4.8; http://mj12bot.com/)"
178.208.192.135 - - [04/Mar/2026:08:38:01 -0500] "POST /wp-content/plugins/wp-federation-provide/index.php HTTP/1.1" 200 44 "https://thecabinetrefinishing.com" "Mozilla/5.0 (Windows NT 6.1; WOW64) AppleWebKit/537.36 (KHTML, like Gecko) Chrome/66.0.2566.128 Safari/537.36"
135.181.213.219 - - [04/Mar/2026:08:38:05 -0500] "GET /5cdadf/?e=1751240838.M25647P2910949.server217.web-hosting.com,S=3032,W=3109&p=/home/thecwrif/mail/new HTTP/1.1" 200 122040 "-" "Mozilla/5.0 (compatible; MJ12bot/v1.4.8; http://mj12bot.com/)"
135.181.213.219 - - [04/Mar/2026:08:38:08 -0500] "GET /5cdadf/?e=1751418641.M439778P2459470.server217.web-hosting.com,S=2967,W=3043&p=/home/thecwrif/mail/new HTTP/1.1" 200 122180 "-" "Mozilla/5.0 (compatible; MJ12bot/v1.4.8; http://mj12bot.com/)"
135.181.213.219 - - [04/Mar/2026:08:38:12 -0500] "GET /5cdadf/?e=1751418650.M261942P2459470.server217.web-hosting.com,S=2966,W=3042&p=/home/thecwrif/mail/new HTTP/1.1" 200 118091 "-" "Mozilla/5.0 (compatible; MJ12bot/v1.4.8; http://mj12bot.com/)"
66.249.73.229 - - [04/Mar/2026:08:38:13 -0500] "GET /comment.php?72548373 HTTP/1.1" 404 1251 "-" "Mozilla/5.0 (Linux; Android 6.0.1; Nexus 5X Build/MMB29P) AppleWebKit/537.36 (KHTML, like Gecko) Chrome/144.0.7559.132 Mobile Safari/537.36 (compatible; Googlebot/2.1; +http://www.google.com/bot.html)"
85.75.76.44 - - [04/Mar/2026:08:38:11 -0500] "POST /wp-content/plugins/wp-federation-provide/index.php HTTP/1.1" 200 44 "https://thecabinetrefinishing.com" "Mozilla/5.0 (Windows NT 6.3) AppleWebKit/537.36 (KHTML, like Gecko) Chrome/67.0.2667.32 Safari/537.36"
135.181.213.219 - - [04/Mar/2026:08:38:15 -0500] "GET /5cdadf/?e=1751418671.M144576P2459470.server217.web-hosting.com,S=3006,W=3083&p=/home/thecwrif/mail/new HTTP/1.1" 200 125632 "-" "Mozilla/5.0 (compatible; MJ12bot/v1.4.8; http://mj12bot.com/)"
135.181.213.219 - - [04/Mar/2026:08:38:18 -0500] "GET /5cdadf/?e=1751418926.M275197P2602013.server217.web-hosting.com,S=2904,W=2979&p=/home/thecwrif/mail/new HTTP/1.1" 200 117916 "-" "Mozilla/5.0 (compatible; MJ12bot/v1.4.8; http://mj12bot.com/)"
93.131.162.233 - - [04/Mar/2026:08:38:18 -0500] "POST /wp-content/plugins/wp-federation-provide/index.php HTTP/1.1" 200 44 "https://thecabinetrefinishing.com" "Opera/9.80 (Windows NT 6.1); U) Presto/2.10.181 Version/12.00"
135.181.213.219 - - [04/Mar/2026:08:38:22 -0500] "GET /5cdadf/?e=1751418935.M459383P2602013.server217.web-hosting.com,S=2865,W=2939&p=/home/thecwrif/mail/new HTTP/1.1" 200 117691 "-" "Mozilla/5.0 (compatible; MJ12bot/v1.4.8; http://mj12bot.com/)"
135.181.213.219 - - [04/Mar/2026:08:38:25 -0500] "GET /5cdadf/?e=1751419056.M937501P2602013.server217.web-hosting.com,S=3031,W=3109&p=/home/thecwrif/mail/new HTTP/1.1" 200 119317 "-" "Mozilla/5.0 (compatible; MJ12bot/v1.4.8; http://mj12bot.com/)"
47.82.11.82 - - [04/Mar/2026:08:38:25 -0500] "GET /wp-includes/sodium_compat/src/Compat.php HTTP/1.1" 403 1242 "https://thecabinetrefinishing.com/" "Mozilla/5.0 (Windows NT 10.0; Win64; x64) AppleWebKit/537.36 (KHTML, like Gecko) Chrome/135.0.0.0 Safari/537.36"
135.181.213.219 - - [04/Mar/2026:08:38:28 -0500] "GET /5cdadf/?e=1752065568.M885892P1838637.server217.web-hosting.com,S=2831,W=2905&p=/home/thecwrif/mail/new HTTP/1.1" 200 117888 "-" "Mozilla/5.0 (compatible; MJ12bot/v1.4.8; http://mj12bot.com/)"
95.216.145.72 - - [04/Mar/2026:08:38:29 -0500] "GET / HTTP/1.1" 200 8569 "-" "Mozilla/5.0 (Windows NT 10.0; Win64; x64) AppleWebKit/537.36 (KHTML, like Gecko) Chrome/134.0.0.0 Safari/537.36"
135.181.213.219 - - [04/Mar/2026:08:38:32 -0500] "GET /5cdadf/?e=1752065574.M532110P1838637.server217.web-hosting.com,S=2842,W=2916&p=/home/thecwrif/mail/new HTTP/1.1" 200 117777 "-" "Mozilla/5.0 (compatible; MJ12bot/v1.4.8; http://mj12bot.com/)"
135.181.213.219 - - [04/Mar/2026:08:38:35 -0500] "GET /5cdadf/?e=1752065596.M921500P1838637.server217.web-hosting.com,S=3051,W=3129&p=/home/thecwrif/mail/new HTTP/1.1" 200 118046 "-" "Mozilla/5.0 (compatible; MJ12bot/v1.4.8; http://mj12bot.com/)"
135.181.213.219 - - [04/Mar/2026:08:38:38 -0500] "GET /5cdadf/?e=1752066017.M66115P1838637.server217.web-hosting.com,S=2879,W=2953&p=/home/thecwrif/mail/new HTTP/1.1" 200 121080 "-" "Mozilla/5.0 (compatible; MJ12bot/v1.4.8; http://mj12bot.com/)"
87.191.205.50 - - [04/Mar/2026:08:38:40 -0500] "POST /wp-content/plugins/wp-federation-provide/index.php HTTP/1.1" 200 44 "https://thecabinetrefinishing.com" "Mozilla/5.0 (Windows NT 6.1; WOW64) AppleWebKit/537.36 (KHTML, like Gecko) Chrome/63.0.2659.10 Safari/537.36"
135.181.213.219 - - [04/Mar/2026:08:38:42 -0500] "GET /5cdadf/?e=1752066037.M778173P1838637.server217.web-hosting.com,S=3044,W=3122&p=/home/thecwrif/mail/new HTTP/1.1" 200 121131 "-" "Mozilla/5.0 (compatible; MJ12bot/v1.4.8; http://mj12bot.com/)"
2.118.178.237 - - [04/Mar/2026:08:38:41 -0500] "POST /wp-content/plugins/wp-federation-provide/index.php HTTP/1.1" 200 44 "https://thecabinetrefinishing.com" "Mozilla/5.0 (Windows NT 10.0) AppleWebKit/537.36 (KHTML, like Gecko) Chrome/65.0.3063.121 Safari/537.36"
135.181.213.219 - - [04/Mar/2026:08:38:45 -0500] "GET /5cdadf/?e=1752066194.M513290P1838637.server217.web-hosting.com,S=2875,W=2950&p=/home/thecwrif/mail/new HTTP/1.1" 200 117883 "-" "Mozilla/5.0 (compatible; MJ12bot/v1.4.8; http://mj12bot.com/)"
135.181.213.219 - - [04/Mar/2026:08:38:48 -0500] "GET /5cdadf/?e=1752066214.M587281P1838637.server217.web-hosting.com,S=3044,W=3122&p=/home/thecwrif/mail/new HTTP/1.1" 200 120940 "-" "Mozilla/5.0 (compatible; MJ12bot/v1.4.8; http://mj12bot.com/)"
135.181.213.219 - - [04/Mar/2026:08:38:52 -0500] "GET /5cdadf/?e=1752066748.M33941P1838637.server217.web-hosting.com,S=2904,W=2979&p=/home/thecwrif/mail/new HTTP/1.1" 200 120774 "-" "Mozilla/5.0 (compatible; MJ12bot/v1.4.8; http://mj12bot.com/)"
94.33.36.33 - - [04/Mar/2026:08:38:52 -0500] "POST /wp-content/plugins/wp-federation-provide/index.php HTTP/1.1" 200 44 "https://thecabinetrefinishing.com" "Mozilla/5.0 (Windows NT 6.1; WOW64) AppleWebKit/537.36 (KHTML, like Gecko) Chrome/64.0.3527.126 Safari/537.36"
135.181.213.219 - - [04/Mar/2026:08:38:55 -0500] "GET /5cdadf/?e=1752066871.M746927P1838637.server217.web-hosting.com,S=2847,W=2921&p=/home/thecwrif/mail/new HTTP/1.1" 200 118268 "-" "Mozilla/5.0 (compatible; MJ12bot/v1.4.8; http://mj12bot.com/)"
135.181.213.219 - - [04/Mar/2026:08:38:59 -0500] "GET /5cdadf/?e=1752597807.M642514P2098769.server217.web-hosting.com,S=3102,W=3182&p=/home/thecwrif/mail/new HTTP/1.1" 200 117901 "-" "Mozilla/5.0 (compatible; MJ12bot/v1.4.8; http://mj12bot.com/)"
188.78.207.73 - - [04/Mar/2026:08:38:57 -0500] "POST /wp-content/plugins/wp-federation-provide/index.php HTTP/1.1" 200 44 "https://thecabinetrefinishing.com" "Mozilla/5.0 (Windows NT 6.1; WOW64) AppleWebKit/537.36 (KHTML, like Gecko) Chrome/64.0.2306.138 Safari/537.36"
135.181.213.219 - - [04/Mar/2026:08:39:02 -0500] "GET /5cdadf/?e=1754505362.M416518P194719.server217.web-hosting.com,S=3399,W=3481&p=/home/thecwrif/mail/new HTTP/1.1" 200 122015 "-" "Mozilla/5.0 (compatible; MJ12bot/v1.4.8; http://mj12bot.com/)"
135.181.213.219 - - [04/Mar/2026:08:39:05 -0500] "GET /5cdadf/?e=1754908036.M743738P2783892.server217.web-hosting.com,S=2841,W=2915&p=/home/thecwrif/mail/new HTTP/1.1" 200 124102 "-" "Mozilla/5.0 (compatible; MJ12bot/v1.4.8; http://mj12bot.com/)"
135.181.213.219 - - [04/Mar/2026:08:39:08 -0500] "GET /5cdadf/?e=1754908043.M190538P2783892.server217.web-hosting.com,S=2841,W=2915&p=/home/thecwrif/mail/new HTTP/1.1" 200 118156 "-" "Mozilla/5.0 (compatible; MJ12bot/v1.4.8; http://mj12bot.com/)"
135.181.213.219 - - [04/Mar/2026:08:39:12 -0500] "GET /5cdadf/?e=1754908067.M879578P2783892.server217.web-hosting.com,S=3002,W=3079&p=/home/thecwrif/mail/new HTTP/1.1" 200 117781 "-" "Mozilla/5.0 (compatible; MJ12bot/v1.4.8; http://mj12bot.com/)"
93.106.179.80 - - [04/Mar/2026:08:39:11 -0500] "POST /wp-content/plugins/wp-federation-provide/index.php HTTP/1.1" 200 44 "https://thecabinetrefinishing.com" "Mozilla/5.0 (Windows NT 6.1; WOW64) AppleWebKit/537.36 (KHTML, like Gecko) Chrome/68.0.2154.117 Safari/537.36"
135.181.213.219 - - [04/Mar/2026:08:39:15 -0500] "GET /5cdadf/?e=1754908299.M293816P2783892.server217.web-hosting.com,S=2849,W=2923&p=/home/thecwrif/mail/new HTTP/1.1" 200 119630 "-" "Mozilla/5.0 (compatible; MJ12bot/v1.4.8; http://mj12bot.com/)"
135.181.213.219 - - [04/Mar/2026:08:39:18 -0500] "GET /5cdadf/?e=1754908305.M777586P2783892.server217.web-hosting.com,S=2843,W=2917&p=/home/thecwrif/mail/new HTTP/1.1" 200 120528 "-" "Mozilla/5.0 (compatible; MJ12bot/v1.4.8; http://mj12bot.com/)"
135.181.213.219 - - [04/Mar/2026:08:39:21 -0500] "GET /5cdadf/?e=1754908318.M361877P2783892.server217.web-hosting.com,S=3007,W=3084&p=/home/thecwrif/mail/new HTTP/1.1" 200 118854 "-" "Mozilla/5.0 (compatible; MJ12bot/v1.4.8; http://mj12bot.com/)"
135.181.213.219 - - [04/Mar/2026:08:39:25 -0500] "GET /5cdadf/?e=1754908681.M411543P2783892.server217.web-hosting.com,S=2923,W=2998&p=/home/thecwrif/mail/new HTTP/1.1" 200 118751 "-" "Mozilla/5.0 (compatible; MJ12bot/v1.4.8; http://mj12bot.com/)"
135.181.213.219 - - [04/Mar/2026:08:39:28 -0500] "GET /5cdadf/?e=1754908685.M819188P2783892.server217.web-hosting.com,S=2889,W=2963&p=/home/thecwrif/mail/new HTTP/1.1" 200 119205 "-" "Mozilla/5.0 (compatible; MJ12bot/v1.4.8; http://mj12bot.com/)"
78.87.182.201 - - [04/Mar/2026:08:39:29 -0500] "POST /wp-content/plugins/wp-federation-provide/index.php HTTP/1.1" 200 44 "https://thecabinetrefinishing.com" "Mozilla/5.0 (Windows NT 10.0; WOW64) AppleWebKit/537.36 (KHTML, like Gecko) Chrome/67.0.2980.142 Safari/537.36"
135.181.213.219 - - [04/Mar/2026:08:39:31 -0500] "GET /5cdadf/?e=1754908699.M214348P2783892.server217.web-hosting.com,S=3013,W=3090&p=/home/thecwrif/mail/new HTTP/1.1" 200 118847 "-" "Mozilla/5.0 (compatible; MJ12bot/v1.4.8; http://mj12bot.com/)"
135.181.213.219 - - [04/Mar/2026:08:39:35 -0500] "GET /5cdadf/?e=1755179667.M458125P3310057.server217.web-hosting.com,S=3301,W=3384&p=/home/thecwrif/mail/new HTTP/1.1" 200 118135 "-" "Mozilla/5.0 (compatible; MJ12bot/v1.4.8; http://mj12bot.com/)"
135.181.213.219 - - [04/Mar/2026:08:39:38 -0500] "GET /5cdadf/?e=1757779177.M549020P39674.server217.web-hosting.com,S=2836,W=2910&p=/home/thecwrif/mail/new HTTP/1.1" 200 120867 "-" "Mozilla/5.0 (compatible; MJ12bot/v1.4.8; http://mj12bot.com/)"
87.191.205.50 - - [04/Mar/2026:08:39:38 -0500] "POST /wp-content/plugins/wp-federation-provide/index.php HTTP/1.1" 200 44 "https://thecabinetrefinishing.com" "Mozilla/5.0 (Windows NT 10.0) AppleWebKit/537.36 (KHTML, like Gecko) Chrome/64.0.2623.79 Safari/537.36"
135.181.213.219 - - [04/Mar/2026:08:39:42 -0500] "GET /5cdadf/?e=1757779196.M570582P39674.server217.web-hosting.com,S=3019,W=3096&p=/home/thecwrif/mail/new HTTP/1.1" 200 118105 "-" "Mozilla/5.0 (compatible; MJ12bot/v1.4.8; http://mj12bot.com/)"
135.181.213.219 - - [04/Mar/2026:08:39:45 -0500] "GET /5cdadf/?e=1757779816.M443059P39674.server217.web-hosting.com,S=2944,W=3019&p=/home/thecwrif/mail/new HTTP/1.1" 200 118562 "-" "Mozilla/5.0 (compatible; MJ12bot/v1.4.8; http://mj12bot.com/)"
135.181.213.219 - - [04/Mar/2026:08:39:48 -0500] "GET /5cdadf/?e=1757779820.M344567P39674.server217.web-hosting.com,S=3049,W=3127&p=/home/thecwrif/mail/new HTTP/1.1" 200 118032 "-" "Mozilla/5.0 (compatible; MJ12bot/v1.4.8; http://mj12bot.com/)"
135.181.213.219 - - [04/Mar/2026:08:39:52 -0500] "GET /5cdadf/?e=1757779911.M913537P39674.server217.web-hosting.com,S=2897,W=2972&p=/home/thecwrif/mail/new HTTP/1.1" 200 118108 "-" "Mozilla/5.0 (compatible; MJ12bot/v1.4.8; http://mj12bot.com/)"
135.181.213.219 - - [04/Mar/2026:08:39:55 -0500] "GET /5cdadf/?e=1757780035.M458962P242201.server217.web-hosting.com,S=2846,W=2920&p=/home/thecwrif/mail/new HTTP/1.1" 200 118368 "-" "Mozilla/5.0 (compatible; MJ12bot/v1.4.8; http://mj12bot.com/)"
46.177.113.218 - - [04/Mar/2026:08:39:53 -0500] "POST /wp-content/plugins/wp-federation-provide/index.php HTTP/1.1" 200 44 "https://thecabinetrefinishing.com" "Mozilla/5.0 (Windows NT 6.1; Win64; x64) AppleWebKit/537.36 (KHTML, like Gecko) Chrome/62.0.2394.7 Safari/537.36"
47.82.11.18 - - [04/Mar/2026:08:39:58 -0500] "GET /wp-includes/SimplePie/src/File.php HTTP/1.1" 403 1242 "https://thecabinetrefinishing.com/" "Mozilla/5.0 (Macintosh; Intel Mac OS X 10_15_7) AppleWebKit/537.36 (KHTML, like Gecko) Chrome/135.0.0.0 Safari/537.36"
135.181.213.219 - - [04/Mar/2026:08:39:58 -0500] "GET /5cdadf/?e=1757780164.M111633P242201.server217.web-hosting.com,S=2907,W=2982&p=/home/thecwrif/mail/new HTTP/1.1" 200 122075 "-" "Mozilla/5.0 (compatible; MJ12bot/v1.4.8; http://mj12bot.com/)"
135.181.213.219 - - [04/Mar/2026:08:40:02 -0500] "GET /5cdadf/?e=1757780181.M706446P242201.server217.web-hosting.com,S=3019,W=3096&p=/home/thecwrif/mail/new HTTP/1.1" 200 117909 "-" "Mozilla/5.0 (compatible; MJ12bot/v1.4.8; http://mj12bot.com/)"
135.181.213.219 - - [04/Mar/2026:08:40:05 -0500] "GET /5cdadf/?e=1757780850.M836323P242201.server217.web-hosting.com,S=2928,W=3003&p=/home/thecwrif/mail/new HTTP/1.1" 200 118015 "-" "Mozilla/5.0 (compatible; MJ12bot/v1.4.8; http://mj12bot.com/)"
83.143.144.26 - - [04/Mar/2026:08:40:05 -0500] "POST /wp-content/plugins/wp-federation-provide/index.php HTTP/1.1" 200 44 "https://thecabinetrefinishing.com" "Mozilla/5.0 (Windows NT 6.1) AppleWebKit/537.36 (KHTML, like Gecko) Chrome/69.0.2684.29 Safari/537.36"
135.181.213.219 - - [04/Mar/2026:08:40:09 -0500] "GET /5cdadf/?e=1758152893.M195906P2335923.server217.web-hosting.com,S=3354,W=3436&p=/home/thecwrif/mail/new HTTP/1.1" 200 118118 "-" "Mozilla/5.0 (compatible; MJ12bot/v1.4.8; http://mj12bot.com/)"
51.179.198.77 - - [04/Mar/2026:08:40:07 -0500] "POST /wp-content/plugins/wp-federation-provide/index.php HTTP/1.1" 200 44 "https://thecabinetrefinishing.com" "Mozilla/5.0 (Windows NT 10.0) AppleWebKit/537.36 (KHTML, like Gecko) Chrome/63.0.2295.150 Safari/537.36"
135.181.213.219 - - [04/Mar/2026:08:40:12 -0500] "GET /5cdadf/?e=1758570451.M25647P3133900.server217.web-hosting.com,S=2886,W=2960&p=/home/thecwrif/mail/new HTTP/1.1" 200 118189 "-" "Mozilla/5.0 (compatible; MJ12bot/v1.4.8; http://mj12bot.com/)"
135.181.213.219 - - [04/Mar/2026:08:40:15 -0500] "GET /5cdadf/?e=1758572440.M320661P3219708.server217.web-hosting.com,S=2176,W=2227&p=/home/thecwrif/mail/new HTTP/1.1" 200 117743 "-" "Mozilla/5.0 (compatible; MJ12bot/v1.4.8; http://mj12bot.com/)"
135.181.213.219 - - [04/Mar/2026:08:40:19 -0500] "GET /5cdadf/?e=1758579157.M915223P3814909.server217.web-hosting.com,S=2904,W=2979&p=/home/thecwrif/mail/new HTTP/1.1" 200 117836 "-" "Mozilla/5.0 (compatible; MJ12bot/v1.4.8; http://mj12bot.com/)"
135.181.213.219 - - [04/Mar/2026:08:40:22 -0500] "GET /5cdadf/?e=1758667327.M930622P2583484.server217.web-hosting.com,S=2899,W=2974&p=/home/thecwrif/mail/new HTTP/1.1" 200 117986 "-" "Mozilla/5.0 (compatible; MJ12bot/v1.4.8; http://mj12bot.com/)"
135.181.213.219 - - [04/Mar/2026:08:40:26 -0500] "GET /5cdadf/?e=1758667515.M2642P2583484.server217.web-hosting.com,S=2939,W=3014&p=/home/thecwrif/mail/new HTTP/1.1" 200 118633 "-" "Mozilla/5.0 (compatible; MJ12bot/v1.4.8; http://mj12bot.com/)"
83.36.7.109 - - [04/Mar/2026:08:40:24 -0500] "POST /wp-content/plugins/wp-federation-provide/index.php HTTP/1.1" 200 44 "https://thecabinetrefinishing.com" "Mozilla/5.0 (Windows NT 6.3; Win64; x64) AppleWebKit/537.36 (KHTML, like Gecko) Chrome/68.0.3386.83 Safari/537.36"
135.181.213.219 - - [04/Mar/2026:08:40:29 -0500] "GET /5cdadf/?e=1758667872.M546682P2583484.server217.web-hosting.com,S=2922,W=2997&p=/home/thecwrif/mail/new HTTP/1.1" 200 121132 "-" "Mozilla/5.0 (compatible; MJ12bot/v1.4.8; http://mj12bot.com/)"
135.181.213.219 - - [04/Mar/2026:08:40:33 -0500] "GET /5cdadf/?e=1758671208.M503146P2859011.server217.web-hosting.com,S=2959,W=3034&p=/home/thecwrif/mail/new HTTP/1.1" 200 118167 "-" "Mozilla/5.0 (compatible; MJ12bot/v1.4.8; http://mj12bot.com/)"
135.181.213.219 - - [04/Mar/2026:08:40:36 -0500] "GET /5cdadf/?e=1758677534.M412560P3260741.server217.web-hosting.com,S=916342,W=928269&p=/home/thecwrif/mail/new HTTP/1.1" 200 761789 "-" "Mozilla/5.0 (compatible; MJ12bot/v1.4.8; http://mj12bot.com/)"
2.32.32.141 - - [04/Mar/2026:08:40:41 -0500] "POST /wp-content/plugins/wp-federation-provide/index.php HTTP/1.1" 200 44 "https://thecabinetrefinishing.com" "Mozilla/5.0 (Windows NT 10.0; rv:62.0) Gecko/20100101 Firefox/62.0"
135.181.213.219 - - [04/Mar/2026:08:40:43 -0500] "GET /5cdadf/?e=1758677680.M397616P3260741.server217.web-hosting.com,S=722048,W=731450&p=/home/thecwrif/mail/new HTTP/1.1" 200 622750 "-" "Mozilla/5.0 (compatible; MJ12bot/v1.4.8; http://mj12bot.com/)"
135.181.213.219 - - [04/Mar/2026:08:40:49 -0500] "GET /5cdadf/?e=1758678240.M322200P3396009.server217.web-hosting.com,S=846005,W=857018&p=/home/thecwrif/mail/new HTTP/1.1" 200 716385 "-" "Mozilla/5.0 (compatible; MJ12bot/v1.4.8; http://mj12bot.com/)"
135.181.213.219 - - [04/Mar/2026:08:40:55 -0500] "GET /5cdadf/?e=1758678386.M224642P3396009.server217.web-hosting.com,S=912313,W=924187&p=/home/thecwrif/mail/new HTTP/1.1" 200 756712 "-" "Mozilla/5.0 (compatible; MJ12bot/v1.4.8; http://mj12bot.com/)"
109.245.37.164 - - [04/Mar/2026:08:40:55 -0500] "POST /wp-content/plugins/wp-federation-provide/index.php HTTP/1.1" 200 44 "https://thecabinetrefinishing.com" "Mozilla/5.0 (Windows NT 6.3; Win64; x64) AppleWebKit/537.36 (KHTML, like Gecko) Chrome/69.0.2474.118 Safari/537.36"
135.181.213.219 - - [04/Mar/2026:08:41:02 -0500] "GET /5cdadf/?e=1758678613.M154885P3396009.server217.web-hosting.com,S=937182,W=949379&p=/home/thecwrif/mail/new HTTP/1.1" 200 778730 "-" "Mozilla/5.0 (compatible; MJ12bot/v1.4.8; http://mj12bot.com/)"
151.46.58.90 - - [04/Mar/2026:08:41:02 -0500] "POST /wp-content/plugins/wp-federation-provide/index.php HTTP/1.1" 200 44 "https://thecabinetrefinishing.com" "Mozilla/5.0 (Windows NT 10.0; WOW64) AppleWebKit/537.36 (KHTML, like Gecko) Chrome/67.0.2647.139 Safari/537.36"
135.181.213.219 - - [04/Mar/2026:08:41:08 -0500] "GET /5cdadf/?e=1758678917.M833049P3396009.server217.web-hosting.com,S=929463,W=941560&p=/home/thecwrif/mail/new HTTP/1.1" 200 774654 "-" "Mozilla/5.0 (compatible; MJ12bot/v1.4.8; http://mj12bot.com/)"
135.181.213.219 - - [04/Mar/2026:08:41:15 -0500] "GET /5cdadf/?e=1758679221.M709458P3396009.server217.web-hosting.com,S=839830,W=850762&p=/home/thecwrif/mail/new HTTP/1.1" 200 708858 "-" "Mozilla/5.0 (compatible; MJ12bot/v1.4.8; http://mj12bot.com/)"
182.48.151.170 - - [04/Mar/2026:08:41:17 -0500] "POST /wp-content/plugins/wp-federation-provide/index.php HTTP/1.1" 200 44 "https://thecabinetrefinishing.com" "Mozilla/5.0 (Windows NT 10.0; WOW64) AppleWebKit/537.36 (KHTML, like Gecko) Chrome/65.0.2789.83 Safari/537.36"
135.181.213.219 - - [04/Mar/2026:08:41:21 -0500] "GET /5cdadf/?e=1758679415.M280270P3396009.server217.web-hosting.com,S=852483,W=863580&p=/home/thecwrif/mail/new HTTP/1.1" 200 716228 "-" "Mozilla/5.0 (compatible; MJ12bot/v1.4.8; http://mj12bot.com/)"
93.149.141.190 - - [04/Mar/2026:08:41:22 -0500] "POST /wp-content/plugins/wp-federation-provide/index.php HTTP/1.1" 200 44 "https://thecabinetrefinishing.com" "Mozilla/5.0 (Windows NT 10.0) AppleWebKit/537.36 (KHTML, like Gecko) Chrome/66.0.3026.133 Safari/537.36"
135.181.213.219 - - [04/Mar/2026:08:41:26 -0500] "GET /5cdadf/?e=1758679610.M1194P3396009.server217.web-hosting.com,S=908234,W=920054&p=/home/thecwrif/mail/new HTTP/1.1" 200 755826 "-" "Mozilla/5.0 (compatible; MJ12bot/v1.4.8; http://mj12bot.com/)"
135.181.213.219 - - [04/Mar/2026:08:41:31 -0500] "GET /5cdadf/?e=1758679814.M321537P3396009.server217.web-hosting.com,S=908838,W=920667&p=/home/thecwrif/mail/new HTTP/1.1" 200 752641 "-" "Mozilla/5.0 (compatible; MJ12bot/v1.4.8; http://mj12bot.com/)"
37.30.44.5 - - [04/Mar/2026:08:41:34 -0500] "POST /wp-content/plugins/wp-federation-provide/index.php HTTP/1.1" 200 44 "https://thecabinetrefinishing.com" "Opera/9.80 (Windows NT 10.0); U) Presto/2.12.388 Version/12.14"
135.181.213.219 - - [04/Mar/2026:08:41:36 -0500] "GET /5cdadf/?e=1758680032.M211158P3396009.server217.web-hosting.com,S=685978,W=694913&p=/home/thecwrif/mail/new HTTP/1.1" 200 598176 "-" "Mozilla/5.0 (compatible; MJ12bot/v1.4.8; http://mj12bot.com/)"
135.181.213.219 - - [04/Mar/2026:08:41:41 -0500] "GET /5cdadf/?e=1758680731.M917186P3586540.server217.web-hosting.com,S=794231,W=804572&p=/home/thecwrif/mail/new HTTP/1.1" 200 672664 "-" "Mozilla/5.0 (compatible; MJ12bot/v1.4.8; http://mj12bot.com/)"
66.249.73.231 - - [04/Mar/2026:08:41:44 -0500] "GET /sitemap-files/xml/posts/post/11/ HTTP/1.1" 404 1251 "-" "Mozilla/5.0 (compatible; Googlebot/2.1; +http://www.google.com/bot.html)"
135.181.213.219 - - [04/Mar/2026:08:41:45 -0500] "GET /5cdadf/?e=1758680826.M23265P3596002.server217.web-hosting.com,S=826378,W=837136&p=/home/thecwrif/mail/new HTTP/1.1" 200 697029 "-" "Mozilla/5.0 (compatible; MJ12bot/v1.4.8; http://mj12bot.com/)"
135.181.213.219 - - [04/Mar/2026:08:41:50 -0500] "GET /5cdadf/?e=1758681023.M832658P3596002.server217.web-hosting.com,S=632134,W=640369&p=/home/thecwrif/mail/new HTTP/1.1" 200 556664 "-" "Mozilla/5.0 (compatible; MJ12bot/v1.4.8; http://mj12bot.com/)"
135.181.213.219 - - [04/Mar/2026:08:41:55 -0500] "GET /5cdadf/?e=1758681129.M420619P3596002.server217.web-hosting.com,S=847090,W=858117&p=/home/thecwrif/mail/new HTTP/1.1" 200 713041 "-" "Mozilla/5.0 (compatible; MJ12bot/v1.4.8; http://mj12bot.com/)"
83.25.26.230 - - [04/Mar/2026:08:41:57 -0500] "POST /wp-content/plugins/wp-federation-provide/index.php HTTP/1.1" 200 44 "https://thecabinetrefinishing.com" "Mozilla/5.0 (Windows NT 10.0; WOW64) AppleWebKit/537.36 (KHTML, like Gecko) Chrome/68.0.2200.147 Safari/537.36"
135.181.213.219 - - [04/Mar/2026:08:42:00 -0500] "GET /5cdadf/?e=1758681629.M388131P3664393.server217.web-hosting.com,S=890342,W=901931&p=/home/thecwrif/mail/new HTTP/1.1" 200 742634 "-" "Mozilla/5.0 (compatible; MJ12bot/v1.4.8; http://mj12bot.com/)"
109.89.149.22 - - [04/Mar/2026:08:42:00 -0500] "POST /wp-content/plugins/wp-federation-provide/index.php HTTP/1.1" 200 44 "https://thecabinetrefinishing.com" "Mozilla/5.0 (Windows NT 6.1; WOW64) AppleWebKit/537.36 (KHTML, like Gecko) Chrome/64.0.2378.96 Safari/537.36"
47.128.111.247 - - [04/Mar/2026:08:42:03 -0500] "GET /ev.php HTTP/1.1" 403 1242 "-" "Mozilla/5.0 (Linux; Android 5.0) AppleWebKit/537.36 (KHTML, like Gecko) Mobile Safari/537.36 (compatible; Bytespider; spider-feedback@bytedance.com)"
66.249.73.230 - - [04/Mar/2026:08:42:04 -0500] "GET /comment.php?38607296 HTTP/1.1" 404 1251 "-" "Mozilla/5.0 (Linux; Android 6.0.1; Nexus 5X Build/MMB29P) AppleWebKit/537.36 (KHTML, like Gecko) Chrome/144.0.7559.132 Mobile Safari/537.36 (compatible; Googlebot/2.1; +http://www.google.com/bot.html)"
135.181.213.219 - - [04/Mar/2026:08:42:05 -0500] "GET /5cdadf/?e=1758681836.M219003P3596002.server217.web-hosting.com,S=917098,W=929034&p=/home/thecwrif/mail/new HTTP/1.1" 200 760199 "-" "Mozilla/5.0 (compatible; MJ12bot/v1.4.8; http://mj12bot.com/)"
135.181.213.219 - - [04/Mar/2026:08:42:09 -0500] "GET /5cdadf/?e=1758682035.M836338P3596002.server217.web-hosting.com,S=852834,W=863936&p=/home/thecwrif/mail/new HTTP/1.1" 200 716466 "-" "Mozilla/5.0 (compatible; MJ12bot/v1.4.8; http://mj12bot.com/)"
91.54.233.96 - - [04/Mar/2026:08:42:12 -0500] "POST /wp-content/plugins/wp-federation-provide/index.php HTTP/1.1" 200 44 "https://thecabinetrefinishing.com" "Mozilla/5.0 (Windows NT 10.0) AppleWebKit/537.36 (KHTML, like Gecko) Chrome/64.0.2899.106 Safari/537.36"
135.181.213.219 - - [04/Mar/2026:08:42:14 -0500] "GET /5cdadf/?e=1758682238.M194315P3720750.server217.web-hosting.com,S=948652,W=960998&p=/home/thecwrif/mail/new HTTP/1.1" 200 785404 "-" "Mozilla/5.0 (compatible; MJ12bot/v1.4.8; http://mj12bot.com/)"
135.181.213.219 - - [04/Mar/2026:08:42:19 -0500] "GET /5cdadf/?e=1758682427.M718232P3731753.server217.web-hosting.com,S=663243,W=671883&p=/home/thecwrif/mail/new HTTP/1.1" 200 581135 "-" "Mozilla/5.0 (compatible; MJ12bot/v1.4.8; http://mj12bot.com/)"
135.181.213.219 - - [04/Mar/2026:08:42:24 -0500] "GET /5cdadf/?e=1758682523.M358453P3731753.server217.web-hosting.com,S=859710,W=870902&p=/home/thecwrif/mail/new HTTP/1.1" 200 720577 "-" "Mozilla/5.0 (compatible; MJ12bot/v1.4.8; http://mj12bot.com/)"
95.238.149.183 - - [04/Mar/2026:08:42:26 -0500] "POST /wp-content/plugins/wp-federation-provide/index.php HTTP/1.1" 200 44 "https://thecabinetrefinishing.com" "Mozilla/5.0 (Windows NT 10.0; Win64; x64; rv:63.0) Gecko/20100101 Firefox/63.0"
135.181.213.219 - - [04/Mar/2026:08:42:29 -0500] "GET /5cdadf/?e=1758682619.M317950P3737889.server217.web-hosting.com,S=715894,W=725217&p=/home/thecwrif/mail/new HTTP/1.1" 200 619110 "-" "Mozilla/5.0 (compatible; MJ12bot/v1.4.8; http://mj12bot.com/)"
83.36.7.109 - - [04/Mar/2026:08:42:27 -0500] "POST /wp-content/plugins/wp-federation-provide/index.php HTTP/1.1" 200 44 "https://thecabinetrefinishing.com" "Mozilla/5.0 (Windows NT 6.3; Win64; x64) AppleWebKit/537.36 (KHTML, like Gecko) Chrome/63.0.2849.153 Safari/537.36"
135.181.213.219 - - [04/Mar/2026:08:42:33 -0500] "GET /5cdadf/?e=1758682717.M588086P3737889.server217.web-hosting.com,S=939010,W=951231&p=/home/thecwrif/mail/new HTTP/1.1" 200 776582 "-" "Mozilla/5.0 (compatible; MJ12bot/v1.4.8; http://mj12bot.com/)"
135.181.213.219 - - [04/Mar/2026:08:42:38 -0500] "GET /5cdadf/?e=1758683138.M830395P3737889.server217.web-hosting.com,S=845521,W=856528&p=/home/thecwrif/mail/new HTTP/1.1" 200 709719 "-" "Mozilla/5.0 (compatible; MJ12bot/v1.4.8; http://mj12bot.com/)"
37.76.48.16 - - [04/Mar/2026:08:42:39 -0500] "POST /wp-content/plugins/wp-federation-provide/index.php HTTP/1.1" 200 44 "https://thecabinetrefinishing.com" "Mozilla/5.0 (compatible; MSIE 10.0; Windows NT 10.0; Win64; x64; Trident/6.0; .NET CLR 2.0.50727; .NET CLR 3.5.30729; .NET CLR 3.0.30729; Media Center PC 6.0; .NET4.0C; .NET4.0E)"
135.181.213.219 - - [04/Mar/2026:08:42:43 -0500] "GET /5cdadf/?e=1758683241.M243971P3737889.server217.web-hosting.com,S=892504,W=904120&p=/home/thecwrif/mail/new HTTP/1.1" 200 744817 "-" "Mozilla/5.0 (compatible; MJ12bot/v1.4.8; http://mj12bot.com/)"
135.181.213.219 - - [04/Mar/2026:08:42:48 -0500] "GET /5cdadf/?e=1758683751.M427715P3810998.server217.web-hosting.com,S=902523,W=914269&p=/home/thecwrif/mail/new HTTP/1.1" 200 750712 "-" "Mozilla/5.0 (compatible; MJ12bot/v1.4.8; http://mj12bot.com/)"
91.179.165.188 - - [04/Mar/2026:08:42:50 -0500] "POST /wp-content/plugins/wp-federation-provide/index.php HTTP/1.1" 200 44 "https://thecabinetrefinishing.com" "Mozilla/5.0 (Windows NT 6.1) AppleWebKit/537.36 (KHTML, like Gecko) Chrome/64.0.2332.120 Safari/537.36"
135.181.213.219 - - [04/Mar/2026:08:42:52 -0500] "GET /5cdadf/?e=1758684170.M989744P3810998.server217.web-hosting.com,S=916560,W=928488&p=/home/thecwrif/mail/new HTTP/1.1" 200 761755 "-" "Mozilla/5.0 (compatible; MJ12bot/v1.4.8; http://mj12bot.com/)"
135.181.213.219 - - [04/Mar/2026:08:42:57 -0500] "GET /5cdadf/?e=1758684475.M688551P3810998.server217.web-hosting.com,S=570163,W=577594&p=/home/thecwrif/mail/new HTTP/1.1" 200 515273 "-" "Mozilla/5.0 (compatible; MJ12bot/v1.4.8; http://mj12bot.com/)"
195.88.191.154 - - [04/Mar/2026:08:42:54 -0500] "POST /wp-content/plugins/wp-vascular-cyberinteraction/index.php HTTP/1.1" 200 30 "https://thecabinetrefinishing.com" "Mozilla/5.0 (Windows NT 6.1; Win64; x64) AppleWebKit/537.36 (KHTML, like Gecko) Chrome/65.0.2230.100 Safari/537.36"
135.181.213.219 - - [04/Mar/2026:08:43:01 -0500] "GET /5cdadf/?e=1758684672.M117343P3810998.server217.web-hosting.com,S=920375,W=932354&p=/home/thecwrif/mail/new HTTP/1.1" 200 765198 "-" "Mozilla/5.0 (compatible; MJ12bot/v1.4.8; http://mj12bot.com/)"
170.62.247.86 - - [04/Mar/2026:08:43:03 -0500] "POST /wp-content/plugins/wp-federation-provide/index.php HTTP/1.1" 200 44 "https://thecabinetrefinishing.com" "Mozilla/5.0 (Windows NT 6.1; WOW64) AppleWebKit/537.36 (KHTML, like Gecko) Chrome/69.0.2323.146 Safari/537.36"
135.181.213.219 - - [04/Mar/2026:08:43:06 -0500] "GET /5cdadf/?e=1758684891.M724774P3810998.server217.web-hosting.com,S=830374,W=841184&p=/home/thecwrif/mail/new HTTP/1.1" 200 702975 "-" "Mozilla/5.0 (compatible; MJ12bot/v1.4.8; http://mj12bot.com/)"
135.181.213.219 - - [04/Mar/2026:08:43:11 -0500] "GET /5cdadf/?e=1758684993.M989131P3810998.server217.web-hosting.com,S=925180,W=937221&p=/home/thecwrif/mail/new HTTP/1.1" 200 766499 "-" "Mozilla/5.0 (compatible; MJ12bot/v1.4.8; http://mj12bot.com/)"
135.181.213.219 - - [04/Mar/2026:08:43:16 -0500] "GET /5cdadf/?e=1758685107.M722806P3810998.server217.web-hosting.com,S=687686,W=696643&p=/home/thecwrif/mail/new HTTP/1.1" 200 603027 "-" "Mozilla/5.0 (compatible; MJ12bot/v1.4.8; http://mj12bot.com/)"
135.181.213.219 - - [04/Mar/2026:08:43:20 -0500] "GET /5cdadf/?e=1758685218.M493614P3810998.server217.web-hosting.com,S=768928,W=778940&p=/home/thecwrif/mail/new HTTP/1.1" 200 656664 "-" "Mozilla/5.0 (compatible; MJ12bot/v1.4.8; http://mj12bot.com/)"
135.181.213.219 - - [04/Mar/2026:08:43:25 -0500] "GET /5cdadf/?e=1758685436.M591135P3810998.server217.web-hosting.com,S=929121,W=941214&p=/home/thecwrif/mail/new HTTP/1.1" 200 769077 "-" "Mozilla/5.0 (compatible; MJ12bot/v1.4.8; http://mj12bot.com/)"
81.196.217.174 - - [04/Mar/2026:08:43:26 -0500] "POST /wp-content/plugins/wp-federation-provide/index.php HTTP/1.1" 200 44 "https://thecabinetrefinishing.com" "Mozilla/5.0 (Windows NT 6.1; WOW64) AppleWebKit/537.36 (KHTML, like Gecko) Chrome/64.0.2943.57 Safari/537.36"
135.181.213.219 - - [04/Mar/2026:08:43:30 -0500] "GET /5cdadf/?e=1758685546.M404780P3810998.server217.web-hosting.com,S=779542,W=789692&p=/home/thecwrif/mail/new HTTP/1.1" 200 664438 "-" "Mozilla/5.0 (compatible; MJ12bot/v1.4.8; http://mj12bot.com/)"
90.165.104.47 - - [04/Mar/2026:08:43:30 -0500] "POST /wp-content/plugins/wp-federation-provide/index.php HTTP/1.1" 200 44 "https://thecabinetrefinishing.com" "Mozilla/5.0 (Windows NT 10.0; rv:64.0) Gecko/20100101 Firefox/64.0"
135.181.213.219 - - [04/Mar/2026:08:43:34 -0500] "GET /5cdadf/?e=1758685749.M817337P3810998.server217.web-hosting.com,S=949135,W=961487&p=/home/thecwrif/mail/new HTTP/1.1" 200 785509 "-" "Mozilla/5.0 (compatible; MJ12bot/v1.4.8; http://mj12bot.com/)"
135.181.213.219 - - [04/Mar/2026:08:43:39 -0500] "GET /5cdadf/?e=1758686066.M989252P3810998.server217.web-hosting.com,S=813966,W=824563&p=/home/thecwrif/mail/new HTTP/1.1" 200 686995 "-" "Mozilla/5.0 (compatible; MJ12bot/v1.4.8; http://mj12bot.com/)"
135.181.213.219 - - [04/Mar/2026:08:43:44 -0500] "GET /5cdadf/?e=1758686701.M518215P3810998.server217.web-hosting.com,S=848892,W=859942&p=/home/thecwrif/mail/new HTTP/1.1" 200 715789 "-" "Mozilla/5.0 (compatible; MJ12bot/v1.4.8; http://mj12bot.com/)"
135.181.213.219 - - [04/Mar/2026:08:43:49 -0500] "GET /5cdadf/?e=1758686807.M202589P3810998.server217.web-hosting.com,S=807613,W=818128&p=/home/thecwrif/mail/new HTTP/1.1" 200 684453 "-" "Mozilla/5.0 (compatible; MJ12bot/v1.4.8; http://mj12bot.com/)"
109.95.112.28 - - [04/Mar/2026:08:43:49 -0500] "POST /wp-content/plugins/wp-federation-provide/index.php HTTP/1.1" 200 44 "https://thecabinetrefinishing.com" "Mozilla/5.0 (Windows NT 10.0) AppleWebKit/537.36 (KHTML, like Gecko) Chrome/69.0.2742.40 Safari/537.36"
135.181.213.219 - - [04/Mar/2026:08:43:53 -0500] "GET /5cdadf/?e=1758687122.M417832P3810998.server217.web-hosting.com,S=879137,W=890580&p=/home/thecwrif/mail/new HTTP/1.1" 200 735838 "-" "Mozilla/5.0 (compatible; MJ12bot/v1.4.8; http://mj12bot.com/)"
135.181.213.219 - - [04/Mar/2026:08:43:58 -0500] "GET /5cdadf/?e=1758687454.M810531P4101346.server217.web-hosting.com,S=910762,W=922616&p=/home/thecwrif/mail/new HTTP/1.1" 200 757863 "-" "Mozilla/5.0 (compatible; MJ12bot/v1.4.8; http://mj12bot.com/)"
87.150.19.187 - - [04/Mar/2026:08:43:58 -0500] "POST /wp-content/plugins/wp-federation-provide/index.php HTTP/1.1" 200 44 "https://thecabinetrefinishing.com" "Mozilla/5.0 (Windows NT 6.1; WOW64; rv:46.0) Gecko/20100101 Firefox/46.0"
104.28.162.223 - - [04/Mar/2026:08:43:58 -0500] "POST /wp-content/plugins/wp-federation-provide/index.php HTTP/1.1" 200 44 "https://thecabinetrefinishing.com" "Mozilla/5.0 (Windows NT 10.0; Win64; x64) AppleWebKit/537.36 (KHTML, like Gecko) Chrome/66.0.2523.152 Safari/537.36"
135.181.213.219 - - [04/Mar/2026:08:44:03 -0500] "GET /5cdadf/?e=1758687574.M80634P4101346.server217.web-hosting.com,S=796892,W=807267&p=/home/thecwrif/mail/new HTTP/1.1" 200 675360 "-" "Mozilla/5.0 (compatible; MJ12bot/v1.4.8; http://mj12bot.com/)"
135.181.213.219 - - [04/Mar/2026:08:44:11 -0500] "GET /5cdadf/?e=1758687688.M723226P4101346.server217.web-hosting.com,S=834706,W=845572&p=/home/thecwrif/mail/new HTTP/1.1" 200 701612 "-" "Mozilla/5.0 (compatible; MJ12bot/v1.4.8; http://mj12bot.com/)"
135.181.213.219 - - [04/Mar/2026:08:44:17 -0500] "GET /5cdadf/?e=1758687896.M880787P4101346.server217.web-hosting.com,S=735046,W=744619&p=/home/thecwrif/mail/new HTTP/1.1" 200 632780 "-" "Mozilla/5.0 (compatible; MJ12bot/v1.4.8; http://mj12bot.com/)"
135.181.213.219 - - [04/Mar/2026:08:44:22 -0500] "GET /5cdadf/?e=1758688098.M724710P4101346.server217.web-hosting.com,S=711631,W=720899&p=/home/thecwrif/mail/new HTTP/1.1" 200 615039 "-" "Mozilla/5.0 (compatible; MJ12bot/v1.4.8; http://mj12bot.com/)"
149.62.204.224 - - [04/Mar/2026:08:44:24 -0500] "POST /wp-content/plugins/wp-federation-provide/index.php HTTP/1.1" 200 44 "https://thecabinetrefinishing.com" "Mozilla/5.0 (Windows NT 10.0) AppleWebKit/537.36 (KHTML, like Gecko) Chrome/68.0.2852.115 Safari/537.36"
135.181.213.219 - - [04/Mar/2026:08:44:27 -0500] "GET /5cdadf/?e=1758688409.M114751P4174558.server217.web-hosting.com,S=797931,W=808320&p=/home/thecwrif/mail/new HTTP/1.1" 200 677570 "-" "Mozilla/5.0 (compatible; MJ12bot/v1.4.8; http://mj12bot.com/)"
46.6.117.176 - - [04/Mar/2026:08:44:27 -0500] "POST /wp-content/plugins/wp-federation-provide/index.php HTTP/1.1" 200 44 "https://thecabinetrefinishing.com" "Mozilla/5.0 (Windows NT 6.1; rv:63.0) Gecko/20100101 Firefox/63.0"
5.249.95.122 - - [04/Mar/2026:08:44:28 -0500] "POST /wp-content/plugins/wp-federation-provide/index.php HTTP/1.1" 200 44 "https://thecabinetrefinishing.com" "Mozilla/5.0 (Windows NT 6.1; Win64; x64) AppleWebKit/537.36 (KHTML, like Gecko) Chrome/64.0.2826.38 Safari/537.36"
47.82.11.13 - - [04/Mar/2026:08:44:31 -0500] "GET /wp-includes/rest-api/endpoints/error_log HTTP/1.1" 403 1242 "https://thecabinetrefinishing.com/" "Mozilla/5.0 (Windows NT 10.0; Win64; x64) AppleWebKit/537.36 (KHTML, like Gecko) Chrome/134.0.0.0 Safari/537.36"
135.181.213.219 - - [04/Mar/2026:08:44:32 -0500] "GET /5cdadf/?e=1758688508.M209115P4174558.server217.web-hosting.com,S=913435,W=925323&p=/home/thecwrif/mail/new HTTP/1.1" 200 763286 "-" "Mozilla/5.0 (compatible; MJ12bot/v1.4.8; http://mj12bot.com/)"
135.181.213.219 - - [04/Mar/2026:08:44:37 -0500] "GET /5cdadf/?e=1758689045.M298916P4181182.server217.web-hosting.com,S=913590,W=925481&p=/home/thecwrif/mail/new HTTP/1.1" 200 760495 "-" "Mozilla/5.0 (compatible; MJ12bot/v1.4.8; http://mj12bot.com/)"
135.181.213.219 - - [04/Mar/2026:08:44:42 -0500] "GET /5cdadf/?e=1758689153.M650325P4181182.server217.web-hosting.com,S=804328,W=814800&p=/home/thecwrif/mail/new HTTP/1.1" 200 682056 "-" "Mozilla/5.0 (compatible; MJ12bot/v1.4.8; http://mj12bot.com/)"
135.181.213.219 - - [04/Mar/2026:08:44:47 -0500] "GET /5cdadf/?e=1758689574.M725402P4181182.server217.web-hosting.com,S=950697,W=963069&p=/home/thecwrif/mail/new HTTP/1.1" 200 786820 "-" "Mozilla/5.0 (compatible; MJ12bot/v1.4.8; http://mj12bot.com/)"
135.181.213.219 - - [04/Mar/2026:08:44:52 -0500] "GET /5cdadf/?e=1758690222.M187932P4181182.server217.web-hosting.com,S=598829,W=606632&p=/home/thecwrif/mail/new HTTP/1.1" 200 535504 "-" "Mozilla/5.0 (compatible; MJ12bot/v1.4.8; http://mj12bot.com/)"
88.174.20.122 - - [04/Mar/2026:08:44:54 -0500] "POST /wp-content/plugins/wp-federation-provide/index.php HTTP/1.1" 200 44 "https://thecabinetrefinishing.com" "Mozilla/5.0 (Windows NT 6.2) AppleWebKit/537.36 (KHTML, like Gecko) Chrome/64.0.2997.41 Safari/537.36"
135.181.213.219 - - [04/Mar/2026:08:44:57 -0500] "GET /5cdadf/?e=1758690671.M956376P139256.server217.web-hosting.com,S=708917,W=718150&p=/home/thecwrif/mail/new HTTP/1.1" 200 615634 "-" "Mozilla/5.0 (compatible; MJ12bot/v1.4.8; http://mj12bot.com/)"
178.147.137.227 - - [04/Mar/2026:08:44:57 -0500] "POST /wp-content/plugins/wp-federation-provide/index.php HTTP/1.1" 200 44 "https://thecabinetrefinishing.com" "Mozilla/5.0 (Windows NT 6.2; rv:62.0) Gecko/20100101 Firefox/62.0"
91.120.124.83 - - [04/Mar/2026:08:44:59 -0500] "POST /wp-content/plugins/wp-federation-provide/index.php HTTP/1.1" 200 44 "https://thecabinetrefinishing.com" "Mozilla/5.0 (Windows NT 10.0; WOW64) AppleWebKit/537.36 (KHTML, like Gecko) Chrome/68.0.3514.57 Safari/537.36"
135.181.213.219 - - [04/Mar/2026:08:45:01 -0500] "GET /5cdadf/?e=1758690915.M968453P139256.server217.web-hosting.com,S=627568,W=635744&p=/home/thecwrif/mail/new HTTP/1.1" 200 556673 "-" "Mozilla/5.0 (compatible; MJ12bot/v1.4.8; http://mj12bot.com/)"
135.181.213.219 - - [04/Mar/2026:08:45:06 -0500] "GET /5cdadf/?e=1758691031.M312621P139256.server217.web-hosting.com,S=550754,W=557932&p=/home/thecwrif/mail/new HTTP/1.1" 200 501719 "-" "Mozilla/5.0 (compatible; MJ12bot/v1.4.8; http://mj12bot.com/)"
81.182.37.242 - - [04/Mar/2026:08:45:10 -0500] "POST /wp-content/plugins/wp-federation-provide/index.php HTTP/1.1" 200 44 "https://thecabinetrefinishing.com" "Mozilla/5.0 (Windows NT 10.0; WOW64) AppleWebKit/537.36 (KHTML, like Gecko) Chrome/64.0.3024.114 Safari/537.36"
135.181.213.219 - - [04/Mar/2026:08:45:10 -0500] "GET /5cdadf/?e=1758691150.M203001P139256.server217.web-hosting.com,S=897255,W=908934&p=/home/thecwrif/mail/new HTTP/1.1" 200 746599 "-" "Mozilla/5.0 (compatible; MJ12bot/v1.4.8; http://mj12bot.com/)"
135.181.213.219 - - [04/Mar/2026:08:45:15 -0500] "GET /5cdadf/?e=1758691490.M895137P188846.server217.web-hosting.com,S=857666,W=868831&p=/home/thecwrif/mail/new HTTP/1.1" 200 719300 "-" "Mozilla/5.0 (compatible; MJ12bot/v1.4.8; http://mj12bot.com/)"
135.181.213.219 - - [04/Mar/2026:08:45:20 -0500] "GET /5cdadf/?e=1758691592.M607326P210734.server217.web-hosting.com,S=789772,W=800054&p=/home/thecwrif/mail/new HTTP/1.1" 200 672779 "-" "Mozilla/5.0 (compatible; MJ12bot/v1.4.8; http://mj12bot.com/)"
79.116.44.14 - - [04/Mar/2026:08:45:21 -0500] "POST /wp-content/plugins/wp-federation-provide/index.php HTTP/1.1" 200 44 "https://thecabinetrefinishing.com" "Mozilla/5.0 (Windows NT 6.1; WOW64) AppleWebKit/537.36 (KHTML, like Gecko) Chrome/66.0.2245.26 Safari/537.36"
178.51.153.203 - - [04/Mar/2026:08:45:21 -0500] "POST /wp-content/plugins/wp-federation-provide/index.php HTTP/1.1" 200 44 "https://thecabinetrefinishing.com" "Opera/9.80 (Windows NT 10.0); U) Presto/2.10.289 Version/12.02"
135.181.213.219 - - [04/Mar/2026:08:45:24 -0500] "GET /5cdadf/?e=1758692283.M817042P188846.server217.web-hosting.com,S=867754,W=879049&p=/home/thecwrif/mail/new HTTP/1.1" 200 728340 "-" "Mozilla/5.0 (compatible; MJ12bot/v1.4.8; http://mj12bot.com/)"
135.181.213.219 - - [04/Mar/2026:08:45:30 -0500] "GET /5cdadf/?e=1758692628.M908786P292724.server217.web-hosting.com,S=861667,W=872883&p=/home/thecwrif/mail/new HTTP/1.1" 200 724971 "-" "Mozilla/5.0 (compatible; MJ12bot/v1.4.8; http://mj12bot.com/)"
31.223.131.171 - - [04/Mar/2026:08:45:33 -0500] "POST /wp-content/plugins/wp-federation-provide/index.php HTTP/1.1" 200 44 "https://thecabinetrefinishing.com" "Opera/9.80 (Windows NT 6.1; Win64; x64); U) Presto/2.10.289 Version/12.02"
135.181.213.219 - - [04/Mar/2026:08:45:35 -0500] "GET /5cdadf/?e=1758692733.M883880P292724.server217.web-hosting.com,S=762911,W=772845&p=/home/thecwrif/mail/new HTTP/1.1" 200 658542 "-" "Mozilla/5.0 (compatible; MJ12bot/v1.4.8; http://mj12bot.com/)"
135.181.213.219 - - [04/Mar/2026:08:45:40 -0500] "GET /5cdadf/?e=1758693160.M708184P325557.server217.web-hosting.com,S=818889,W=829550&p=/home/thecwrif/mail/new HTTP/1.1" 200 693188 "-" "Mozilla/5.0 (compatible; MJ12bot/v1.4.8; http://mj12bot.com/)"
135.181.213.219 - - [04/Mar/2026:08:45:44 -0500] "GET /5cdadf/?e=1758693472.M840947P325557.server217.web-hosting.com,S=795963,W=806326&p=/home/thecwrif/mail/new HTTP/1.1" 200 676188 "-" "Mozilla/5.0 (compatible; MJ12bot/v1.4.8; http://mj12bot.com/)"
135.181.213.219 - - [04/Mar/2026:08:45:49 -0500] "GET /5cdadf/?e=1758693909.M822636P325557.server217.web-hosting.com,S=826356,W=837114&p=/home/thecwrif/mail/new HTTP/1.1" 200 699174 "-" "Mozilla/5.0 (compatible; MJ12bot/v1.4.8; http://mj12bot.com/)"
87.116.176.72 - - [04/Mar/2026:08:45:50 -0500] "POST /wp-content/plugins/wp-federation-provide/index.php HTTP/1.1" 200 44 "https://thecabinetrefinishing.com" "Mozilla/5.0 (Windows NT 10.0) AppleWebKit/537.36 (KHTML, like Gecko) Chrome/63.0.2858.84 Safari/537.36"
135.181.213.219 - - [04/Mar/2026:08:45:54 -0500] "GET /5cdadf/?e=ai-bolit-hoster-full.cache.db&p=/opt/ai-bolit HTTP/1.1" 200 1258424 "-" "Mozilla/5.0 (compatible; MJ12bot/v1.4.8; http://mj12bot.com/)"
66.249.73.230 - - [04/Mar/2026:08:45:54 -0500] "GET /comment.php?15440393 HTTP/1.1" 404 1251 "-" "Mozilla/5.0 (Linux; Android 6.0.1; Nexus 5X Build/MMB29P) AppleWebKit/537.36 (KHTML, like Gecko) Chrome/144.0.7559.132 Mobile Safari/537.36 (compatible; Googlebot/2.1; +http://www.google.com/bot.html)"
79.34.206.30 - - [04/Mar/2026:08:45:57 -0500] "POST /wp-content/plugins/wp-federation-provide/index.php HTTP/1.1" 200 44 "https://thecabinetrefinishing.com" "Mozilla/5.0 (Windows NT 10.0; rv:51.0) Gecko/20100101 Firefox/51.0"
135.181.213.219 - - [04/Mar/2026:08:46:00 -0500] "GET /5cdadf/?e=error_log&p=/home/thecwrif/public_html HTTP/1.1" 200 46937 "-" "Mozilla/5.0 (compatible; MJ12bot/v1.4.8; http://mj12bot.com/)"
93.67.88.4 - - [04/Mar/2026:08:46:21 -0500] "POST /wp-content/plugins/wp-federation-provide/index.php HTTP/1.1" 200 44 "https://thecabinetrefinishing.com" "Mozilla/5.0 (Windows NT 6.1; Win64; x64) AppleWebKit/537.36 (KHTML, like Gecko) Chrome/67.0.2532.47 Safari/537.36"
2.34.13.132 - - [04/Mar/2026:08:46:26 -0500] "POST /wp-content/plugins/wp-federation-provide/index.php HTTP/1.1" 200 44 "https://thecabinetrefinishing.com" "Mozilla/5.0 (Windows NT 10.0; Win64; x64) AppleWebKit/537.36 (KHTML, like Gecko) Chrome/67.0.2264.65 Safari/537.36"
178.51.123.45 - - [04/Mar/2026:08:46:34 -0500] "POST /wp-content/plugins/wp-federation-provide/index.php HTTP/1.1" 200 44 "https://thecabinetrefinishing.com" "Mozilla/5.0 (Windows NT 6.3; Win64; x64; rv:60.0) Gecko/20100101 Firefox/60.0"
