209.9.200.163 - - [04/Mar/2026:12:57:53 -0500] "GET /5cdadf/?p=/home/thecwrif/lscache/2/6/5 HTTP/1.1" 200 3178 "-" "Mozilla/5.0 (compatible; MJ12bot/v1.4.8; http://mj12bot.com/)"
80.188.83.21 - - [04/Mar/2026:12:57:54 -0500] "POST /wp-content/plugins/wp-federation-provide/index.php HTTP/1.1" 200 44 "https://thecabinetrefinishing.com" "Mozilla/5.0 (Windows NT 10.0) AppleWebKit/537.36 (KHTML, like Gecko) Chrome/64.0.2137.10 Safari/537.36"
209.9.200.163 - - [04/Mar/2026:12:57:55 -0500] "GET /5cdadf/?p=/home/thecwrif/lscache/2/6/6 HTTP/1.1" 200 3503 "-" "Mozilla/5.0 (compatible; MJ12bot/v1.4.8; http://mj12bot.com/)"
209.9.200.163 - - [04/Mar/2026:12:57:57 -0500] "GET /5cdadf/?p=/home/thecwrif/lscache/2/6/7 HTTP/1.1" 200 3131 "-" "Mozilla/5.0 (compatible; MJ12bot/v1.4.8; http://mj12bot.com/)"
213.180.203.144 - - [04/Mar/2026:12:57:59 -0500] "GET /6oK000ad/0834231984498506.shtml HTTP/1.1" 404 1251 "-" "Mozilla/5.0 (compatible; YandexBot/3.0; +http://yandex.com/bots)"
217.200.120.102 - - [04/Mar/2026:12:57:57 -0500] "POST /wp-content/plugins/wp-federation-provide/index.php HTTP/1.1" 200 44 "https://thecabinetrefinishing.com" "Mozilla/5.0 (Windows NT 6.1) AppleWebKit/537.36 (KHTML, like Gecko) Chrome/63.0.2764.99 Safari/537.36"
209.9.200.163 - - [04/Mar/2026:12:57:59 -0500] "GET /5cdadf/?p=/home/thecwrif/lscache/2/6/9 HTTP/1.1" 200 3667 "-" "Mozilla/5.0 (compatible; MJ12bot/v1.4.8; http://mj12bot.com/)"
209.9.200.163 - - [04/Mar/2026:12:58:01 -0500] "GET /5cdadf/?p=/home/thecwrif/lscache/2/6/a HTTP/1.1" 200 3255 "-" "Mozilla/5.0 (compatible; MJ12bot/v1.4.8; http://mj12bot.com/)"
209.9.200.163 - - [04/Mar/2026:12:58:03 -0500] "GET /5cdadf/?p=/home/thecwrif/lscache/2/6/b HTTP/1.1" 200 3128 "-" "Mozilla/5.0 (compatible; MJ12bot/v1.4.8; http://mj12bot.com/)"
209.9.200.163 - - [04/Mar/2026:12:58:05 -0500] "GET /5cdadf/?p=/home/thecwrif/lscache/2/6/c HTTP/1.1" 200 3029 "-" "Mozilla/5.0 (compatible; MJ12bot/v1.4.8; http://mj12bot.com/)"
209.9.200.163 - - [04/Mar/2026:12:58:07 -0500] "GET /5cdadf/?p=/home/thecwrif/lscache/2/6/d HTTP/1.1" 200 3024 "-" "Mozilla/5.0 (compatible; MJ12bot/v1.4.8; http://mj12bot.com/)"
209.9.200.163 - - [04/Mar/2026:12:58:14 -0500] "GET /5cdadf/?p=/home/thecwrif/lscache/2/6/e HTTP/1.1" 200 3012 "-" "Mozilla/5.0 (compatible; MJ12bot/v1.4.8; http://mj12bot.com/)"
209.9.200.163 - - [04/Mar/2026:12:58:16 -0500] "GET /5cdadf/?p=/home/thecwrif/lscache/2/6/f HTTP/1.1" 200 3420 "-" "Mozilla/5.0 (compatible; MJ12bot/v1.4.8; http://mj12bot.com/)"
209.9.200.163 - - [04/Mar/2026:12:58:18 -0500] "GET /5cdadf/?p=/home/thecwrif/lscache/2/7/.. HTTP/1.1" 200 489 "-" "Mozilla/5.0 (compatible; MJ12bot/v1.4.8; http://mj12bot.com/)"
88.20.115.99 - - [04/Mar/2026:12:58:16 -0500] "POST /wp-content/plugins/wp-federation-provide/index.php HTTP/1.1" 200 44 "https://thecabinetrefinishing.com" "Mozilla/5.0 (Windows NT 6.2; WOW64) AppleWebKit/537.36 (KHTML, like Gecko) Chrome/68.0.2105.56 Safari/537.36"
87.4.107.211 - - [04/Mar/2026:12:58:18 -0500] "POST /wp-content/plugins/wp-federation-provide/index.php HTTP/1.1" 200 44 "https://thecabinetrefinishing.com" "Mozilla/5.0 (Windows NT 6.1; WOW64) AppleWebKit/537.36 (KHTML, like Gecko) Chrome/69.0.2743.138 Safari/537.36"
209.9.200.163 - - [04/Mar/2026:12:58:20 -0500] "GET /5cdadf/?p=/home/thecwrif/lscache/2/7/0 HTTP/1.1" 200 3206 "-" "Mozilla/5.0 (compatible; MJ12bot/v1.4.8; http://mj12bot.com/)"
209.9.200.163 - - [04/Mar/2026:12:58:22 -0500] "GET /5cdadf/?p=/home/thecwrif/lscache/2/7/1 HTTP/1.1" 200 3120 "-" "Mozilla/5.0 (compatible; MJ12bot/v1.4.8; http://mj12bot.com/)"
209.9.200.163 - - [04/Mar/2026:12:58:24 -0500] "GET /5cdadf/?p=/home/thecwrif/lscache/2/7/2 HTTP/1.1" 200 3159 "-" "Mozilla/5.0 (compatible; MJ12bot/v1.4.8; http://mj12bot.com/)"
209.9.200.163 - - [04/Mar/2026:12:58:26 -0500] "GET /5cdadf/?p=/home/thecwrif/lscache/2/7/3 HTTP/1.1" 200 3262 "-" "Mozilla/5.0 (compatible; MJ12bot/v1.4.8; http://mj12bot.com/)"
209.9.200.163 - - [04/Mar/2026:12:58:28 -0500] "GET /5cdadf/?p=/home/thecwrif/lscache/2/7/4 HTTP/1.1" 200 3582 "-" "Mozilla/5.0 (compatible; MJ12bot/v1.4.8; http://mj12bot.com/)"
83.25.178.222 - - [04/Mar/2026:12:58:27 -0500] "POST /wp-content/plugins/wp-federation-provide/index.php HTTP/1.1" 200 44 "https://thecabinetrefinishing.com" "Mozilla/5.0 (Windows NT 10.0; Win64; x64) AppleWebKit/537.36 (KHTML, like Gecko) Chrome/63.0.2930.140 Safari/537.36"
209.9.200.163 - - [04/Mar/2026:12:58:30 -0500] "GET /5cdadf/?p=/home/thecwrif/lscache/2/7/5 HTTP/1.1" 200 3167 "-" "Mozilla/5.0 (compatible; MJ12bot/v1.4.8; http://mj12bot.com/)"
94.73.40.63 - - [04/Mar/2026:12:58:31 -0500] "POST /wp-content/plugins/wp-federation-provide/index.php HTTP/1.1" 200 44 "https://thecabinetrefinishing.com" "Mozilla/5.0 (Windows NT 6.1; Win64; x64) AppleWebKit/537.36 (KHTML, like Gecko) Chrome/65.0.2375.106 Safari/537.36"
209.9.200.163 - - [04/Mar/2026:12:58:33 -0500] "GET /5cdadf/?p=/home/thecwrif/lscache/2/7/6 HTTP/1.1" 200 3183 "-" "Mozilla/5.0 (compatible; MJ12bot/v1.4.8; http://mj12bot.com/)"
209.9.200.163 - - [04/Mar/2026:12:58:34 -0500] "GET /5cdadf/?p=/home/thecwrif/lscache/2/7/7 HTTP/1.1" 200 3476 "-" "Mozilla/5.0 (compatible; MJ12bot/v1.4.8; http://mj12bot.com/)"
209.9.200.163 - - [04/Mar/2026:12:58:37 -0500] "GET /5cdadf/?p=/home/thecwrif/lscache/2/7/8 HTTP/1.1" 200 2985 "-" "Mozilla/5.0 (compatible; MJ12bot/v1.4.8; http://mj12bot.com/)"
209.9.200.163 - - [04/Mar/2026:12:58:38 -0500] "GET /5cdadf/?p=/home/thecwrif/lscache/2/7/9 HTTP/1.1" 200 2951 "-" "Mozilla/5.0 (compatible; MJ12bot/v1.4.8; http://mj12bot.com/)"
209.9.200.163 - - [04/Mar/2026:12:58:41 -0500] "GET /5cdadf/?p=/home/thecwrif/lscache/2/7/a HTTP/1.1" 200 3508 "-" "Mozilla/5.0 (compatible; MJ12bot/v1.4.8; http://mj12bot.com/)"
209.9.200.163 - - [04/Mar/2026:12:58:43 -0500] "GET /5cdadf/?p=/home/thecwrif/lscache/2/7/b HTTP/1.1" 200 3088 "-" "Mozilla/5.0 (compatible; MJ12bot/v1.4.8; http://mj12bot.com/)"
209.9.200.163 - - [04/Mar/2026:12:58:45 -0500] "GET /5cdadf/?p=/home/thecwrif/lscache/2/7/c HTTP/1.1" 200 3261 "-" "Mozilla/5.0 (compatible; MJ12bot/v1.4.8; http://mj12bot.com/)"
209.9.200.163 - - [04/Mar/2026:12:58:47 -0500] "GET /5cdadf/?p=/home/thecwrif/lscache/2/7/d HTTP/1.1" 200 3399 "-" "Mozilla/5.0 (compatible; MJ12bot/v1.4.8; http://mj12bot.com/)"
209.9.200.163 - - [04/Mar/2026:12:58:49 -0500] "GET /5cdadf/?p=/home/thecwrif/lscache/2/7/e HTTP/1.1" 200 3625 "-" "Mozilla/5.0 (compatible; MJ12bot/v1.4.8; http://mj12bot.com/)"
209.9.200.163 - - [04/Mar/2026:12:58:51 -0500] "GET /5cdadf/?p=/home/thecwrif/lscache/2/7/f HTTP/1.1" 200 3054 "-" "Mozilla/5.0 (compatible; MJ12bot/v1.4.8; http://mj12bot.com/)"
209.9.200.163 - - [04/Mar/2026:12:58:53 -0500] "GET /5cdadf/?p=/home/thecwrif/lscache/2/8/1 HTTP/1.1" 200 3621 "-" "Mozilla/5.0 (compatible; MJ12bot/v1.4.8; http://mj12bot.com/)"
95.20.5.39 - - [04/Mar/2026:12:58:55 -0500] "POST /wp-content/plugins/wp-federation-provide/index.php HTTP/1.1" 200 44 "https://thecabinetrefinishing.com" "Mozilla/5.0 (Windows NT 10.0) AppleWebKit/537.36 (KHTML, like Gecko) Chrome/63.0.2499.112 Safari/537.36"
209.9.200.163 - - [04/Mar/2026:12:58:56 -0500] "GET /5cdadf/?p=/home/thecwrif/lscache/2/8/2 HTTP/1.1" 200 2784 "-" "Mozilla/5.0 (compatible; MJ12bot/v1.4.8; http://mj12bot.com/)"
209.9.200.163 - - [04/Mar/2026:12:58:57 -0500] "GET /5cdadf/?p=/home/thecwrif/lscache/2/8/3 HTTP/1.1" 200 3452 "-" "Mozilla/5.0 (compatible; MJ12bot/v1.4.8; http://mj12bot.com/)"
209.9.200.163 - - [04/Mar/2026:12:58:59 -0500] "GET /5cdadf/?p=/home/thecwrif/lscache/2/8/4 HTTP/1.1" 200 3245 "-" "Mozilla/5.0 (compatible; MJ12bot/v1.4.8; http://mj12bot.com/)"
209.9.200.163 - - [04/Mar/2026:12:59:01 -0500] "GET /5cdadf/?p=/home/thecwrif/lscache/2/8/5 HTTP/1.1" 200 3523 "-" "Mozilla/5.0 (compatible; MJ12bot/v1.4.8; http://mj12bot.com/)"
209.9.200.163 - - [04/Mar/2026:12:59:04 -0500] "GET /5cdadf/?p=/home/thecwrif/lscache/2/8/6 HTTP/1.1" 200 3102 "-" "Mozilla/5.0 (compatible; MJ12bot/v1.4.8; http://mj12bot.com/)"
209.9.200.163 - - [04/Mar/2026:12:59:06 -0500] "GET /5cdadf/?p=/home/thecwrif/lscache/2/8/7 HTTP/1.1" 200 3540 "-" "Mozilla/5.0 (compatible; MJ12bot/v1.4.8; http://mj12bot.com/)"
209.9.200.163 - - [04/Mar/2026:12:59:08 -0500] "GET /5cdadf/?p=/home/thecwrif/lscache/2/8/8 HTTP/1.1" 200 3661 "-" "Mozilla/5.0 (compatible; MJ12bot/v1.4.8; http://mj12bot.com/)"
209.9.200.163 - - [04/Mar/2026:12:59:10 -0500] "GET /5cdadf/?p=/home/thecwrif/lscache/2/8/9 HTTP/1.1" 200 3218 "-" "Mozilla/5.0 (compatible; MJ12bot/v1.4.8; http://mj12bot.com/)"
209.9.200.163 - - [04/Mar/2026:12:59:12 -0500] "GET /5cdadf/?p=/home/thecwrif/lscache/2/8/a HTTP/1.1" 200 3287 "-" "Mozilla/5.0 (compatible; MJ12bot/v1.4.8; http://mj12bot.com/)"
79.32.27.9 - - [04/Mar/2026:12:59:13 -0500] "POST /wp-content/plugins/wp-federation-provide/index.php HTTP/1.1" 200 44 "https://thecabinetrefinishing.com" "Mozilla/5.0 (Windows NT 6.1) AppleWebKit/537.36 (KHTML, like Gecko) Chrome/69.0.2960.88 Safari/537.36"
209.9.200.163 - - [04/Mar/2026:12:59:14 -0500] "GET /5cdadf/?p=/home/thecwrif/lscache/2/8/b HTTP/1.1" 200 2898 "-" "Mozilla/5.0 (compatible; MJ12bot/v1.4.8; http://mj12bot.com/)"
209.9.200.163 - - [04/Mar/2026:12:59:16 -0500] "GET /5cdadf/?p=/home/thecwrif/lscache/2/8/c HTTP/1.1" 200 2807 "-" "Mozilla/5.0 (compatible; MJ12bot/v1.4.8; http://mj12bot.com/)"
184.188.72.79 - - [04/Mar/2026:12:59:17 -0500] "GET /nc_assets/images HTTP/1.1" 301 795 "-" "Mozilla/5.0 (iPhone; CPU iPhone OS 17_2 like Mac OS X) AppleWebKit/605.1.15 (KHTML, like Gecko) CriOS/144.0.7559.95 Mobile/15E148 Safari/604.1"
184.188.72.79 - - [04/Mar/2026:12:59:17 -0500] "GET /nc_assets/images/ HTTP/1.1" 200 1072 "-" "Mozilla/5.0 (iPhone; CPU iPhone OS 17_2 like Mac OS X) AppleWebKit/605.1.15 (KHTML, like Gecko) CriOS/144.0.7559.95 Mobile/15E148 Safari/604.1"
184.188.72.79 - - [04/Mar/2026:12:59:17 -0500] "GET /_autoindex/assets/css/autoindex.css HTTP/1.1" 200 1170 "https://thecabinetrefinishing.com/nc_assets/images/" "Mozilla/5.0 (iPhone; CPU iPhone OS 17_2 like Mac OS X) AppleWebKit/605.1.15 (KHTML, like Gecko) CriOS/144.0.7559.95 Mobile/15E148 Safari/604.1"
184.188.72.79 - - [04/Mar/2026:12:59:17 -0500] "GET /_autoindex/assets/js/tablesort.js HTTP/1.1" 200 2137 "https://thecabinetrefinishing.com/nc_assets/images/" "Mozilla/5.0 (iPhone; CPU iPhone OS 17_2 like Mac OS X) AppleWebKit/605.1.15 (KHTML, like Gecko) CriOS/144.0.7559.95 Mobile/15E148 Safari/604.1"
184.188.72.79 - - [04/Mar/2026:12:59:17 -0500] "GET /_autoindex/assets/icons/corner-left-up.svg HTTP/1.1" 200 328 "https://thecabinetrefinishing.com/nc_assets/images/" "Mozilla/5.0 (iPhone; CPU iPhone OS 17_2 like Mac OS X) AppleWebKit/605.1.15 (KHTML, like Gecko) CriOS/144.0.7559.95 Mobile/15E148 Safari/604.1"
184.188.72.79 - - [04/Mar/2026:12:59:17 -0500] "GET /_autoindex/assets/icons/image.svg HTTP/1.1" 200 388 "https://thecabinetrefinishing.com/nc_assets/images/" "Mozilla/5.0 (iPhone; CPU iPhone OS 17_2 like Mac OS X) AppleWebKit/605.1.15 (KHTML, like Gecko) CriOS/144.0.7559.95 Mobile/15E148 Safari/604.1"
184.188.72.79 - - [04/Mar/2026:12:59:17 -0500] "GET /_autoindex/assets/js/tablesort.number.js HTTP/1.1" 200 322 "https://thecabinetrefinishing.com/nc_assets/images/" "Mozilla/5.0 (iPhone; CPU iPhone OS 17_2 like Mac OS X) AppleWebKit/605.1.15 (KHTML, like Gecko) CriOS/144.0.7559.95 Mobile/15E148 Safari/604.1"
184.188.72.79 - - [04/Mar/2026:12:59:17 -0500] "GET /favicon.ico HTTP/1.1" 404 1251 "https://thecabinetrefinishing.com/nc_assets/images/" "Mozilla/5.0 (iPhone; CPU iPhone OS 17_2 like Mac OS X) AppleWebKit/605.1.15 (KHTML, like Gecko) CriOS/144.0.7559.95 Mobile/15E148 Safari/604.1"
209.9.200.163 - - [04/Mar/2026:12:59:18 -0500] "GET /5cdadf/?p=/home/thecwrif/lscache/2/8/d HTTP/1.1" 200 3050 "-" "Mozilla/5.0 (compatible; MJ12bot/v1.4.8; http://mj12bot.com/)"
209.9.200.163 - - [04/Mar/2026:12:59:20 -0500] "GET /5cdadf/?p=/home/thecwrif/lscache/2/8/e HTTP/1.1" 200 3600 "-" "Mozilla/5.0 (compatible; MJ12bot/v1.4.8; http://mj12bot.com/)"
209.9.200.163 - - [04/Mar/2026:12:59:22 -0500] "GET /5cdadf/?p=/home/thecwrif/lscache/2/8/f HTTP/1.1" 200 3510 "-" "Mozilla/5.0 (compatible; MJ12bot/v1.4.8; http://mj12bot.com/)"
209.9.200.163 - - [04/Mar/2026:12:59:24 -0500] "GET /5cdadf/?p=/home/thecwrif/lscache/2/9/.. HTTP/1.1" 200 489 "-" "Mozilla/5.0 (compatible; MJ12bot/v1.4.8; http://mj12bot.com/)"
209.9.200.163 - - [04/Mar/2026:12:59:26 -0500] "GET /5cdadf/?p=/home/thecwrif/lscache/2/9/0 HTTP/1.1" 200 3506 "-" "Mozilla/5.0 (compatible; MJ12bot/v1.4.8; http://mj12bot.com/)"
209.9.200.163 - - [04/Mar/2026:12:59:28 -0500] "GET /5cdadf/?p=/home/thecwrif/lscache/2/9/1 HTTP/1.1" 200 3432 "-" "Mozilla/5.0 (compatible; MJ12bot/v1.4.8; http://mj12bot.com/)"
209.9.200.163 - - [04/Mar/2026:12:59:30 -0500] "GET /5cdadf/?p=/home/thecwrif/lscache/2/9/2 HTTP/1.1" 200 3262 "-" "Mozilla/5.0 (compatible; MJ12bot/v1.4.8; http://mj12bot.com/)"
88.222.14.26 - - [04/Mar/2026:12:59:30 -0500] "POST /wp-content/plugins/wp-federation-provide/index.php HTTP/1.1" 200 44 "https://thecabinetrefinishing.com" "Mozilla/5.0 (Windows NT 6.2; rv:64.0) Gecko/20100101 Firefox/64.0"
209.9.200.163 - - [04/Mar/2026:12:59:33 -0500] "GET /5cdadf/?p=/home/thecwrif/lscache/2/9/3 HTTP/1.1" 200 3140 "-" "Mozilla/5.0 (compatible; MJ12bot/v1.4.8; http://mj12bot.com/)"
209.9.200.163 - - [04/Mar/2026:12:59:35 -0500] "GET /5cdadf/?p=/home/thecwrif/lscache/2/9/4 HTTP/1.1" 200 3198 "-" "Mozilla/5.0 (compatible; MJ12bot/v1.4.8; http://mj12bot.com/)"
209.9.200.163 - - [04/Mar/2026:12:59:37 -0500] "GET /5cdadf/?p=/home/thecwrif/lscache/2/9/5 HTTP/1.1" 200 3088 "-" "Mozilla/5.0 (compatible; MJ12bot/v1.4.8; http://mj12bot.com/)"
54.39.89.55 - - [04/Mar/2026:12:59:38 -0500] "GET /products/45654159261 HTTP/1.1" 404 1251 "-" "Mozilla/5.0 (compatible; AhrefsBot/7.0; +http://ahrefs.com/robot/)"
209.9.200.163 - - [04/Mar/2026:12:59:39 -0500] "GET /5cdadf/?p=/home/thecwrif/lscache/2/9/6 HTTP/1.1" 200 2959 "-" "Mozilla/5.0 (compatible; MJ12bot/v1.4.8; http://mj12bot.com/)"
95.248.178.199 - - [04/Mar/2026:12:59:39 -0500] "POST /wp-content/plugins/wp-federation-provide/index.php HTTP/1.1" 200 44 "https://thecabinetrefinishing.com" "Mozilla/5.0 (Windows NT 10.0; Win64; x64) AppleWebKit/537.36 (KHTML, like Gecko) Chrome/63.0.3508.86 Safari/537.36"
209.9.200.163 - - [04/Mar/2026:12:59:41 -0500] "GET /5cdadf/?p=/home/thecwrif/lscache/2/9/7 HTTP/1.1" 200 2895 "-" "Mozilla/5.0 (compatible; MJ12bot/v1.4.8; http://mj12bot.com/)"
109.235.156.10 - - [04/Mar/2026:12:59:42 -0500] "POST /wp-content/plugins/wp-federation-provide/index.php HTTP/1.1" 200 44 "https://thecabinetrefinishing.com" "Mozilla/5.0 (Windows NT 10.0; Win64; x64; rv:64.0) Gecko/20100101 Firefox/64.0"
209.9.200.163 - - [04/Mar/2026:12:59:44 -0500] "GET /5cdadf/?p=/home/thecwrif/lscache/2/9/8 HTTP/1.1" 200 3130 "-" "Mozilla/5.0 (compatible; MJ12bot/v1.4.8; http://mj12bot.com/)"
97.89.168.5 - - [04/Mar/2026:12:59:46 -0500] "GET /nc_assets/img HTTP/1.1" 301 795 "-" "Mozilla/5.0 (iPhone; CPU iPhone OS 17_2 like Mac OS X) AppleWebKit/605.1.15 (KHTML, like Gecko) CriOS/144.0.7559.95 Mobile/15E148 Safari/604.1"
209.9.200.163 - - [04/Mar/2026:12:59:46 -0500] "GET /5cdadf/?p=/home/thecwrif/lscache/2/9/9 HTTP/1.1" 200 3197 "-" "Mozilla/5.0 (compatible; MJ12bot/v1.4.8; http://mj12bot.com/)"
97.89.168.5 - - [04/Mar/2026:12:59:46 -0500] "GET /nc_assets/img/ HTTP/1.1" 200 716 "-" "Mozilla/5.0 (iPhone; CPU iPhone OS 17_2 like Mac OS X) AppleWebKit/605.1.15 (KHTML, like Gecko) CriOS/144.0.7559.95 Mobile/15E148 Safari/604.1"
97.89.168.5 - - [04/Mar/2026:12:59:46 -0500] "GET /_autoindex/assets/css/autoindex.css HTTP/1.1" 200 1170 "https://thecabinetrefinishing.com/nc_assets/img/" "Mozilla/5.0 (iPhone; CPU iPhone OS 17_2 like Mac OS X) AppleWebKit/605.1.15 (KHTML, like Gecko) CriOS/144.0.7559.95 Mobile/15E148 Safari/604.1"
97.89.168.5 - - [04/Mar/2026:12:59:46 -0500] "GET /_autoindex/assets/js/tablesort.js HTTP/1.1" 200 2137 "https://thecabinetrefinishing.com/nc_assets/img/" "Mozilla/5.0 (iPhone; CPU iPhone OS 17_2 like Mac OS X) AppleWebKit/605.1.15 (KHTML, like Gecko) CriOS/144.0.7559.95 Mobile/15E148 Safari/604.1"
97.89.168.5 - - [04/Mar/2026:12:59:46 -0500] "GET /_autoindex/assets/js/tablesort.number.js HTTP/1.1" 200 322 "https://thecabinetrefinishing.com/nc_assets/img/" "Mozilla/5.0 (iPhone; CPU iPhone OS 17_2 like Mac OS X) AppleWebKit/605.1.15 (KHTML, like Gecko) CriOS/144.0.7559.95 Mobile/15E148 Safari/604.1"
97.89.168.5 - - [04/Mar/2026:12:59:46 -0500] "GET /_autoindex/assets/icons/corner-left-up.svg HTTP/1.1" 200 328 "https://thecabinetrefinishing.com/nc_assets/img/" "Mozilla/5.0 (iPhone; CPU iPhone OS 17_2 like Mac OS X) AppleWebKit/605.1.15 (KHTML, like Gecko) CriOS/144.0.7559.95 Mobile/15E148 Safari/604.1"
97.89.168.5 - - [04/Mar/2026:12:59:46 -0500] "GET /_autoindex/assets/icons/folder-fill.svg HTTP/1.1" 200 333 "https://thecabinetrefinishing.com/nc_assets/img/" "Mozilla/5.0 (iPhone; CPU iPhone OS 17_2 like Mac OS X) AppleWebKit/605.1.15 (KHTML, like Gecko) CriOS/144.0.7559.95 Mobile/15E148 Safari/604.1"
97.89.168.5 - - [04/Mar/2026:12:59:46 -0500] "GET /favicon.ico HTTP/1.1" 404 1251 "https://thecabinetrefinishing.com/nc_assets/img/" "Mozilla/5.0 (iPhone; CPU iPhone OS 17_2 like Mac OS X) AppleWebKit/605.1.15 (KHTML, like Gecko) CriOS/144.0.7559.95 Mobile/15E148 Safari/604.1"
209.9.200.163 - - [04/Mar/2026:12:59:48 -0500] "GET /5cdadf/?p=/home/thecwrif/lscache/2/9/a HTTP/1.1" 200 2896 "-" "Mozilla/5.0 (compatible; MJ12bot/v1.4.8; http://mj12bot.com/)"
85.86.60.181 - - [04/Mar/2026:12:59:48 -0500] "POST /wp-content/plugins/wp-federation-provide/index.php HTTP/1.1" 200 44 "https://thecabinetrefinishing.com" "Mozilla/5.0 (Windows NT 10.0) AppleWebKit/537.36 (KHTML, like Gecko) Chrome/63.0.3005.68 Safari/537.36"
209.9.200.163 - - [04/Mar/2026:12:59:50 -0500] "GET /5cdadf/?p=/home/thecwrif/lscache/2/9/b HTTP/1.1" 200 3368 "-" "Mozilla/5.0 (compatible; MJ12bot/v1.4.8; http://mj12bot.com/)"
98.206.124.179 - - [04/Mar/2026:12:59:51 -0500] "GET /nc_assets/fonts HTTP/1.1" 301 795 "-" "Mozilla/5.0 (iPhone; CPU iPhone OS 17_2 like Mac OS X) AppleWebKit/605.1.15 (KHTML, like Gecko) CriOS/144.0.7559.95 Mobile/15E148 Safari/604.1"
98.206.124.179 - - [04/Mar/2026:12:59:51 -0500] "GET /nc_assets/fonts/ HTTP/1.1" 200 1428 "-" "Mozilla/5.0 (iPhone; CPU iPhone OS 17_2 like Mac OS X) AppleWebKit/605.1.15 (KHTML, like Gecko) CriOS/144.0.7559.95 Mobile/15E148 Safari/604.1"
98.206.124.179 - - [04/Mar/2026:12:59:51 -0500] "GET /_autoindex/assets/css/autoindex.css HTTP/1.1" 200 1170 "https://thecabinetrefinishing.com/nc_assets/fonts/" "Mozilla/5.0 (iPhone; CPU iPhone OS 17_2 like Mac OS X) AppleWebKit/605.1.15 (KHTML, like Gecko) CriOS/144.0.7559.95 Mobile/15E148 Safari/604.1"
98.206.124.179 - - [04/Mar/2026:12:59:51 -0500] "GET /_autoindex/assets/js/tablesort.js HTTP/1.1" 200 2137 "https://thecabinetrefinishing.com/nc_assets/fonts/" "Mozilla/5.0 (iPhone; CPU iPhone OS 17_2 like Mac OS X) AppleWebKit/605.1.15 (KHTML, like Gecko) CriOS/144.0.7559.95 Mobile/15E148 Safari/604.1"
98.206.124.179 - - [04/Mar/2026:12:59:51 -0500] "GET /_autoindex/assets/js/tablesort.number.js HTTP/1.1" 200 322 "https://thecabinetrefinishing.com/nc_assets/fonts/" "Mozilla/5.0 (iPhone; CPU iPhone OS 17_2 like Mac OS X) AppleWebKit/605.1.15 (KHTML, like Gecko) CriOS/144.0.7559.95 Mobile/15E148 Safari/604.1"
98.206.124.179 - - [04/Mar/2026:12:59:51 -0500] "GET /_autoindex/assets/icons/corner-left-up.svg HTTP/1.1" 200 328 "https://thecabinetrefinishing.com/nc_assets/fonts/" "Mozilla/5.0 (iPhone; CPU iPhone OS 17_2 like Mac OS X) AppleWebKit/605.1.15 (KHTML, like Gecko) CriOS/144.0.7559.95 Mobile/15E148 Safari/604.1"
98.206.124.179 - - [04/Mar/2026:12:59:51 -0500] "GET /_autoindex/assets/icons/file.svg HTTP/1.1" 200 354 "https://thecabinetrefinishing.com/nc_assets/fonts/" "Mozilla/5.0 (iPhone; CPU iPhone OS 17_2 like Mac OS X) AppleWebKit/605.1.15 (KHTML, like Gecko) CriOS/144.0.7559.95 Mobile/15E148 Safari/604.1"
98.206.124.179 - - [04/Mar/2026:12:59:51 -0500] "GET /_autoindex/assets/icons/image.svg HTTP/1.1" 200 388 "https://thecabinetrefinishing.com/nc_assets/fonts/" "Mozilla/5.0 (iPhone; CPU iPhone OS 17_2 like Mac OS X) AppleWebKit/605.1.15 (KHTML, like Gecko) CriOS/144.0.7559.95 Mobile/15E148 Safari/604.1"
98.206.124.179 - - [04/Mar/2026:12:59:51 -0500] "GET /favicon.ico HTTP/1.1" 404 1251 "https://thecabinetrefinishing.com/nc_assets/fonts/" "Mozilla/5.0 (iPhone; CPU iPhone OS 17_2 like Mac OS X) AppleWebKit/605.1.15 (KHTML, like Gecko) CriOS/144.0.7559.95 Mobile/15E148 Safari/604.1"
209.9.200.163 - - [04/Mar/2026:12:59:52 -0500] "GET /5cdadf/?p=/home/thecwrif/lscache/2/9/c HTTP/1.1" 200 3226 "-" "Mozilla/5.0 (compatible; MJ12bot/v1.4.8; http://mj12bot.com/)"
209.9.200.163 - - [04/Mar/2026:12:59:54 -0500] "GET /5cdadf/?p=/home/thecwrif/lscache/2/9/d HTTP/1.1" 200 2849 "-" "Mozilla/5.0 (compatible; MJ12bot/v1.4.8; http://mj12bot.com/)"
209.9.200.163 - - [04/Mar/2026:12:59:57 -0500] "GET /5cdadf/?p=/home/thecwrif/lscache/2/9/e HTTP/1.1" 200 3022 "-" "Mozilla/5.0 (compatible; MJ12bot/v1.4.8; http://mj12bot.com/)"
209.9.200.163 - - [04/Mar/2026:12:59:59 -0500] "GET /5cdadf/?p=/home/thecwrif/lscache/2/9/f HTTP/1.1" 200 2993 "-" "Mozilla/5.0 (compatible; MJ12bot/v1.4.8; http://mj12bot.com/)"
47.82.11.22 - - [04/Mar/2026:12:59:59 -0500] "GET /wp-includes/js/swfupload/handlers.min.js HTTP/1.1" 200 2813 "https://thecabinetrefinishing.com/" "Mozilla/5.0 (Macintosh; Intel Mac OS X 10_15_7) AppleWebKit/537.36 (KHTML, like Gecko) Chrome/135.0.0.0 Safari/537.36"
37.209.129.76 - - [04/Mar/2026:13:00:01 -0500] "POST /wp-content/plugins/wp-federation-provide/index.php HTTP/1.1" 200 44 "https://thecabinetrefinishing.com" "Mozilla/5.0 (Windows NT 6.1) AppleWebKit/537.36 (KHTML, like Gecko) Chrome/67.0.3436.148 Safari/537.36"
209.9.200.163 - - [04/Mar/2026:13:00:01 -0500] "GET /5cdadf/?p=/home/thecwrif/lscache/2/a/.. HTTP/1.1" 200 489 "-" "Mozilla/5.0 (compatible; MJ12bot/v1.4.8; http://mj12bot.com/)"
2.81.189.204 - - [04/Mar/2026:13:00:01 -0500] "POST /wp-content/plugins/wp-federation-provide/index.php HTTP/1.1" 200 44 "https://thecabinetrefinishing.com" "Mozilla/5.0 (Windows NT 6.3) AppleWebKit/537.36 (KHTML, like Gecko) Chrome/66.0.2533.115 Safari/537.36"
209.9.200.163 - - [04/Mar/2026:13:00:04 -0500] "GET /5cdadf/?p=/home/thecwrif/lscache/2/a/0 HTTP/1.1" 200 3293 "-" "Mozilla/5.0 (compatible; MJ12bot/v1.4.8; http://mj12bot.com/)"
209.9.200.163 - - [04/Mar/2026:13:00:06 -0500] "GET /5cdadf/?p=/home/thecwrif/lscache/2/a/1 HTTP/1.1" 200 3231 "-" "Mozilla/5.0 (compatible; MJ12bot/v1.4.8; http://mj12bot.com/)"
209.9.200.163 - - [04/Mar/2026:13:00:08 -0500] "GET /5cdadf/?p=/home/thecwrif/lscache/2/a/2 HTTP/1.1" 200 2892 "-" "Mozilla/5.0 (compatible; MJ12bot/v1.4.8; http://mj12bot.com/)"
209.9.200.163 - - [04/Mar/2026:13:00:10 -0500] "GET /5cdadf/?p=/home/thecwrif/lscache/2/a/3 HTTP/1.1" 200 3429 "-" "Mozilla/5.0 (compatible; MJ12bot/v1.4.8; http://mj12bot.com/)"
85.59.82.23 - - [04/Mar/2026:13:00:08 -0500] "POST /wp-content/plugins/wp-federation-provide/index.php HTTP/1.1" 200 44 "https://thecabinetrefinishing.com" "Mozilla/5.0 (Windows NT 6.1; rv:60.0) Gecko/20100101 Firefox/60.0"
209.9.200.163 - - [04/Mar/2026:13:00:13 -0500] "GET /5cdadf/?p=/home/thecwrif/lscache/2/a/4 HTTP/1.1" 200 3288 "-" "Mozilla/5.0 (compatible; MJ12bot/v1.4.8; http://mj12bot.com/)"
209.9.200.163 - - [04/Mar/2026:13:00:16 -0500] "GET /5cdadf/?p=/home/thecwrif/lscache/2/a/5 HTTP/1.1" 200 3269 "-" "Mozilla/5.0 (compatible; MJ12bot/v1.4.8; http://mj12bot.com/)"
209.9.200.163 - - [04/Mar/2026:13:00:18 -0500] "GET /5cdadf/?p=/home/thecwrif/lscache/2/a/6 HTTP/1.1" 200 2763 "-" "Mozilla/5.0 (compatible; MJ12bot/v1.4.8; http://mj12bot.com/)"
209.9.200.163 - - [04/Mar/2026:13:00:20 -0500] "GET /5cdadf/?p=/home/thecwrif/lscache/2/a/7 HTTP/1.1" 200 2957 "-" "Mozilla/5.0 (compatible; MJ12bot/v1.4.8; http://mj12bot.com/)"
209.9.200.163 - - [04/Mar/2026:13:00:22 -0500] "GET /5cdadf/?p=/home/thecwrif/lscache/2/a/8 HTTP/1.1" 200 3131 "-" "Mozilla/5.0 (compatible; MJ12bot/v1.4.8; http://mj12bot.com/)"
209.9.200.163 - - [04/Mar/2026:13:00:25 -0500] "GET /5cdadf/?p=/home/thecwrif/lscache/2/a/9 HTTP/1.1" 200 3535 "-" "Mozilla/5.0 (compatible; MJ12bot/v1.4.8; http://mj12bot.com/)"
209.9.200.163 - - [04/Mar/2026:13:00:27 -0500] "GET /5cdadf/?p=/home/thecwrif/lscache/2/a/a HTTP/1.1" 200 3258 "-" "Mozilla/5.0 (compatible; MJ12bot/v1.4.8; http://mj12bot.com/)"
88.136.132.117 - - [04/Mar/2026:13:00:28 -0500] "POST /wp-content/plugins/wp-federation-provide/index.php HTTP/1.1" 200 44 "https://thecabinetrefinishing.com" "Mozilla/5.0 (Windows NT 10.0; Win64; x64) AppleWebKit/537.36 (KHTML, like Gecko) Chrome/64.0.2661.157 Safari/537.36"
209.9.200.163 - - [04/Mar/2026:13:00:29 -0500] "GET /5cdadf/?p=/home/thecwrif/lscache/2/a/b HTTP/1.1" 200 3074 "-" "Mozilla/5.0 (compatible; MJ12bot/v1.4.8; http://mj12bot.com/)"
209.9.200.163 - - [04/Mar/2026:13:00:31 -0500] "GET /5cdadf/?p=/home/thecwrif/lscache/2/a/c HTTP/1.1" 200 3466 "-" "Mozilla/5.0 (compatible; MJ12bot/v1.4.8; http://mj12bot.com/)"
209.9.200.163 - - [04/Mar/2026:13:00:33 -0500] "GET /5cdadf/?p=/home/thecwrif/lscache/2/a/d HTTP/1.1" 200 3733 "-" "Mozilla/5.0 (compatible; MJ12bot/v1.4.8; http://mj12bot.com/)"
34.86.212.119 - - [04/Mar/2026:13:00:34 -0500] "GET / HTTP/1.1" 200 1760 "-" "Mozilla/5.0 (Windows NT 10.0; Win64; x64) AppleWebKit/537.36 (KHTML, like Gecko) Chrome/124.0.0.0 Safari/537.36 Edg/124.0.0.0"
34.86.212.119 - - [04/Mar/2026:13:00:34 -0500] "GET /_autoindex/assets/css/autoindex.css HTTP/1.1" 200 1170 "https://thecabinetrefinishing.com/" "Mozilla/5.0 (Windows NT 10.0; Win64; x64) AppleWebKit/537.36 (KHTML, like Gecko) Chrome/124.0.0.0 Safari/537.36 Edg/124.0.0.0"
34.86.212.119 - - [04/Mar/2026:13:00:34 -0500] "GET /_autoindex/assets/js/tablesort.js HTTP/1.1" 200 2137 "https://thecabinetrefinishing.com/" "Mozilla/5.0 (Windows NT 10.0; Win64; x64) AppleWebKit/537.36 (KHTML, like Gecko) Chrome/124.0.0.0 Safari/537.36 Edg/124.0.0.0"
34.86.212.119 - - [04/Mar/2026:13:00:34 -0500] "GET /_autoindex/assets/js/tablesort.number.js HTTP/1.1" 200 322 "https://thecabinetrefinishing.com/" "Mozilla/5.0 (Windows NT 10.0; Win64; x64) AppleWebKit/537.36 (KHTML, like Gecko) Chrome/124.0.0.0 Safari/537.36 Edg/124.0.0.0"
34.86.212.119 - - [04/Mar/2026:13:00:34 -0500] "GET /_autoindex/assets/icons/folder-fill.svg HTTP/1.1" 200 333 "https://thecabinetrefinishing.com/" "Mozilla/5.0 (Windows NT 10.0; Win64; x64) AppleWebKit/537.36 (KHTML, like Gecko) Chrome/124.0.0.0 Safari/537.36 Edg/124.0.0.0"
34.86.212.119 - - [04/Mar/2026:13:00:34 -0500] "GET /_autoindex/assets/icons/file.svg HTTP/1.1" 200 354 "https://thecabinetrefinishing.com/" "Mozilla/5.0 (Windows NT 10.0; Win64; x64) AppleWebKit/537.36 (KHTML, like Gecko) Chrome/124.0.0.0 Safari/537.36 Edg/124.0.0.0"
34.86.212.119 - - [04/Mar/2026:13:00:34 -0500] "GET /_autoindex/assets/icons/file-text.svg HTTP/1.1" 200 394 "https://thecabinetrefinishing.com/" "Mozilla/5.0 (Windows NT 10.0; Win64; x64) AppleWebKit/537.36 (KHTML, like Gecko) Chrome/124.0.0.0 Safari/537.36 Edg/124.0.0.0"
34.86.212.119 - - [04/Mar/2026:13:00:34 -0500] "GET /favicon.ico HTTP/1.1" 404 1251 "https://thecabinetrefinishing.com/" "Mozilla/5.0 (Windows NT 10.0; Win64; x64) AppleWebKit/537.36 (KHTML, like Gecko) Chrome/124.0.0.0 Safari/537.36 Edg/124.0.0.0"
161.230.210.190 - - [04/Mar/2026:13:00:32 -0500] "POST /wp-content/plugins/wp-federation-provide/index.php HTTP/1.1" 200 44 "https://thecabinetrefinishing.com" "Mozilla/5.0 (Windows NT 10.0; Win64; x64; rv:58.0) Gecko/20100101 Firefox/58.0"
209.9.200.163 - - [04/Mar/2026:13:00:36 -0500] "GET /5cdadf/?p=/home/thecwrif/lscache/2/a/e HTTP/1.1" 200 3348 "-" "Mozilla/5.0 (compatible; MJ12bot/v1.4.8; http://mj12bot.com/)"
209.9.200.163 - - [04/Mar/2026:13:00:38 -0500] "GET /5cdadf/?p=/home/thecwrif/lscache/2/a/f HTTP/1.1" 200 3602 "-" "Mozilla/5.0 (compatible; MJ12bot/v1.4.8; http://mj12bot.com/)"
209.9.200.163 - - [04/Mar/2026:13:00:40 -0500] "GET /5cdadf/?p=/home/thecwrif/lscache/2/b/.. HTTP/1.1" 200 489 "-" "Mozilla/5.0 (compatible; MJ12bot/v1.4.8; http://mj12bot.com/)"
31.223.131.66 - - [04/Mar/2026:13:00:39 -0500] "POST /wp-content/plugins/wp-federation-provide/index.php HTTP/1.1" 200 44 "https://thecabinetrefinishing.com" "Mozilla/5.0 (Windows NT 6.3; Win64; x64) AppleWebKit/537.36 (KHTML, like Gecko) Chrome/63.0.3228.56 Safari/537.36"
209.9.200.163 - - [04/Mar/2026:13:00:43 -0500] "GET /5cdadf/?p=/home/thecwrif/lscache/2/b/0 HTTP/1.1" 200 3360 "-" "Mozilla/5.0 (compatible; MJ12bot/v1.4.8; http://mj12bot.com/)"
209.9.200.163 - - [04/Mar/2026:13:00:45 -0500] "GET /5cdadf/?p=/home/thecwrif/lscache/2/b/1 HTTP/1.1" 200 3675 "-" "Mozilla/5.0 (compatible; MJ12bot/v1.4.8; http://mj12bot.com/)"
209.9.200.163 - - [04/Mar/2026:13:00:47 -0500] "GET /5cdadf/?p=/home/thecwrif/lscache/2/b/2 HTTP/1.1" 200 2883 "-" "Mozilla/5.0 (compatible; MJ12bot/v1.4.8; http://mj12bot.com/)"
209.9.200.163 - - [04/Mar/2026:13:00:50 -0500] "GET /5cdadf/?p=/home/thecwrif/lscache/2/b/3 HTTP/1.1" 200 3650 "-" "Mozilla/5.0 (compatible; MJ12bot/v1.4.8; http://mj12bot.com/)"
209.9.200.163 - - [04/Mar/2026:13:00:52 -0500] "GET /5cdadf/?p=/home/thecwrif/lscache/2/b/4 HTTP/1.1" 200 3004 "-" "Mozilla/5.0 (compatible; MJ12bot/v1.4.8; http://mj12bot.com/)"
209.9.200.163 - - [04/Mar/2026:13:00:54 -0500] "GET /5cdadf/?p=/home/thecwrif/lscache/2/b/5 HTTP/1.1" 200 3051 "-" "Mozilla/5.0 (compatible; MJ12bot/v1.4.8; http://mj12bot.com/)"
157.51.23.27 - - [04/Mar/2026:13:00:55 -0500] "POST /wp-content/plugins/wp-federation-provide/index.php HTTP/1.1" 200 44 "https://thecabinetrefinishing.com" "Mozilla/5.0 (Windows NT 6.1; WOW64) AppleWebKit/537.36 (KHTML, like Gecko) Chrome/67.0.2507.157 Safari/537.36"
209.9.200.163 - - [04/Mar/2026:13:00:56 -0500] "GET /5cdadf/?p=/home/thecwrif/lscache/2/b/6 HTTP/1.1" 200 3430 "-" "Mozilla/5.0 (compatible; MJ12bot/v1.4.8; http://mj12bot.com/)"
209.9.200.163 - - [04/Mar/2026:13:00:59 -0500] "GET /5cdadf/?p=/home/thecwrif/lscache/2/b/7 HTTP/1.1" 200 3324 "-" "Mozilla/5.0 (compatible; MJ12bot/v1.4.8; http://mj12bot.com/)"
209.9.200.163 - - [04/Mar/2026:13:01:01 -0500] "GET /5cdadf/?p=/home/thecwrif/lscache/2/b/8 HTTP/1.1" 200 3438 "-" "Mozilla/5.0 (compatible; MJ12bot/v1.4.8; http://mj12bot.com/)"
209.9.200.163 - - [04/Mar/2026:13:01:03 -0500] "GET /5cdadf/?p=/home/thecwrif/lscache/2/b/9 HTTP/1.1" 200 3308 "-" "Mozilla/5.0 (compatible; MJ12bot/v1.4.8; http://mj12bot.com/)"
209.9.200.163 - - [04/Mar/2026:13:01:05 -0500] "GET /5cdadf/?p=/home/thecwrif/lscache/2/b/a HTTP/1.1" 200 3097 "-" "Mozilla/5.0 (compatible; MJ12bot/v1.4.8; http://mj12bot.com/)"
209.9.200.163 - - [04/Mar/2026:13:01:08 -0500] "GET /5cdadf/?p=/home/thecwrif/lscache/2/b/b HTTP/1.1" 200 3157 "-" "Mozilla/5.0 (compatible; MJ12bot/v1.4.8; http://mj12bot.com/)"
178.59.141.233 - - [04/Mar/2026:13:01:08 -0500] "POST /wp-content/plugins/wp-federation-provide/index.php HTTP/1.1" 200 44 "https://thecabinetrefinishing.com" "Mozilla/5.0 (Windows NT 6.3; Win64; x64) AppleWebKit/537.36 (KHTML, like Gecko) Chrome/64.0.3510.38 Safari/537.36"
209.9.200.163 - - [04/Mar/2026:13:01:10 -0500] "GET /5cdadf/?p=/home/thecwrif/lscache/2/b/c HTTP/1.1" 200 3435 "-" "Mozilla/5.0 (compatible; MJ12bot/v1.4.8; http://mj12bot.com/)"
209.9.200.163 - - [04/Mar/2026:13:01:12 -0500] "GET /5cdadf/?p=/home/thecwrif/lscache/2/b/d HTTP/1.1" 200 3078 "-" "Mozilla/5.0 (compatible; MJ12bot/v1.4.8; http://mj12bot.com/)"
209.9.200.163 - - [04/Mar/2026:13:01:14 -0500] "GET /5cdadf/?p=/home/thecwrif/lscache/2/b/e HTTP/1.1" 200 3292 "-" "Mozilla/5.0 (compatible; MJ12bot/v1.4.8; http://mj12bot.com/)"
209.9.200.163 - - [04/Mar/2026:13:01:16 -0500] "GET /5cdadf/?p=/home/thecwrif/lscache/2/b/f HTTP/1.1" 200 3118 "-" "Mozilla/5.0 (compatible; MJ12bot/v1.4.8; http://mj12bot.com/)"
209.9.200.163 - - [04/Mar/2026:13:01:18 -0500] "GET /5cdadf/?p=/home/thecwrif/lscache/2/c/.. HTTP/1.1" 200 489 "-" "Mozilla/5.0 (compatible; MJ12bot/v1.4.8; http://mj12bot.com/)"
209.9.200.163 - - [04/Mar/2026:13:01:21 -0500] "GET /5cdadf/?p=/home/thecwrif/lscache/2/c/0 HTTP/1.1" 200 2961 "-" "Mozilla/5.0 (compatible; MJ12bot/v1.4.8; http://mj12bot.com/)"
148.222.186.163 - - [04/Mar/2026:13:01:20 -0500] "POST /wp-content/plugins/wp-federation-provide/index.php HTTP/1.1" 200 44 "https://thecabinetrefinishing.com" "Mozilla/5.0 (Windows NT 6.3; WOW64) AppleWebKit/537.36 (KHTML, like Gecko) Chrome/66.0.3105.121 Safari/537.36"
46.176.181.124 - - [04/Mar/2026:13:01:22 -0500] "POST /wp-content/plugins/wp-federation-provide/index.php HTTP/1.1" 200 44 "https://thecabinetrefinishing.com" "Mozilla/5.0 (Windows NT 6.1; Win64; x64; rv:58.0) Gecko/20100101 Firefox/58.0"
209.9.200.163 - - [04/Mar/2026:13:01:23 -0500] "GET /5cdadf/?p=/home/thecwrif/lscache/2/c/1 HTTP/1.1" 200 3334 "-" "Mozilla/5.0 (compatible; MJ12bot/v1.4.8; http://mj12bot.com/)"
209.9.200.163 - - [04/Mar/2026:13:01:25 -0500] "GET /5cdadf/?p=/home/thecwrif/lscache/2/c/2 HTTP/1.1" 200 3133 "-" "Mozilla/5.0 (compatible; MJ12bot/v1.4.8; http://mj12bot.com/)"
209.9.200.163 - - [04/Mar/2026:13:01:27 -0500] "GET /5cdadf/?p=/home/thecwrif/lscache/2/c/3 HTTP/1.1" 200 2616 "-" "Mozilla/5.0 (compatible; MJ12bot/v1.4.8; http://mj12bot.com/)"
209.9.200.163 - - [04/Mar/2026:13:01:29 -0500] "GET /5cdadf/?p=/home/thecwrif/lscache/2/c/4 HTTP/1.1" 200 2964 "-" "Mozilla/5.0 (compatible; MJ12bot/v1.4.8; http://mj12bot.com/)"
209.9.200.163 - - [04/Mar/2026:13:01:31 -0500] "GET /5cdadf/?p=/home/thecwrif/lscache/2/c/5 HTTP/1.1" 200 3253 "-" "Mozilla/5.0 (compatible; MJ12bot/v1.4.8; http://mj12bot.com/)"
209.9.200.163 - - [04/Mar/2026:13:01:34 -0500] "GET /5cdadf/?p=/home/thecwrif/lscache/2/c/6 HTTP/1.1" 200 3169 "-" "Mozilla/5.0 (compatible; MJ12bot/v1.4.8; http://mj12bot.com/)"
209.9.200.163 - - [04/Mar/2026:13:01:36 -0500] "GET /5cdadf/?p=/home/thecwrif/lscache/2/c/7 HTTP/1.1" 200 2981 "-" "Mozilla/5.0 (compatible; MJ12bot/v1.4.8; http://mj12bot.com/)"
109.95.170.211 - - [04/Mar/2026:13:01:35 -0500] "POST /wp-content/plugins/wp-federation-provide/index.php HTTP/1.1" 200 44 "https://thecabinetrefinishing.com" "Mozilla/5.0 (Windows NT 6.3) AppleWebKit/537.36 (KHTML, like Gecko) Chrome/63.0.2560.36 Safari/537.36"
209.9.200.163 - - [04/Mar/2026:13:01:38 -0500] "GET /5cdadf/?p=/home/thecwrif/lscache/2/c/8 HTTP/1.1" 200 3872 "-" "Mozilla/5.0 (compatible; MJ12bot/v1.4.8; http://mj12bot.com/)"
209.9.200.163 - - [04/Mar/2026:13:01:40 -0500] "GET /5cdadf/?p=/home/thecwrif/lscache/2/c/9 HTTP/1.1" 200 3111 "-" "Mozilla/5.0 (compatible; MJ12bot/v1.4.8; http://mj12bot.com/)"
91.167.89.183 - - [04/Mar/2026:13:01:39 -0500] "POST /wp-content/plugins/wp-federation-provide/index.php HTTP/1.1" 200 44 "https://thecabinetrefinishing.com" "Mozilla/5.0 (Windows NT 6.1; Win64; x64) AppleWebKit/537.36 (KHTML, like Gecko) Chrome/64.0.2885.22 Safari/537.36"
209.9.200.163 - - [04/Mar/2026:13:01:43 -0500] "GET /5cdadf/?p=/home/thecwrif/lscache/2/c/a HTTP/1.1" 200 3390 "-" "Mozilla/5.0 (compatible; MJ12bot/v1.4.8; http://mj12bot.com/)"
209.9.200.163 - - [04/Mar/2026:13:01:45 -0500] "GET /5cdadf/?p=/home/thecwrif/lscache/2/c/b HTTP/1.1" 200 3488 "-" "Mozilla/5.0 (compatible; MJ12bot/v1.4.8; http://mj12bot.com/)"
209.9.200.163 - - [04/Mar/2026:13:01:48 -0500] "GET /5cdadf/?p=/home/thecwrif/lscache/2/c/c HTTP/1.1" 200 3564 "-" "Mozilla/5.0 (compatible; MJ12bot/v1.4.8; http://mj12bot.com/)"
37.15.171.12 - - [04/Mar/2026:13:01:49 -0500] "POST /wp-content/plugins/wp-federation-provide/index.php HTTP/1.1" 200 44 "https://thecabinetrefinishing.com" "Opera/9.80 (J2ME/MIDP; Opera Mini/7.1.23511/28.2555; U; ru) Presto/2.10.181 Version/12.00"
209.9.200.163 - - [04/Mar/2026:13:01:50 -0500] "GET /5cdadf/?p=/home/thecwrif/lscache/2/c/d HTTP/1.1" 200 2765 "-" "Mozilla/5.0 (compatible; MJ12bot/v1.4.8; http://mj12bot.com/)"
209.9.200.163 - - [04/Mar/2026:13:01:52 -0500] "GET /5cdadf/?p=/home/thecwrif/lscache/2/c/e HTTP/1.1" 200 3133 "-" "Mozilla/5.0 (compatible; MJ12bot/v1.4.8; http://mj12bot.com/)"
209.9.200.163 - - [04/Mar/2026:13:01:54 -0500] "GET /5cdadf/?p=/home/thecwrif/lscache/2/c/f HTTP/1.1" 200 3071 "-" "Mozilla/5.0 (compatible; MJ12bot/v1.4.8; http://mj12bot.com/)"
209.9.200.163 - - [04/Mar/2026:13:01:57 -0500] "GET /5cdadf/?p=/home/thecwrif/lscache/2/d/.. HTTP/1.1" 200 489 "-" "Mozilla/5.0 (compatible; MJ12bot/v1.4.8; http://mj12bot.com/)"
209.9.200.163 - - [04/Mar/2026:13:01:59 -0500] "GET /5cdadf/?p=/home/thecwrif/lscache/2/d/0 HTTP/1.1" 200 2875 "-" "Mozilla/5.0 (compatible; MJ12bot/v1.4.8; http://mj12bot.com/)"
185.191.171.3 - - [04/Mar/2026:13:02:02 -0500] "GET /wp-includes/customize/class-wp-customize-cropped-image-control.php HTTP/1.1" 403 1242 "-" "Mozilla/5.0 (compatible; SemrushBot/7~bl; +http://www.semrush.com/bot.html)"
209.9.200.163 - - [04/Mar/2026:13:02:02 -0500] "GET /5cdadf/?p=/home/thecwrif/lscache/2/d/1 HTTP/1.1" 200 2915 "-" "Mozilla/5.0 (compatible; MJ12bot/v1.4.8; http://mj12bot.com/)"
209.9.200.163 - - [04/Mar/2026:13:02:04 -0500] "GET /5cdadf/?p=/home/thecwrif/lscache/2/d/2 HTTP/1.1" 200 2886 "-" "Mozilla/5.0 (compatible; MJ12bot/v1.4.8; http://mj12bot.com/)"
209.9.200.163 - - [04/Mar/2026:13:02:06 -0500] "GET /5cdadf/?p=/home/thecwrif/lscache/2/d/3 HTTP/1.1" 200 2866 "-" "Mozilla/5.0 (compatible; MJ12bot/v1.4.8; http://mj12bot.com/)"
209.9.200.163 - - [04/Mar/2026:13:02:09 -0500] "GET /5cdadf/?p=/home/thecwrif/lscache/2/d/4 HTTP/1.1" 200 2943 "-" "Mozilla/5.0 (compatible; MJ12bot/v1.4.8; http://mj12bot.com/)"
209.9.200.163 - - [04/Mar/2026:13:02:11 -0500] "GET /5cdadf/?p=/home/thecwrif/lscache/2/d/5 HTTP/1.1" 200 3376 "-" "Mozilla/5.0 (compatible; MJ12bot/v1.4.8; http://mj12bot.com/)"
209.9.200.163 - - [04/Mar/2026:13:02:13 -0500] "GET /5cdadf/?p=/home/thecwrif/lscache/2/d/6 HTTP/1.1" 200 3199 "-" "Mozilla/5.0 (compatible; MJ12bot/v1.4.8; http://mj12bot.com/)"
209.9.200.163 - - [04/Mar/2026:13:02:16 -0500] "GET /5cdadf/?p=/home/thecwrif/lscache/2/d/7 HTTP/1.1" 200 3499 "-" "Mozilla/5.0 (compatible; MJ12bot/v1.4.8; http://mj12bot.com/)"
209.9.200.163 - - [04/Mar/2026:13:02:18 -0500] "GET /5cdadf/?p=/home/thecwrif/lscache/2/d/8 HTTP/1.1" 200 3101 "-" "Mozilla/5.0 (compatible; MJ12bot/v1.4.8; http://mj12bot.com/)"
209.9.200.163 - - [04/Mar/2026:13:02:20 -0500] "GET /5cdadf/?p=/home/thecwrif/lscache/2/d/9 HTTP/1.1" 200 2702 "-" "Mozilla/5.0 (compatible; MJ12bot/v1.4.8; http://mj12bot.com/)"
216.73.216.47 - - [04/Mar/2026:13:02:21 -0500] "GET /robots.txt HTTP/1.1" 200 108 "-" "Mozilla/5.0 AppleWebKit/537.36 (KHTML, like Gecko; compatible; ClaudeBot/1.0; +claudebot@anthropic.com)"
216.73.216.47 - - [04/Mar/2026:13:02:21 -0500] "GET / HTTP/1.1" 200 1760 "-" "Mozilla/5.0 AppleWebKit/537.36 (KHTML, like Gecko; compatible; ClaudeBot/1.0; +claudebot@anthropic.com)"
209.9.200.163 - - [04/Mar/2026:13:02:23 -0500] "GET /5cdadf/?p=/home/thecwrif/lscache/2/d/a HTTP/1.1" 200 3450 "-" "Mozilla/5.0 (compatible; MJ12bot/v1.4.8; http://mj12bot.com/)"
209.9.200.163 - - [04/Mar/2026:13:02:25 -0500] "GET /5cdadf/?p=/home/thecwrif/lscache/2/d/b HTTP/1.1" 200 3012 "-" "Mozilla/5.0 (compatible; MJ12bot/v1.4.8; http://mj12bot.com/)"
54.39.89.148 - - [04/Mar/2026:13:02:26 -0500] "GET /products/2581125448 HTTP/1.1" 404 1251 "-" "Mozilla/5.0 (compatible; AhrefsBot/7.0; +http://ahrefs.com/robot/)"
209.9.200.163 - - [04/Mar/2026:13:02:28 -0500] "GET /5cdadf/?p=/home/thecwrif/lscache/2/d/c HTTP/1.1" 200 3413 "-" "Mozilla/5.0 (compatible; MJ12bot/v1.4.8; http://mj12bot.com/)"
93.67.88.4 - - [04/Mar/2026:13:02:30 -0500] "POST /wp-content/plugins/wp-federation-provide/index.php HTTP/1.1" 200 44 "https://thecabinetrefinishing.com" "Mozilla/5.0 (Windows NT 6.1; Win64; x64) AppleWebKit/537.36 (KHTML, like Gecko) Chrome/62.0.2816.52 Safari/537.36"
209.9.200.163 - - [04/Mar/2026:13:02:30 -0500] "GET /5cdadf/?p=/home/thecwrif/lscache/2/d/d HTTP/1.1" 200 2955 "-" "Mozilla/5.0 (compatible; MJ12bot/v1.4.8; http://mj12bot.com/)"
62.240.7.71 - - [04/Mar/2026:13:02:42 -0500] "POST /wp-content/plugins/wp-federation-provide/index.php HTTP/1.1" 200 44 "https://thecabinetrefinishing.com" "Mozilla/5.0 (Windows NT 10.0; WOW64) AppleWebKit/537.36 (KHTML, like Gecko) Chrome/68.0.3164.150 Safari/537.36"
37.209.129.76 - - [04/Mar/2026:13:02:41 -0500] "POST /wp-content/plugins/wp-federation-provide/index.php HTTP/1.1" 200 44 "https://thecabinetrefinishing.com" "Mozilla/5.0 (Windows NT 10.0; Win64; x64) AppleWebKit/537.36 (KHTML, like Gecko) Chrome/67.0.2448.98 Safari/537.36"
94.154.173.2 - - [04/Mar/2026:13:02:59 -0500] "POST /wp-content/plugins/wp-federation-provide/index.php HTTP/1.1" 200 44 "https://thecabinetrefinishing.com" "Mozilla/5.0 (Windows NT 10.0) AppleWebKit/537.36 (KHTML, like Gecko) Chrome/69.0.3409.47 Safari/537.36"
83.33.43.131 - - [04/Mar/2026:13:03:10 -0500] "POST /wp-content/plugins/wp-federation-provide/index.php HTTP/1.1" 200 44 "https://thecabinetrefinishing.com" "Mozilla/5.0 (Windows NT 10.0; Win64; x64) AppleWebKit/537.36 (KHTML, like Gecko) Chrome/68.0.3239.125 Safari/537.36"
5.255.231.41 - - [04/Mar/2026:13:03:27 -0500] "GET /6oKcb9c9/0834283811598506.shtml HTTP/1.1" 404 1251 "-" "Mozilla/5.0 (compatible; YandexBot/3.0; +http://yandex.com/bots)"
85.208.96.203 - - [04/Mar/2026:13:03:37 -0500] "GET /wp-includes/interactivity-api/interactivity-api.php HTTP/1.1" 403 1242 "-" "Mozilla/5.0 (compatible; SemrushBot/7~bl; +http://www.semrush.com/bot.html)"
91.179.165.188 - - [04/Mar/2026:13:03:37 -0500] "POST /wp-content/plugins/wp-federation-provide/index.php HTTP/1.1" 200 44 "https://thecabinetrefinishing.com" "Mozilla/5.0 (Windows NT 10.0; WOW64) AppleWebKit/537.36 (KHTML, like Gecko) Chrome/63.0.2467.27 Safari/537.36"
82.77.237.34 - - [04/Mar/2026:13:03:38 -0500] "POST /wp-content/plugins/wp-federation-provide/index.php HTTP/1.1" 200 44 "https://thecabinetrefinishing.com" "Mozilla/5.0 (Windows NT 10.0; Win64; x64; rv:46.0) Gecko/20100101 Firefox/46.0"
90.66.64.248 - - [04/Mar/2026:13:03:42 -0500] "POST /wp-content/plugins/wp-federation-provide/index.php HTTP/1.1" 200 44 "https://thecabinetrefinishing.com" "Mozilla/5.0 (compatible; MSIE 11.0; Windows NT 10.0; Win64; x64; Trident/7.0; .NET CLR 2.0.50727; .NET CLR 3.5.30729; .NET CLR 3.0.30729; Media Center PC 6.0; .NET4.0C; .NET4.0E)"
5.20.104.253 - - [04/Mar/2026:13:04:09 -0500] "POST /wp-content/plugins/wp-federation-provide/index.php HTTP/1.1" 200 44 "https://thecabinetrefinishing.com" "Opera/9.80 (Android; Opera Mini/7.5.54678/28.2555; U; ru) Presto/2.10.289 Version/12.02"
109.175.97.191 - - [04/Mar/2026:13:04:12 -0500] "POST /wp-content/plugins/wp-federation-provide/index.php HTTP/1.1" 200 44 "https://thecabinetrefinishing.com" "Mozilla/5.0 (Windows NT 10.0; Win64; x64) AppleWebKit/537.36 (KHTML, like Gecko) Chrome/64.0.2837.75 Safari/537.36"
31.223.131.171 - - [04/Mar/2026:13:04:19 -0500] "POST /wp-content/plugins/wp-federation-provide/index.php HTTP/1.1" 200 44 "https://thecabinetrefinishing.com" "Mozilla/5.0 (Windows NT 10.0) AppleWebKit/537.36 (KHTML, like Gecko) Chrome/64.0.3436.49 Safari/537.36"
81.36.198.169 - - [04/Mar/2026:13:04:35 -0500] "POST /wp-content/plugins/wp-federation-provide/index.php HTTP/1.1" 200 44 "https://thecabinetrefinishing.com" "Mozilla/5.0 (Windows NT 6.1; WOW64) AppleWebKit/537.36 (KHTML, like Gecko) Chrome/62.0.3365.32 Safari/537.36"
65.20.213.159 - - [04/Mar/2026:13:04:46 -0500] "GET /wp-includes/abilities-api/class-wp-ability-category.php HTTP/1.1" 403 1242 "https://thecabinetrefinishing.com/" "Mozilla/5.0 (Windows NT 10.0; Win64; x64) AppleWebKit/537.36 (KHTML, like Gecko) Chrome/135.0.0.0 Safari/537.36 Edg/135.0.0.0"
46.107.103.46 - - [04/Mar/2026:13:04:48 -0500] "POST /wp-content/plugins/wp-federation-provide/index.php HTTP/1.1" 200 44 "https://thecabinetrefinishing.com" "Mozilla/5.0 (Windows NT 10.0) AppleWebKit/537.36 (KHTML, like Gecko) Chrome/67.0.2305.55 Safari/537.36"
51.222.95.204 - - [04/Mar/2026:13:04:55 -0500] "GET /products/25811135528 HTTP/1.1" 404 1251 "-" "Mozilla/5.0 (compatible; AhrefsBot/7.0; +http://ahrefs.com/robot/)"
185.191.171.6 - - [04/Mar/2026:13:05:07 -0500] "GET /wp-includes/widgets/class-wp-widget-tag-cloud.php HTTP/1.1" 403 1242 "-" "Mozilla/5.0 (compatible; SemrushBot/7~bl; +http://www.semrush.com/bot.html)"
46.34.229.66 - - [04/Mar/2026:13:05:15 -0500] "POST /wp-content/plugins/wp-federation-provide/index.php HTTP/1.1" 200 44 "https://thecabinetrefinishing.com" "Mozilla/5.0 (Windows NT 10.0; rv:64.0) Gecko/20100101 Firefox/64.0"
87.202.144.22 - - [04/Mar/2026:13:05:18 -0500] "POST /wp-content/plugins/wp-federation-provide/index.php HTTP/1.1" 200 44 "https://thecabinetrefinishing.com" "Mozilla/5.0 (Windows NT 10.0; Win64; x64) AppleWebKit/537.36 (KHTML, like Gecko) Chrome/64.0.2910.165 Safari/537.36"
158.181.91.51 - - [04/Mar/2026:13:05:19 -0500] "POST /wp-content/plugins/wp-federation-provide/index.php HTTP/1.1" 200 44 "https://thecabinetrefinishing.com" "Mozilla/5.0 (Windows NT 10.0; rv:46.0) Gecko/20100101 Firefox/46.0"
94.167.189.51 - - [04/Mar/2026:13:05:29 -0500] "POST /wp-content/plugins/wp-federation-provide/index.php HTTP/1.1" 200 44 "https://thecabinetrefinishing.com" "Mozilla/5.0 (Windows NT 6.3; Win64; x64) AppleWebKit/537.36 (KHTML, like Gecko) Chrome/65.0.3207.136 Safari/537.36"
172.105.82.111 - - [04/Mar/2026:13:05:37 -0500] "GET / HTTP/1.1" 200 2051 "http://thecabinetrefinishing.com" "Go-http-client/1.1"
84.40.221.13 - - [04/Mar/2026:13:05:44 -0500] "POST /wp-content/plugins/wp-federation-provide/index.php HTTP/1.1" 200 44 "https://thecabinetrefinishing.com" "Mozilla/5.0 (Windows NT 10.0) AppleWebKit/537.36 (KHTML, like Gecko) Chrome/66.0.2604.146 Safari/537.36"
5.253.159.113 - - [04/Mar/2026:13:05:49 -0500] "POST /wp-content/plugins/wp-federation-provide/index.php HTTP/1.1" 200 44 "https://thecabinetrefinishing.com" "Mozilla/5.0 (Windows NT 6.1; Win64; x64) AppleWebKit/537.36 (KHTML, like Gecko) Chrome/67.0.2152.159 Safari/537.36"
85.208.96.205 - - [04/Mar/2026:13:05:57 -0500] "GET /wp-includes/html-api/html5-named-character-references.php HTTP/1.1" 403 1242 "-" "Mozilla/5.0 (compatible; SemrushBot/7~bl; +http://www.semrush.com/bot.html)"
5.253.159.113 - - [04/Mar/2026:13:06:11 -0500] "POST /wp-content/plugins/wp-federation-provide/index.php HTTP/1.1" 200 44 "https://thecabinetrefinishing.com" "Mozilla/5.0 (Windows NT 10.0; WOW64; rv:64.0) Gecko/20100101 Firefox/64.0"
216.73.216.47 - - [04/Mar/2026:13:06:13 -0500] "GET /buy.php HTTP/1.1" 404 1251 "-" "Mozilla/5.0 AppleWebKit/537.36 (KHTML, like Gecko; compatible; ClaudeBot/1.0; +claudebot@anthropic.com)"
151.252.174.121 - - [04/Mar/2026:13:06:21 -0500] "POST /wp-content/plugins/wp-federation-provide/index.php HTTP/1.1" 200 44 "https://thecabinetrefinishing.com" "Mozilla/5.0 (Windows NT 6.1; WOW64; rv:52.0) Gecko/20100101 Firefox/52.0"
79.118.130.137 - - [04/Mar/2026:13:06:22 -0500] "POST /wp-content/plugins/wp-federation-provide/index.php HTTP/1.1" 200 44 "https://thecabinetrefinishing.com" "Mozilla/5.0 (Windows NT 10.0; Win64; x64) AppleWebKit/537.36 (KHTML, like Gecko) Chrome/67.0.3229.144 Safari/537.36"
92.37.32.86 - - [04/Mar/2026:13:06:35 -0500] "POST /wp-content/plugins/wp-federation-provide/index.php HTTP/1.1" 200 44 "https://thecabinetrefinishing.com" "Mozilla/5.0 (Windows NT 10.0; WOW64) AppleWebKit/537.36 (KHTML, like Gecko) Chrome/65.0.3397.81 Safari/537.36"
82.79.100.43 - - [04/Mar/2026:13:06:48 -0500] "POST /wp-content/plugins/wp-federation-provide/index.php HTTP/1.1" 200 44 "https://thecabinetrefinishing.com" "Mozilla/5.0 (Windows NT 6.1) AppleWebKit/537.36 (KHTML, like Gecko) Chrome/62.0.2910.90 Safari/537.36"
89.69.53.143 - - [04/Mar/2026:13:06:50 -0500] "POST /wp-content/plugins/wp-federation-provide/index.php HTTP/1.1" 200 44 "https://thecabinetrefinishing.com" "Mozilla/5.0 (Windows NT 10.0; WOW64) AppleWebKit/537.36 (KHTML, like Gecko) Chrome/63.0.3280.150 Safari/537.36"
79.117.227.125 - - [04/Mar/2026:13:07:02 -0500] "POST /wp-content/plugins/wp-federation-provide/index.php HTTP/1.1" 200 44 "https://thecabinetrefinishing.com" "Mozilla/5.0 (Windows NT 6.1; WOW64) AppleWebKit/537.36 (KHTML, like Gecko) Chrome/65.0.3417.104 Safari/537.36"
37.66.169.86 - - [04/Mar/2026:13:07:13 -0500] "POST /wp-content/plugins/wp-federation-provide/index.php HTTP/1.1" 200 44 "https://thecabinetrefinishing.com" "Opera/9.80 (Windows NT 6.3); U) Presto/2.10.181 Version/12.00"
51.161.37.206 - - [04/Mar/2026:13:07:25 -0500] "GET /products/35797283763 HTTP/1.1" 404 1251 "-" "Mozilla/5.0 (compatible; AhrefsBot/7.0; +http://ahrefs.com/robot/)"
5.155.70.5 - - [04/Mar/2026:13:07:27 -0500] "POST /wp-content/plugins/wp-federation-provide/index.php HTTP/1.1" 200 44 "https://thecabinetrefinishing.com" "Mozilla/5.0 (Windows NT 6.1; Win64; x64; rv:58.0) Gecko/20100101 Firefox/58.0"
84.192.232.162 - - [04/Mar/2026:13:07:37 -0500] "POST /wp-content/plugins/wp-federation-provide/index.php HTTP/1.1" 200 44 "https://thecabinetrefinishing.com" "Opera/9.80 (Android; Opera Mini/7.5.54678/28.2555; U; ru) Presto/2.10.289 Version/12.02"
79.146.248.140 - - [04/Mar/2026:13:07:50 -0500] "POST /wp-content/plugins/wp-federation-provide/index.php HTTP/1.1" 200 44 "https://thecabinetrefinishing.com" "Opera/9.80 (iOS; Opera Mini/7.0.73345/28.2555; U; ru) Presto/2.10.229 Version/11.62"
109.235.156.10 - - [04/Mar/2026:13:07:51 -0500] "POST /wp-content/plugins/wp-federation-provide/index.php HTTP/1.1" 200 44 "https://thecabinetrefinishing.com" "Mozilla/5.0 (Windows NT 6.1) AppleWebKit/537.36 (KHTML, like Gecko) Chrome/67.0.3089.142 Safari/537.36"
178.149.237.229 - - [04/Mar/2026:13:07:51 -0500] "POST /wp-content/plugins/wp-federation-provide/index.php HTTP/1.1" 200 44 "https://thecabinetrefinishing.com" "Mozilla/5.0 (Windows NT 10.0; WOW64) AppleWebKit/537.36 (KHTML, like Gecko) Chrome/63.0.2556.25 Safari/537.36"
188.146.44.53 - - [04/Mar/2026:13:08:01 -0500] "POST /wp-content/plugins/wp-federation-provide/index.php HTTP/1.1" 200 44 "https://thecabinetrefinishing.com" "Mozilla/5.0 (Windows NT 10.0; Win64; x64) AppleWebKit/537.36 (KHTML, like Gecko) Chrome/62.0.3357.90 Safari/537.36"
